-- Table structure for table `wp_icl_locale_map`
--

CREATE TABLE `wp_icl_locale_map` (
  `code` varchar(7) NOT NULL,
  `locale` varchar(8) NOT NULL
) ENGINE=InnoDB DEFAULT CHARSET=utf8;

--
-- Dumping data for table `wp_icl_locale_map`
--

INSERT INTO `wp_icl_locale_map` (`code`, `locale`) VALUES
('en', 'en_US'),
('pt-pt', 'pt_PT');

-- --------------------------------------------------------

--
-- Table structure for table `wp_icl_message_status`
--

CREATE TABLE `wp_icl_message_status` (
  `id` bigint(20) UNSIGNED NOT NULL,
  `rid` bigint(20) UNSIGNED NOT NULL,
  `object_id` bigint(20) UNSIGNED NOT NULL,
  `from_language` varchar(10) NOT NULL,
  `to_language` varchar(10) NOT NULL,
  `timestamp` timestamp NOT NULL DEFAULT CURRENT_TIMESTAMP,
  `md5` varchar(32) NOT NULL,
  `object_type` varchar(64) NOT NULL,
  `status` smallint(6) NOT NULL
) ENGINE=InnoDB DEFAULT CHARSET=utf8;

-- --------------------------------------------------------

--
-- Table structure for table `wp_icl_node`
--

CREATE TABLE `wp_icl_node` (
  `nid` bigint(20) NOT NULL,
  `md5` varchar(32) NOT NULL,
  `links_fixed` tinyint(4) NOT NULL DEFAULT '0'
) ENGINE=InnoDB DEFAULT CHARSET=utf8;

-- --------------------------------------------------------

--
-- Table structure for table `wp_icl_reminders`
--

CREATE TABLE `wp_icl_reminders` (
  `id` bigint(20) NOT NULL,
  `message` text NOT NULL,
  `url` text NOT NULL,
  `can_delete` tinyint(4) NOT NULL,
  `show` tinyint(4) NOT NULL
) ENGINE=InnoDB DEFAULT CHARSET=utf8;

-- --------------------------------------------------------

--
-- Table structure for table `wp_icl_strings`
--

CREATE TABLE `wp_icl_strings` (
  `id` bigint(20) UNSIGNED NOT NULL,
  `language` varchar(7) NOT NULL,
  `context` varchar(160) NOT NULL,
  `name` varchar(160) NOT NULL,
  `value` text NOT NULL,
  `status` tinyint(4) NOT NULL
) ENGINE=InnoDB DEFAULT CHARSET=utf8;

--
-- Dumping data for table `wp_icl_strings`
--

INSERT INTO `wp_icl_strings` (`id`, `language`, `context`, `name`, `value`, `status`) VALUES
(1, 'en', 'WP', 'Blog Title', 'Capítulo Perfeito 2019-2020', 1),
(2, 'en', 'WP', 'Tagline', 'evento de surf em condições épicas', 1),
(3, 'en', 'Widgets', 'widget title - cc99c671f9ea86938e2c6cda65a65bc3', 'Texto', 0),
(4, 'en', 'Widgets', 'widget title - 2e1304aeab2155d0141b3cf08ead796b', 'Junte-se à nossa mailing list', 0),
(5, 'en', 'Widgets', 'widget title - 341825a909ae0a19dd9dbea98ef3e021', 'Recent Posts', 0),
(6, 'en', 'Widgets', 'widget title - 384eeb703a2c9584197881f0791bb88b', 'tag cloud', 0),
(7, 'en', 'Widgets', 'widget body - bc52235341cac5ace6105e42f9a12605', 'Lorem ipsum dolor sit amet, consectetur adipiscing elit, sed do eiusmod tempor incididunt ut labore et dolore magna aliqua. Ut enim ad minim veniam, quis nostrud exercitation ullamco laboris nisi ut aliquip ex ea commodo consequat. ', 0),
(8, 'en', 'theme blankslate', '9d1ead73e678fa2f51a70a933b0bf017', 'Not Found', 0),
(9, 'en', 'theme blankslate', 'ab70d383a8361b931075b4417d77163d', 'Nothing found for the requested page. Try a search instead?', 0),
(10, 'en', 'theme blankslate', 'a5436ea06067e68362e6e2c71fc3e2e0', 'ler mais', 0),
(11, 'en', 'theme blankslate', 'e404dd0bece5f7c53d80edaa70513eec', 'Main Menu', 0),
(12, 'en', 'theme blankslate', '414dac15e5166aa77554974b81fd6014', 'Top Menu', 0),
(13, 'en', 'theme blankslate', 'a9f45e0f2d55afaf3c89b67ddb6156f9', 'Footer Menu', 0),
(14, 'en', 'theme blankslate', '1258d116d5948331d559207843da8365', 'Sidebar Widget Area', 0),
(15, 'en', 'WordPress', 'dbaee1c1809402db8f4c4c18234f5a63', 'Adicionar', 0),
(16, 'en', 'WordPress', 'ef485eb67ac89238a4fede745a0ae94c', 'Editar', 0),
(17, 'en', 'WordPress', '862fa4aeaf78f5d8d93612ed3a2fe631', 'Ver', 0),
(18, 'en', 'WordPress', '560df90534b0092645e889dbc48751ab', 'Procurar', 0),
(19, 'en', 'WordPress', '87ae4d32c335b28e53d08597c3a14c12', 'Sem resultados.', 0),
(20, 'en', 'theme blankslate', '2f98afc4c326ed7c3c9c284baf1b6945', 'ver mais', 0),
(21, 'en', 'theme blankslate', '555505dd7ce75c2214c1edffe162a082', 'EVENTO', 0),
(22, 'en', 'theme blankslate', '363ff95324fe42382f341297c5489ef3', 'ONDAS', 0),
(23, 'en', 'theme blankslate', 'e44f9e348e41cb272efa87387728571b', 'DATA', 0),
(24, 'en', 'theme blankslate', 'f5c5b428f7717ab504f64a696711669d', 'HORA', 0),
(25, 'en', 'theme blankslate', '89e825d42f6256dec6828669fe0d73b1', 'Notícias', 0),
(26, 'en', 'theme blankslate', '7cf41ff971d626b865524717448c298a', 'por', 0),
(27, 'en', 'theme blankslate', 'd0b43eded7b918242c7400a4ba13342d', 'Competidores', 0),
(28, 'en', 'theme blankslate', 'c412240f3bda9d755279e0c148e1a68c', 'FOTOS', 0),
(29, 'en', 'theme blankslate', '6a72ef42bbe774e009e378ce57f408e4', 'Search Results for: %s', 0),
(30, 'en', 'theme blankslate', '795d59a96adcde416d31c5b1b6fae364', 'Nothing Found', 0),
(31, 'en', 'theme blankslate', '5c4aea6e2f5b260b64de3ad52a150e07', 'Sorry, nothing matched your search. Please try again.', 0),
(32, 'en', 'theme blankslate', 'c7b862a7bad057b93386076c7b1c7cfb', 'Tag Archives: ', 0),
(33, 'en', 'theme blankslate', '915eaa2ac9b03449f4eaf1acbf322d98', 'Category Archives: ', 0),
(34, 'en', 'admin_texts_plugin_wordpress-seo', '[wpseo_titles]title-home-wpseo', '%%sitename%% %%page%% %%sep%% %%sitedesc%%', 0),
(35, 'en', 'admin_texts_plugin_wordpress-seo', '[wpseo_titles]title-author-wpseo', '%%name%%, Autor em %%sitename%% %%page%%', 0),
(36, 'en', 'admin_texts_plugin_wordpress-seo', '[wpseo_titles]title-archive-wpseo', '%%date%% %%page%% %%sep%% %%sitename%%', 0),
(37, 'en', 'admin_texts_plugin_wordpress-seo', '[wpseo_titles]title-search-wpseo', 'Procurou por %%searchphrase%% %%page%% %%sep%% %%sitename%%', 0),
(38, 'en', 'admin_texts_plugin_wordpress-seo', '[wpseo_titles]title-404-wpseo', 'Página não encontrada %%sep%% %%sitename%%', 0),
(39, 'en', 'admin_texts_plugin_wordpress-seo', '[wpseo_titles]title-post', '%%title%% %%page%% %%sep%% %%sitename%%', 0),
(40, 'en', 'admin_texts_plugin_wordpress-seo', '[wpseo_titles]title-page', '%%title%% %%page%% %%sep%% %%sitename%%', 0),
(41, 'en', 'admin_texts_plugin_wordpress-seo', '[wpseo_titles]title-attachment', '%%title%% %%page%% %%sep%% %%sitename%%', 0),
(42, 'en', 'admin_texts_plugin_wordpress-seo', '[wpseo_internallinks]breadcrumbs-404crumb', 'Erro 404: A página não foi encontrada', 0),
(43, 'en', 'admin_texts_plugin_wordpress-seo', '[wpseo_internallinks]breadcrumbs-archiveprefix', 'Arquivo de', 0),
(44, 'en', 'admin_texts_plugin_wordpress-seo', '[wpseo_internallinks]breadcrumbs-home', 'Início', 0),
(45, 'en', 'admin_texts_plugin_wordpress-seo', '[wpseo_internallinks]breadcrumbs-searchprefix', 'Pesquisou por', 0),
(46, 'en', 'admin_texts_plugin_wordpress-seo', '[wpseo_internallinks]breadcrumbs-sep', '&raquo;', 0),
(47, 'en', 'admin_texts_plugin_wordpress-seo', '[wpseo_rss]rssafter', 'O post %%POSTLINK%% aparece primeiro no %%BLOGLINK%%.', 0),
(48, 'en', 'Widgets', 'widget title - 2491bc9c7d8731e1ae33124093bc7026', 'Twitter', 0),
(49, 'en', 'Widgets', 'widget body - 4c89be368a41ef74694019786020c5b3', '<div class=\"twitter\">\r\n<a class=\"twitter-timeline\"  href=\"https://twitter.com/search?q=capituloperfeito\" data-widget-id=\"540155715110051841\">Tweets about capituloperfeito</a>\r\n<script>!function(d,s,id){var js,fjs=d.getElementsByTagName(s)[0],p=/^http:/.test(d.location)?\'http\':\'https\';if(!d.getElementById(id)){js=d.createElement(s);js.id=id;js.src=p+\"://platform.twitter.com/widgets.js\";fjs.parentNode.insertBefore(js,fjs);}}(document,\"script\",\"twitter-wjs\");</script>\r\n</div>  ', 0),
(50, 'en', 'admin_texts_plugin_super-socializer', '[the_champ_login]title', 'Login with your Social ID', 0),
(51, 'en', 'admin_texts_plugin_super-socializer', '[the_champ_login]email_error_message', 'Email you entered is already registered or invalid', 0),
(52, 'en', 'admin_texts_plugin_super-socializer', '[the_champ_login]email_popup_text', 'Please enter a valid email address. You might be required to verify it', 0),
(53, 'en', 'admin_texts_plugin_super-socializer', '[the_champ_login]scl_title', 'Link your social account to login to your account at this website', 0),
(54, 'en', 'admin_texts_plugin_super-socializer', '[the_champ_login]privacy_policy_optin_text', 'I have read and agree to Terms and Conditions of website and agree to my personal data being stored and used as per Privacy Policy', 0),
(55, 'en', 'admin_texts_plugin_super-socializer', '[the_champ_login]ppu_placeholder', 'Privacy Policy', 0),
(56, 'en', 'admin_texts_plugin_super-socializer', '[the_champ_login]tc_placeholder', 'Terms and Conditions', 0),
(57, 'en', 'admin_texts_plugin_', '[wpseo_titles]title-home-wpseo', '%%sitename%% %%page%% %%sep%% %%sitedesc%%', 0),
(58, 'en', 'admin_texts_plugin_', '[wpseo_titles]title-author-wpseo', '%%name%%, Autor em %%sitename%% %%page%%', 0),
(59, 'en', 'admin_texts_plugin_', '[wpseo_titles]title-archive-wpseo', '%%date%% %%page%% %%sep%% %%sitename%%', 0),
(60, 'en', 'admin_texts_plugin_', '[wpseo_titles]title-search-wpseo', 'Procurou por %%searchphrase%% %%page%% %%sep%% %%sitename%%', 0),
(61, 'en', 'admin_texts_plugin_', '[wpseo_titles]title-404-wpseo', 'Página não encontrada %%sep%% %%sitename%%', 0),
(62, 'en', 'admin_texts_plugin_', '[wpseo_titles]social-title-author-wpseo', '%%name%%', 0),
(63, 'en', 'admin_texts_plugin_', '[wpseo_titles]social-title-archive-wpseo', '%%date%%', 0),
(64, 'en', 'admin_texts_plugin_', '[wpseo_titles]title-post', '%%title%% %%page%% %%sep%% %%sitename%%', 0),
(65, 'en', 'admin_texts_plugin_', '[wpseo_titles]social-title-post', '%%title%%', 0),
(66, 'en', 'admin_texts_plugin_', '[wpseo_titles]title-page', '%%title%% %%page%% %%sep%% %%sitename%%', 0),
(67, 'en', 'admin_texts_plugin_', '[wpseo_titles]social-title-page', '%%title%%', 0),
(68, 'en', 'admin_texts_plugin_', '[wpseo_titles]title-attachment', '%%title%% %%page%% %%sep%% %%sitename%%', 0),
(69, 'en', 'admin_texts_plugin_', '[wpseo_titles]title-tax-category', '%%term_title%% Arquivos %%page%% %%sep%% %%sitename%%', 0),
(70, 'en', 'admin_texts_plugin_', '[wpseo_titles]social-title-tax-category', 'Arquivo de %%term_title%%', 0),
(71, 'en', 'admin_texts_plugin_', '[wpseo_titles]title-tax-post_tag', '%%term_title%% Arquivos %%page%% %%sep%% %%sitename%%', 0),
(72, 'en', 'admin_texts_plugin_', '[wpseo_titles]social-title-tax-post_tag', 'Arquivo de %%term_title%%', 0),
(73, 'en', 'admin_texts_plugin_', '[wpseo_titles]title-tax-post_format', '%%term_title%% Arquivos %%page%% %%sep%% %%sitename%%', 0),
(74, 'en', 'admin_texts_plugin_', '[wpseo_titles]social-title-tax-post_format', 'Arquivo de %%term_title%%', 0),
(75, 'en', 'admin_texts_plugin_', '[wpseo_titles]title-convidados', '%%title%% %%page%% %%sep%% %%sitename%%', 0),
(76, 'en', 'admin_texts_plugin_', '[wpseo_titles]social-title-convidados', '%%title%%', 0),
(77, 'en', 'admin_texts_plugin_', '[wpseo_titles]title-tax-categoria', '%%term_title%% Arquivos %%page%% %%sep%% %%sitename%%', 0),
(78, 'en', 'admin_texts_plugin_', '[wpseo_titles]social-title-tax-categoria', 'Arquivo de %%term_title%%', 0),
(79, 'en', 'admin_texts_plugin_', '[wpseo_internallinks]breadcrumbs-404crumb', 'Erro 404: A página não foi encontrada', 0),
(80, 'en', 'admin_texts_plugin_', '[wpseo_internallinks]breadcrumbs-archiveprefix', 'Arquivo de', 0),
(81, 'en', 'admin_texts_plugin_', '[wpseo_internallinks]breadcrumbs-home', 'Início', 0),
(82, 'en', 'admin_texts_plugin_', '[wpseo_internallinks]breadcrumbs-searchprefix', 'Pesquisou por', 0),
(83, 'en', 'admin_texts_plugin_', '[wpseo_internallinks]breadcrumbs-sep', '&raquo;', 0),
(84, 'en', 'admin_texts_plugin_', '[wpseo_rss]rssafter', 'O post %%POSTLINK%% aparece primeiro no %%BLOGLINK%%.', 0),
(85, 'en', 'admin_texts_plugin_', '[wpseo_titles]title-tatsu_gsections', '%%title%% %%page%% %%sep%% %%sitename%%', 0),
(86, 'en', 'admin_texts_plugin_', '[wpseo_titles]social-title-tatsu_gsections', '%%title%%', 0),
(87, 'en', 'admin_texts_plugin_', '[wpseo_titles]title-tatsu_header', '%%title%% %%page%% %%sep%% %%sitename%%', 0),
(88, 'en', 'admin_texts_plugin_', '[wpseo_titles]social-title-tatsu_header', '%%title%%', 0),
(89, 'en', 'admin_texts_plugin_', '[wpseo_titles]title-tatsu_footer', '%%title%% %%page%% %%sep%% %%sitename%%', 0),
(90, 'en', 'admin_texts_plugin_', '[wpseo_titles]social-title-tatsu_footer', '%%title%%', 0),
(91, 'en', 'admin_texts_plugin_', '[wpseo_titles]title-tax-coblocks_pattern_type', 'Arquivo de %%term_title%% %%page%% %%sep%% %%sitename%%', 0),
(92, 'en', 'admin_texts_plugin_', '[wpseo_titles]social-title-tax-coblocks_pattern_type', 'Arquivo de %%term_title%%', 0),
(93, 'en', 'admin_texts_plugin_', '[wpseo_titles]title-tax-coblocks_pattern_category', 'Arquivo de %%term_title%% %%page%% %%sep%% %%sitename%%', 0),
(94, 'en', 'admin_texts_plugin_', '[wpseo_titles]social-title-tax-coblocks_pattern_category', 'Arquivo de %%term_title%%', 0),
(95, 'en', 'admin_texts_plugin_advanced-ads', '[advanced-ads][custom-label]text', 'Advertisements', 0),
(96, 'en', 'WordPress', 'taxonomy singular name: Categoria', 'Categoria', 0),
(97, 'en', 'WordPress', 'taxonomy general name: Categorias', 'Categorias', 0),
(98, 'en', 'admin_texts_plugin_', '[wpseo_titles]title-opinioner', '%%title%% %%page%% %%sep%% %%sitename%%', 0),
(99, 'en', 'admin_texts_plugin_', '[wpseo_titles]social-title-opinioner', '%%title%%', 0),
(100, 'en', 'admin_texts_plugin_', '[wpseo_titles]title-e-landing-page', '%%title%% %%page%% %%sep%% %%sitename%%', 0),
(101, 'en', 'admin_texts_plugin_', '[wpseo_titles]social-title-e-landing-page', '%%title%%', 0),
(102, 'en', 'admin_texts_plugin_', '[wpseo_titles]title-elementor_library', '%%title%% %%page%% %%sep%% %%sitename%%', 0),
(103, 'en', 'admin_texts_plugin_', '[wpseo_titles]social-title-elementor_library', '%%title%%', 0);

-- --------------------------------------------------------

--
-- Table structure for table `wp_icl_string_positions`
--

CREATE TABLE `wp_icl_string_positions` (
  `id` bigint(20) UNSIGNED NOT NULL,
  `string_id` bigint(20) NOT NULL,
  `kind` tinyint(4) DEFAULT NULL,
  `position_in_page` varchar(255) NOT NULL
) ENGINE=InnoDB DEFAULT CHARSET=utf8;

--
-- Dumping data for table `wp_icl_string_positions`
--

INSERT INTO `wp_icl_string_positions` (`id`, `string_id`, `kind`, `position_in_page`) VALUES
(1, 8, 0, '/home/capituloperfeito/public_html/wp-content/themes/capitulo/404.php::5'),
(2, 9, 0, '/home/capituloperfeito/public_html/wp-content/themes/capitulo/404.php::8'),
(3, 10, 0, '/home/capituloperfeito/public_html/wp-content/themes/capitulo/archive.php::36'),
(4, 11, 0, '/home/capituloperfeito/public_html/wp-content/themes/capitulo/functions.php::9'),
(5, 12, 0, '/home/capituloperfeito/public_html/wp-content/themes/capitulo/functions.php::9'),
(6, 13, 0, '/home/capituloperfeito/public_html/wp-content/themes/capitulo/functions.php::9'),
(7, 14, 0, '/home/capituloperfeito/public_html/wp-content/themes/capitulo/functions.php::25'),
(8, 15, 0, '/home/capituloperfeito/public_html/wp-content/themes/capitulo/functions.php::54'),
(9, 16, 0, '/home/capituloperfeito/public_html/wp-content/themes/capitulo/functions.php::55'),
(10, 17, 0, '/home/capituloperfeito/public_html/wp-content/themes/capitulo/functions.php::57'),
(11, 18, 0, '/home/capituloperfeito/public_html/wp-content/themes/capitulo/functions.php::58'),
(12, 19, 0, '/home/capituloperfeito/public_html/wp-content/themes/capitulo/functions.php::59'),
(13, 20, 0, '/home/capituloperfeito/public_html/wp-content/themes/capitulo/functions.php::174'),
(14, 21, 0, '/home/capituloperfeito/public_html/wp-content/themes/capitulo/header.php::85'),
(15, 22, 0, '/home/capituloperfeito/public_html/wp-content/themes/capitulo/header.php::85'),
(16, 23, 0, '/home/capituloperfeito/public_html/wp-content/themes/capitulo/header.php::85'),
(17, 24, 0, '/home/capituloperfeito/public_html/wp-content/themes/capitulo/header.php::85'),
(18, 25, 0, '/home/capituloperfeito/public_html/wp-content/themes/capitulo/index.php::37'),
(19, 26, 0, '/home/capituloperfeito/public_html/wp-content/themes/capitulo/index.php::58'),
(20, 27, 0, '/home/capituloperfeito/public_html/wp-content/themes/capitulo/index.php::77'),
(21, 28, 0, '/home/capituloperfeito/public_html/wp-content/themes/capitulo/index.php::109'),
(22, 29, 0, '/home/capituloperfeito/public_html/wp-content/themes/capitulo/search.php::5'),
(23, 30, 0, '/home/capituloperfeito/public_html/wp-content/themes/capitulo/search.php::14'),
(24, 31, 0, '/home/capituloperfeito/public_html/wp-content/themes/capitulo/search.php::17'),
(25, 32, 0, '/home/capituloperfeito/public_html/wp-content/themes/capitulo/tag.php::4'),
(26, 33, 0, '/home/capituloperfeito/public_html/wp-content/themes/capitulo/_category.php::4');

-- --------------------------------------------------------

--
-- Table structure for table `wp_icl_string_status`
--

CREATE TABLE `wp_icl_string_status` (
  `id` bigint(20) UNSIGNED NOT NULL,
  `rid` bigint(20) NOT NULL,
  `string_translation_id` bigint(20) NOT NULL,
  `timestamp` timestamp NOT NULL DEFAULT CURRENT_TIMESTAMP,
  `md5` varchar(32) NOT NULL
) ENGINE=InnoDB DEFAULT CHARSET=utf8;

-- --------------------------------------------------------

--
-- Table structure for table `wp_icl_string_translations`
--

CREATE TABLE `wp_icl_string_translations` (
  `id` bigint(20) UNSIGNED NOT NULL,
  `string_id` bigint(20) UNSIGNED NOT NULL,
  `language` varchar(10) NOT NULL,
  `status` tinyint(4) NOT NULL,
  `value` text,
  `translator_id` bigint(20) UNSIGNED DEFAULT NULL,
  `translation_date` timestamp NOT NULL DEFAULT CURRENT_TIMESTAMP
) ENGINE=InnoDB DEFAULT CHARSET=utf8;

--
-- Dumping data for table `wp_icl_string_translations`
--

INSERT INTO `wp_icl_string_translations` (`id`, `string_id`, `language`, `status`, `value`, `translator_id`, `translation_date`) VALUES
(1, 1, 'pt-pt', 1, 'Capítulo Perfeito 2022 - powered by Billabong', NULL, '2022-01-04 11:28:38'),
(2, 2, 'pt-pt', 1, 'evento de tubos em condições épicas', NULL, '2022-01-04 11:28:38');

-- --------------------------------------------------------

--
-- Table structure for table `wp_icl_translate`
--

CREATE TABLE `wp_icl_translate` (
  `tid` bigint(20) UNSIGNED NOT NULL,
  `job_id` bigint(20) UNSIGNED NOT NULL,
  `content_id` bigint(20) UNSIGNED NOT NULL,
  `timestamp` timestamp NOT NULL DEFAULT CURRENT_TIMESTAMP,
  `field_type` varchar(128) NOT NULL,
  `field_format` varchar(16) NOT NULL,
  `field_translate` tinyint(4) NOT NULL,
  `field_data` longtext NOT NULL,
  `field_data_translated` longtext NOT NULL,
  `field_finished` tinyint(4) NOT NULL DEFAULT '0'
) ENGINE=InnoDB DEFAULT CHARSET=utf8;

--
-- Dumping data for table `wp_icl_translate`
--

INSERT INTO `wp_icl_translate` (`tid`, `job_id`, `content_id`, `timestamp`, `field_type`, `field_format`, `field_translate`, `field_data`, `field_data_translated`, `field_finished`) VALUES
(1, 1, 0, '2014-12-18 19:57:25', 'title', 'base64', 1, 'TyBFdmVudG8=', 'VGhlIEV2ZW50', 1),
(2, 1, 0, '2014-12-18 19:57:25', 'body', 'base64', 1, '[encoded data, 7996 characters]', '[encoded data, 7536 characters]', 1),
(3, 1, 0, '2014-12-18 19:57:25', 'original_id', '', 0, '511', '', 1),
(4, 2, 0, '2014-12-18 19:58:46', 'title', 'base64', 1, 'Q29tcGV0aWRvcmVz', 'Q29tcGV0aXRvcnM=', 1),
(5, 2, 0, '2014-12-18 19:58:46', 'body', 'base64', 1, 'TG9yZW0gaXBzdW0gZG9sb3Igc2l0IGFtZXQsIGNvbnNlY3RldHVyIGFkaXBpc2NpbmcgZWxpdCwgc2VkIGRvIGVpdXNtb2QgdGVtcG9yIGluY2lkaWR1bnQgdXQgbGFib3JlIGV0IGRvbG9yZSBtYWduYSBhbGlxdWEuIFV0IGVuaW0gYWQgbWluaW0gdmVuaWFtLCBxdWlzIG5vc3RydWQgZXhlcmNpdGF0aW9uIHVsbGFtY28gbGFib3JpcyBuaXNpIHV0IGFsaXF1aXAgZXggZWEgY29tbW9kbyBjb25zZXF1YXQuIER1aXMgYXV0ZSBpcnVyZSBkb2xvciBpbiByZXByZWhlbmRlcml0IGluIHZvbHVwdGF0ZSB2ZWxpdCBlc3NlIGNpbGx1bSBkb2xvcmUgZXUgZnVnaWF0IG51bGxhIHBhcmlhdHVyLiBFeGNlcHRldXIgc2ludCBvY2NhZWNhdCBjdXBpZGF0YXQgbm9uIHByb2lkZW50LCBzdW50IGluIGN1bHBhIHF1aSBvZmZpY2lhIGRlc2VydW50IG1vbGxpdCBhbmltIGlkIGVzdCBsYWJvcnVtDQoNCltjb252aWRhZG9zIGNhdGVnb3JpYT0iY29tcGV0aWRvcmVzIl0=', 'TG9yZW0gaXBzdW0gZG9sb3Igc2l0IGFtZXQsIGNvbnNlY3RldHVyIGFkaXBpc2NpbmcgZWxpdCwgc2VkIGRvIGVpdXNtb2QgdGVtcG9yIGluY2lkaWR1bnQgdXQgbGFib3JlIGV0IGRvbG9yZSBtYWduYSBhbGlxdWEuIFV0IGVuaW0gYWQgbWluaW0gdmVuaWFtLCBxdWlzIG5vc3RydWQgZXhlcmNpdGF0aW9uIHVsbGFtY28gbGFib3JpcyBuaXNpIHV0IGFsaXF1aXAgZXggZWEgY29tbW9kbyBjb25zZXF1YXQuIER1aXMgYXV0ZSBpcnVyZSBkb2xvciBpbiByZXByZWhlbmRlcml0IGluIHZvbHVwdGF0ZSB2ZWxpdCBlc3NlIGNpbGx1bSBkb2xvcmUgZXUgZnVnaWF0IG51bGxhIHBhcmlhdHVyLiBFeGNlcHRldXIgc2ludCBvY2NhZWNhdCBjdXBpZGF0YXQgbm9uIHByb2lkZW50LCBzdW50IGluIGN1bHBhIHF1aSBvZmZpY2lhIGRlc2VydW50IG1vbGxpdCBhbmltIGlkIGVzdCBsYWJvcnVtDQoNCltjb252aWRhZG9zIGNhdGVnb3JpYT0iY29tcGV0aWRvcmVzIl0=', 1),
(6, 2, 0, '2014-12-18 19:58:46', 'original_id', '', 0, '491', '', 1),
(7, 3, 0, '2014-12-18 20:00:13', 'title', 'base64', 1, 'Q29udmlkYWRvcw==', 'U3VyZmVycw==', 1),
(8, 3, 0, '2014-12-18 20:00:13', 'body', 'base64', 1, 'TG9yZW0gaXBzdW0gZG9sb3Igc2l0IGFtZXQsIGNvbnNlY3RldHVyIGFkaXBpc2NpbmcgZWxpdCwgc2VkIGRvIGVpdXNtb2QgdGVtcG9yIGluY2lkaWR1bnQgdXQgbGFib3JlIGV0IGRvbG9yZSBtYWduYSBhbGlxdWEuIFV0IGVuaW0gYWQgbWluaW0gdmVuaWFtLCBxdWlzIG5vc3RydWQgZXhlcmNpdGF0aW9uIHVsbGFtY28gbGFib3JpcyBuaXNpIHV0IGFsaXF1aXAgZXggZWEgY29tbW9kbyBjb25zZXF1YXQuIER1aXMgYXV0ZSBpcnVyZSBkb2xvciBpbiByZXByZWhlbmRlcml0IGluIHZvbHVwdGF0ZSB2ZWxpdCBlc3NlIGNpbGx1bSBkb2xvcmUgZXUgZnVnaWF0IG51bGxhIHBhcmlhdHVyLiBFeGNlcHRldXIgc2ludCBvY2NhZWNhdCBjdXBpZGF0YXQgbm9uIHByb2lkZW50LCBzdW50IGluIGN1bHBhIHF1aSBvZmZpY2lhIGRlc2VydW50IG1vbGxpdCBhbmltIGlkIGVzdCBsYWJvcnVtDQo8ZGl2IGNsYXNzPSJjbGVhcmZpeCI+PC9kaXY+DQo8aDMgY2xhc3M9InJvd1RpdGxlIj48c3Bhbj5Db21wZXRpZG9yZXM8L3NwYW4+PC9oMz4NCltjb252aWRhZG9zIGNhdGVnb3JpYT0iY29tcGV0aWRvcmVzIl0NCjxkaXYgY2xhc3M9ImNsZWFyZml4Ij48L2Rpdj4NCjxoMyBjbGFzcz0icm93VGl0bGUiPjxzcGFuPkZyZWUgU3VyZmVyczwvc3Bhbj48L2gzPg0KW2NvbnZpZGFkb3MgY2F0ZWdvcmlhPSJmcmVlLXN1cmZlcnMiXQ0KPGRpdiBjbGFzcz0iY2xlYXJmaXgiPjwvZGl2Pg0KPGgzIGNsYXNzPSJyb3dUaXRsZSI+PHNwYW4+U291bCBTdXJmZXJzPC9zcGFuPjwvaDM+DQpbY29udmlkYWRvcyBjYXRlZ29yaWE9InNvdWwtc3VyZmVycyJdDQo8ZGl2IGNsYXNzPSJjbGVhcmZpeCI+PC9kaXY+DQo8aDMgY2xhc3M9InJvd1RpdGxlIj48c3Bhbj5XaWxkY2FyZHM8L3NwYW4+PC9oMz4NCltjb252aWRhZG9zIGNhdGVnb3JpYT0id2lsZGNhcmRzIl0=', 'TG9yZW0gaXBzdW0gZG9sb3Igc2l0IGFtZXQsIGNvbnNlY3RldHVyIGFkaXBpc2NpbmcgZWxpdCwgc2VkIGRvIGVpdXNtb2QgdGVtcG9yIGluY2lkaWR1bnQgdXQgbGFib3JlIGV0IGRvbG9yZSBtYWduYSBhbGlxdWEuIFV0IGVuaW0gYWQgbWluaW0gdmVuaWFtLCBxdWlzIG5vc3RydWQgZXhlcmNpdGF0aW9uIHVsbGFtY28gbGFib3JpcyBuaXNpIHV0IGFsaXF1aXAgZXggZWEgY29tbW9kbyBjb25zZXF1YXQuIER1aXMgYXV0ZSBpcnVyZSBkb2xvciBpbiByZXByZWhlbmRlcml0IGluIHZvbHVwdGF0ZSB2ZWxpdCBlc3NlIGNpbGx1bSBkb2xvcmUgZXUgZnVnaWF0IG51bGxhIHBhcmlhdHVyLiBFeGNlcHRldXIgc2ludCBvY2NhZWNhdCBjdXBpZGF0YXQgbm9uIHByb2lkZW50LCBzdW50IGluIGN1bHBhIHF1aSBvZmZpY2lhIGRlc2VydW50IG1vbGxpdCBhbmltIGlkIGVzdCBsYWJvcnVtDQo8ZGl2IGNsYXNzPSJjbGVhcmZpeCI+PC9kaXY+DQo8aDMgY2xhc3M9InJvd1RpdGxlIj5Db21wZXRpdG9yczwvaDM+DQpbY29udmlkYWRvcyBjYXRlZ29yaWE9ImNvbXBldGlkb3JlcyJdDQo8ZGl2IGNsYXNzPSJjbGVhcmZpeCI+PC9kaXY+DQo8aDMgY2xhc3M9InJvd1RpdGxlIj5GcmVlIFN1cmZlcnM8L2gzPg0KW2NvbnZpZGFkb3MgY2F0ZWdvcmlhPSJmcmVlLXN1cmZlcnMiXQ0KPGRpdiBjbGFzcz0iY2xlYXJmaXgiPjwvZGl2Pg0KPGgzIGNsYXNzPSJyb3dUaXRsZSI+U291bCBTdXJmZXJzPC9oMz4NCltjb252aWRhZG9zIGNhdGVnb3JpYT0ic291bC1zdXJmZXJzIl0NCjxkaXYgY2xhc3M9ImNsZWFyZml4Ij48L2Rpdj4NCjxoMyBjbGFzcz0icm93VGl0bGUiPldpbGRjYXJkczwvaDM+DQpbY29udmlkYWRvcyBjYXRlZ29yaWE9IndpbGRjYXJkcyJd', 1),
(9, 3, 0, '2014-12-18 20:00:13', 'original_id', '', 0, '478', '', 1),
(10, 4, 0, '2014-12-18 20:01:05', 'title', 'base64', 1, 'RnJlZSBTdXJmZXJz', 'RnJlZSBTdXJmZXJz', 1),
(11, 4, 0, '2014-12-18 20:01:05', 'body', 'base64', 1, 'TG9yZW0gaXBzdW0gZG9sb3Igc2l0IGFtZXQsIGNvbnNlY3RldHVyIGFkaXBpc2NpbmcgZWxpdCwgc2VkIGRvIGVpdXNtb2QgdGVtcG9yIGluY2lkaWR1bnQgdXQgbGFib3JlIGV0IGRvbG9yZSBtYWduYSBhbGlxdWEuIFV0IGVuaW0gYWQgbWluaW0gdmVuaWFtLCBxdWlzIG5vc3RydWQgZXhlcmNpdGF0aW9uIHVsbGFtY28gbGFib3JpcyBuaXNpIHV0IGFsaXF1aXAgZXggZWEgY29tbW9kbyBjb25zZXF1YXQuIER1aXMgYXV0ZSBpcnVyZSBkb2xvciBpbiByZXByZWhlbmRlcml0IGluIHZvbHVwdGF0ZSB2ZWxpdCBlc3NlIGNpbGx1bSBkb2xvcmUgZXUgZnVnaWF0IG51bGxhIHBhcmlhdHVyLiBFeGNlcHRldXIgc2ludCBvY2NhZWNhdCBjdXBpZGF0YXQgbm9uIHByb2lkZW50LCBzdW50IGluIGN1bHBhIHF1aSBvZmZpY2lhIGRlc2VydW50IG1vbGxpdCBhbmltIGlkIGVzdCBsYWJvcnVtDQoNCltjb252aWRhZG9zIGNhdGVnb3JpYT0iZnJlZS1zdXJmZXJzIl0=', 'TG9yZW0gaXBzdW0gZG9sb3Igc2l0IGFtZXQsIGNvbnNlY3RldHVyIGFkaXBpc2NpbmcgZWxpdCwgc2VkIGRvIGVpdXNtb2QgdGVtcG9yIGluY2lkaWR1bnQgdXQgbGFib3JlIGV0IGRvbG9yZSBtYWduYSBhbGlxdWEuIFV0IGVuaW0gYWQgbWluaW0gdmVuaWFtLCBxdWlzIG5vc3RydWQgZXhlcmNpdGF0aW9uIHVsbGFtY28gbGFib3JpcyBuaXNpIHV0IGFsaXF1aXAgZXggZWEgY29tbW9kbyBjb25zZXF1YXQuIER1aXMgYXV0ZSBpcnVyZSBkb2xvciBpbiByZXByZWhlbmRlcml0IGluIHZvbHVwdGF0ZSB2ZWxpdCBlc3NlIGNpbGx1bSBkb2xvcmUgZXUgZnVnaWF0IG51bGxhIHBhcmlhdHVyLiBFeGNlcHRldXIgc2ludCBvY2NhZWNhdCBjdXBpZGF0YXQgbm9uIHByb2lkZW50LCBzdW50IGluIGN1bHBhIHF1aSBvZmZpY2lhIGRlc2VydW50IG1vbGxpdCBhbmltIGlkIGVzdCBsYWJvcnVtDQoNCiZuYnNwOw0KDQpbY29udmlkYWRvcyBjYXRlZ29yaWE9ImZyZWUtc3VyZmVycyJd', 1),
(12, 4, 0, '2014-12-18 20:01:05', 'original_id', '', 0, '493', '', 1),
(13, 5, 0, '2014-12-18 20:01:47', 'title', 'base64', 1, 'TElWRQ==', 'TElWRQ==', 1),
(14, 5, 0, '2014-12-18 20:01:47', 'body', 'base64', 1, '', '', 1),
(15, 5, 0, '2014-12-18 20:01:47', 'original_id', '', 0, '508', '', 1),
(16, 6, 0, '2014-12-18 20:03:12', 'title', 'base64', 1, 'U291bCBTdXJmZXJz', 'U291bCBTdXJmZXJz', 1),
(17, 6, 0, '2014-12-18 20:03:12', 'body', 'base64', 1, 'TG9yZW0gaXBzdW0gZG9sb3Igc2l0IGFtZXQsIGNvbnNlY3RldHVyIGFkaXBpc2NpbmcgZWxpdCwgc2VkIGRvIGVpdXNtb2QgdGVtcG9yIGluY2lkaWR1bnQgdXQgbGFib3JlIGV0IGRvbG9yZSBtYWduYSBhbGlxdWEuIFV0IGVuaW0gYWQgbWluaW0gdmVuaWFtLCBxdWlzIG5vc3RydWQgZXhlcmNpdGF0aW9uIHVsbGFtY28gbGFib3JpcyBuaXNpIHV0IGFsaXF1aXAgZXggZWEgY29tbW9kbyBjb25zZXF1YXQuIER1aXMgYXV0ZSBpcnVyZSBkb2xvciBpbiByZXByZWhlbmRlcml0IGluIHZvbHVwdGF0ZSB2ZWxpdCBlc3NlIGNpbGx1bSBkb2xvcmUgZXUgZnVnaWF0IG51bGxhIHBhcmlhdHVyLiBFeGNlcHRldXIgc2ludCBvY2NhZWNhdCBjdXBpZGF0YXQgbm9uIHByb2lkZW50LCBzdW50IGluIGN1bHBhIHF1aSBvZmZpY2lhIGRlc2VydW50IG1vbGxpdCBhbmltIGlkIGVzdCBsYWJvcnVtDQoNCltjb252aWRhZG9zIGNhdGVnb3JpYT0ic291bC1zdXJmZXJzIl0=', 'TG9yZW0gaXBzdW0gZG9sb3Igc2l0IGFtZXQsIGNvbnNlY3RldHVyIGFkaXBpc2NpbmcgZWxpdCwgc2VkIGRvIGVpdXNtb2QgdGVtcG9yIGluY2lkaWR1bnQgdXQgbGFib3JlIGV0IGRvbG9yZSBtYWduYSBhbGlxdWEuIFV0IGVuaW0gYWQgbWluaW0gdmVuaWFtLCBxdWlzIG5vc3RydWQgZXhlcmNpdGF0aW9uIHVsbGFtY28gbGFib3JpcyBuaXNpIHV0IGFsaXF1aXAgZXggZWEgY29tbW9kbyBjb25zZXF1YXQuIER1aXMgYXV0ZSBpcnVyZSBkb2xvciBpbiByZXByZWhlbmRlcml0IGluIHZvbHVwdGF0ZSB2ZWxpdCBlc3NlIGNpbGx1bSBkb2xvcmUgZXUgZnVnaWF0IG51bGxhIHBhcmlhdHVyLiBFeGNlcHRldXIgc2ludCBvY2NhZWNhdCBjdXBpZGF0YXQgbm9uIHByb2lkZW50LCBzdW50IGluIGN1bHBhIHF1aSBvZmZpY2lhIGRlc2VydW50IG1vbGxpdCBhbmltIGlkIGVzdCBsYWJvcnVtDQoNCiZuYnNwOw0KDQpbY29udmlkYWRvcyBjYXRlZ29yaWE9InNvdWwtc3VyZmVycyJd', 1),
(18, 6, 0, '2014-12-18 20:03:12', 'original_id', '', 0, '495', '', 1),
(19, 7, 0, '2014-12-18 20:03:49', 'title', 'base64', 1, 'VmlkZW9z', 'VmlkZW9z', 1),
(20, 7, 0, '2014-12-18 20:03:49', 'body', 'base64', 1, 'W3R1YmVwcmVzc10=', 'W3R1YmVwcmVzc10=', 1),
(21, 7, 0, '2014-12-18 20:03:49', 'original_id', '', 0, '464', '', 1),
(22, 8, 0, '2014-12-18 20:05:09', 'title', 'base64', 1, 'Vm90YcOnw6Nv', 'Vm90ZQ==', 1),
(23, 8, 0, '2014-12-18 20:05:09', 'body', 'base64', 1, 'Jm5ic3A7DQoNCkNsaXF1ZSBlbSBjYWRhIHVtIGRvcyBzdXJmaXN0YXMgcGFyYSBmYXplciBhIHN1YSBzZWxlw6fDo28h', 'UGxlYXNlIGNsaWNrIG9uIHRoZSBzdXJmZXJzIHRvIG1ha2UgeW91ciBzZWxlY3Rpb24gYW5kIHZvdGU=', 1),
(24, 8, 0, '2014-12-18 20:05:09', 'original_id', '', 0, '522', '', 1),
(25, 9, 0, '2014-12-18 20:05:38', 'title', 'base64', 1, 'V2lsZGNhcmRz', 'V2lsZGNhcmRz', 1),
(26, 9, 0, '2014-12-18 20:05:38', 'body', 'base64', 1, 'TG9yZW0gaXBzdW0gZG9sb3Igc2l0IGFtZXQsIGNvbnNlY3RldHVyIGFkaXBpc2NpbmcgZWxpdCwgc2VkIGRvIGVpdXNtb2QgdGVtcG9yIGluY2lkaWR1bnQgdXQgbGFib3JlIGV0IGRvbG9yZSBtYWduYSBhbGlxdWEuIFV0IGVuaW0gYWQgbWluaW0gdmVuaWFtLCBxdWlzIG5vc3RydWQgZXhlcmNpdGF0aW9uIHVsbGFtY28gbGFib3JpcyBuaXNpIHV0IGFsaXF1aXAgZXggZWEgY29tbW9kbyBjb25zZXF1YXQuIER1aXMgYXV0ZSBpcnVyZSBkb2xvciBpbiByZXByZWhlbmRlcml0IGluIHZvbHVwdGF0ZSB2ZWxpdCBlc3NlIGNpbGx1bSBkb2xvcmUgZXUgZnVnaWF0IG51bGxhIHBhcmlhdHVyLiBFeGNlcHRldXIgc2ludCBvY2NhZWNhdCBjdXBpZGF0YXQgbm9uIHByb2lkZW50LCBzdW50IGluIGN1bHBhIHF1aSBvZmZpY2lhIGRlc2VydW50IG1vbGxpdCBhbmltIGlkIGVzdCBsYWJvcnVtDQoNCltjb252aWRhZG9zIGNhdGVnb3JpYT0id2lsZGNhcmRzIl0=', 'TG9yZW0gaXBzdW0gZG9sb3Igc2l0IGFtZXQsIGNvbnNlY3RldHVyIGFkaXBpc2NpbmcgZWxpdCwgc2VkIGRvIGVpdXNtb2QgdGVtcG9yIGluY2lkaWR1bnQgdXQgbGFib3JlIGV0IGRvbG9yZSBtYWduYSBhbGlxdWEuIFV0IGVuaW0gYWQgbWluaW0gdmVuaWFtLCBxdWlzIG5vc3RydWQgZXhlcmNpdGF0aW9uIHVsbGFtY28gbGFib3JpcyBuaXNpIHV0IGFsaXF1aXAgZXggZWEgY29tbW9kbyBjb25zZXF1YXQuIER1aXMgYXV0ZSBpcnVyZSBkb2xvciBpbiByZXByZWhlbmRlcml0IGluIHZvbHVwdGF0ZSB2ZWxpdCBlc3NlIGNpbGx1bSBkb2xvcmUgZXUgZnVnaWF0IG51bGxhIHBhcmlhdHVyLiBFeGNlcHRldXIgc2ludCBvY2NhZWNhdCBjdXBpZGF0YXQgbm9uIHByb2lkZW50LCBzdW50IGluIGN1bHBhIHF1aSBvZmZpY2lhIGRlc2VydW50IG1vbGxpdCBhbmltIGlkIGVzdCBsYWJvcnVtDQoNCiZuYnNwOw0KDQpbY29udmlkYWRvcyBjYXRlZ29yaWE9IndpbGRjYXJkcyJd', 1),
(27, 9, 0, '2014-12-18 20:05:38', 'original_id', '', 0, '497', '', 1),
(28, 10, 0, '2014-12-18 20:10:01', 'title', 'base64', 1, 'R2FsZXJpYSBUZXN0ZSAjMg==', 'Q2hlY2sgb3V0IHRoaXMgdGVzdCBHYWxsZXJ5', 1),
(29, 10, 0, '2014-12-18 20:10:01', 'body', 'base64', 1, 'U2VkIHV0IHBlcnNwaWNpYXRpcyB1bmRlIG9tbmlzIGlzdGUgbmF0dXMgZXJyb3Igc2l0IHZvbHVwdGF0ZW0gYWNjdXNhbnRpdW0gZG9sb3JlbXF1ZSBsYXVkYW50aXVtLCB0b3RhbSByZW0gYXBlcmlhbSwgZWFxdWUgaXBzYSBxdWFlIGFiIGlsbG8gaW52ZW50b3JlIHZlcml0YXRpcyBldCBxdWFzaSBhcmNoaXRlY3RvIGJlYXRhZSB2aXRhZSBkaWN0YSBzdW50IGV4cGxpY2Fiby4gTmVtbyBlbmltIGlwc2FtIHZvbHVwdGF0ZW0gcXVpYSB2b2x1cHRhcyBzaXQgYXNwZXJuYXR1ciBhdXQgb2RpdCBhdXQgZnVnaXQsIHNlZCBxdWlhIGNvbnNlcXV1bnR1ciBtYWduaSBkb2xvcmVzIGVvcyBxdWkgcmF0aW9uZSB2b2x1cHRhdGVtIHNlcXVpIG5lc2NpdW50LiBOZXF1ZSBwb3JybyBxdWlzcXVhbSBlc3QsIHF1aSBkb2xvcmVtIGlwc3VtIHF1aWEgZG9sb3Igc2l0IGFtZXQsIGNvbnNlY3RldHVyLCBhZGlwaXNjaSB2ZWxpdCwgc2VkIHF1aWEgbm9uIG51bXF1YW0gZWl1cyBtb2RpIHRlbXBvcmEgaW5jaWR1bnQgdXQgbGFib3JlIGV0IGRvbG9yZSBtYWduYW0gYWxpcXVhbSBxdWFlcmF0IHZvbHVwdGF0ZW0uIFV0IGVuaW0gYWQgbWluaW1hIHZlbmlhbSwgcXVpcyBub3N0cnVtIGV4ZXJjaXRhdGlvbmVtIHVsbGFtIGNvcnBvcmlzIHN1c2NpcGl0IGxhYm9yaW9zYW0sIG5pc2kgdXQgYWxpcXVpZCBleCBlYSBjb21tb2RpIGNvbnNlcXVhdHVyPyBRdWlzIGF1dGVtIHZlbCBldW0gaXVyZSByZXByZWhlbmRlcml0IHF1aSBpbiBlYSB2b2x1cHRhdGUgdmVsaXQgZXNzZSBxdWFtIG5paGlsIG1vbGVzdGlhZSBjb25zZXF1YXR1ciwgdmVsIGlsbHVtIHF1aSBkb2xvcmVtIGV1bSBmdWdpYXQgcXVvIHZvbHVwdGFzIG51bGxhIHBhcmlhdHVyPw==', 'U2VkIHV0IHBlcnNwaWNpYXRpcyB1bmRlIG9tbmlzIGlzdGUgbmF0dXMgZXJyb3Igc2l0IHZvbHVwdGF0ZW0gYWNjdXNhbnRpdW0gZG9sb3JlbXF1ZSBsYXVkYW50aXVtLCB0b3RhbSByZW0gYXBlcmlhbSwgZWFxdWUgaXBzYSBxdWFlIGFiIGlsbG8gaW52ZW50b3JlIHZlcml0YXRpcyBldCBxdWFzaSBhcmNoaXRlY3RvIGJlYXRhZSB2aXRhZSBkaWN0YSBzdW50IGV4cGxpY2Fiby4gTmVtbyBlbmltIGlwc2FtIHZvbHVwdGF0ZW0gcXVpYSB2b2x1cHRhcyBzaXQgYXNwZXJuYXR1ciBhdXQgb2RpdCBhdXQgZnVnaXQsIHNlZCBxdWlhIGNvbnNlcXV1bnR1ciBtYWduaSBkb2xvcmVzIGVvcyBxdWkgcmF0aW9uZSB2b2x1cHRhdGVtIHNlcXVpIG5lc2NpdW50LiBOZXF1ZSBwb3JybyBxdWlzcXVhbSBlc3QsIHF1aSBkb2xvcmVtIGlwc3VtIHF1aWEgZG9sb3Igc2l0IGFtZXQsIGNvbnNlY3RldHVyLCBhZGlwaXNjaSB2ZWxpdCwgc2VkIHF1aWEgbm9uIG51bXF1YW0gZWl1cyBtb2RpIHRlbXBvcmEgaW5jaWR1bnQgdXQgbGFib3JlIGV0IGRvbG9yZSBtYWduYW0gYWxpcXVhbSBxdWFlcmF0IHZvbHVwdGF0ZW0uIFV0IGVuaW0gYWQgbWluaW1hIHZlbmlhbSwgcXVpcyBub3N0cnVtIGV4ZXJjaXRhdGlvbmVtIHVsbGFtIGNvcnBvcmlzIHN1c2NpcGl0IGxhYm9yaW9zYW0sIG5pc2kgdXQgYWxpcXVpZCBleCBlYSBjb21tb2RpIGNvbnNlcXVhdHVyPyBRdWlzIGF1dGVtIHZlbCBldW0gaXVyZSByZXByZWhlbmRlcml0IHF1aSBpbiBlYSB2b2x1cHRhdGUgdmVsaXQgZXNzZSBxdWFtIG5paGlsIG1vbGVzdGlhZSBjb25zZXF1YXR1ciwgdmVsIGlsbHVtIHF1aSBkb2xvcmVtIGV1bSBmdWdpYXQgcXVvIHZvbHVwdGFzIG51bGxhIHBhcmlhdHVyPw==', 1),
(30, 10, 0, '2014-12-18 20:10:01', 'original_id', '', 0, '460', '', 1),
(31, 10, 0, '2014-12-18 20:10:01', 'categories', 'csv_base64', 1, '\"R2FsZXJpYXM=\",\"Tm90w61jaWFz\"', '', 1),
(32, 10, 0, '2014-12-18 20:10:01', 'category_ids', '', 0, '12,10', '', 1),
(33, 11, 0, '2014-12-18 20:10:50', 'title', 'base64', 1, 'R2FsZXJpYSBUZXN0ZSAjMQ==', 'SnVzdCBhbm90aGVyIGNvb2wgR2FsbGVyeQ==', 1),
(34, 11, 0, '2014-12-18 20:10:50', 'body', 'base64', 1, 'U2VkIHV0IHBlcnNwaWNpYXRpcyB1bmRlIG9tbmlzIGlzdGUgbmF0dXMgZXJyb3Igc2l0IHZvbHVwdGF0ZW0gYWNjdXNhbnRpdW0gZG9sb3JlbXF1ZSBsYXVkYW50aXVtLCB0b3RhbSByZW0gYXBlcmlhbSwgZWFxdWUgaXBzYSBxdWFlIGFiIGlsbG8gaW52ZW50b3JlIHZlcml0YXRpcyBldCBxdWFzaSBhcmNoaXRlY3RvIGJlYXRhZSB2aXRhZSBkaWN0YSBzdW50IGV4cGxpY2Fiby4gTmVtbyBlbmltIGlwc2FtIHZvbHVwdGF0ZW0gcXVpYSB2b2x1cHRhcyBzaXQgYXNwZXJuYXR1ciBhdXQgb2RpdCBhdXQgZnVnaXQsIHNlZCBxdWlhIGNvbnNlcXV1bnR1ciBtYWduaSBkb2xvcmVzIGVvcyBxdWkgcmF0aW9uZSB2b2x1cHRhdGVtIHNlcXVpIG5lc2NpdW50LiBOZXF1ZSBwb3JybyBxdWlzcXVhbSBlc3QsIHF1aSBkb2xvcmVtIGlwc3VtIHF1aWEgZG9sb3Igc2l0IGFtZXQsIGNvbnNlY3RldHVyLCBhZGlwaXNjaSB2ZWxpdCwgc2VkIHF1aWEgbm9uIG51bXF1YW0gZWl1cyBtb2RpIHRlbXBvcmEgaW5jaWR1bnQgdXQgbGFib3JlIGV0IGRvbG9yZSBtYWduYW0gYWxpcXVhbSBxdWFlcmF0IHZvbHVwdGF0ZW0uIFV0IGVuaW0gYWQgbWluaW1hIHZlbmlhbSwgcXVpcyBub3N0cnVtIGV4ZXJjaXRhdGlvbmVtIHVsbGFtIGNvcnBvcmlzIHN1c2NpcGl0IGxhYm9yaW9zYW0sIG5pc2kgdXQgYWxpcXVpZCBleCBlYSBjb21tb2RpIGNvbnNlcXVhdHVyPyBRdWlzIGF1dGVtIHZlbCBldW0gaXVyZSByZXByZWhlbmRlcml0IHF1aSBpbiBlYSB2b2x1cHRhdGUgdmVsaXQgZXNzZSBxdWFtIG5paGlsIG1vbGVzdGlhZSBjb25zZXF1YXR1ciwgdmVsIGlsbHVtIHF1aSBkb2xvcmVtIGV1bSBmdWdpYXQgcXVvIHZvbHVwdGFzIG51bGxhIHBhcmlhdHVyPw==', 'U2VkIHV0IHBlcnNwaWNpYXRpcyB1bmRlIG9tbmlzIGlzdGUgbmF0dXMgZXJyb3Igc2l0IHZvbHVwdGF0ZW0gYWNjdXNhbnRpdW0gZG9sb3JlbXF1ZSBsYXVkYW50aXVtLCB0b3RhbSByZW0gYXBlcmlhbSwgZWFxdWUgaXBzYSBxdWFlIGFiIGlsbG8gaW52ZW50b3JlIHZlcml0YXRpcyBldCBxdWFzaSBhcmNoaXRlY3RvIGJlYXRhZSB2aXRhZSBkaWN0YSBzdW50IGV4cGxpY2Fiby4gTmVtbyBlbmltIGlwc2FtIHZvbHVwdGF0ZW0gcXVpYSB2b2x1cHRhcyBzaXQgYXNwZXJuYXR1ciBhdXQgb2RpdCBhdXQgZnVnaXQsIHNlZCBxdWlhIGNvbnNlcXV1bnR1ciBtYWduaSBkb2xvcmVzIGVvcyBxdWkgcmF0aW9uZSB2b2x1cHRhdGVtIHNlcXVpIG5lc2NpdW50LiBOZXF1ZSBwb3JybyBxdWlzcXVhbSBlc3QsIHF1aSBkb2xvcmVtIGlwc3VtIHF1aWEgZG9sb3Igc2l0IGFtZXQsIGNvbnNlY3RldHVyLCBhZGlwaXNjaSB2ZWxpdCwgc2VkIHF1aWEgbm9uIG51bXF1YW0gZWl1cyBtb2RpIHRlbXBvcmEgaW5jaWR1bnQgdXQgbGFib3JlIGV0IGRvbG9yZSBtYWduYW0gYWxpcXVhbSBxdWFlcmF0IHZvbHVwdGF0ZW0uIFV0IGVuaW0gYWQgbWluaW1hIHZlbmlhbSwgcXVpcyBub3N0cnVtIGV4ZXJjaXRhdGlvbmVtIHVsbGFtIGNvcnBvcmlzIHN1c2NpcGl0IGxhYm9yaW9zYW0sIG5pc2kgdXQgYWxpcXVpZCBleCBlYSBjb21tb2RpIGNvbnNlcXVhdHVyPyBRdWlzIGF1dGVtIHZlbCBldW0gaXVyZSByZXByZWhlbmRlcml0IHF1aSBpbiBlYSB2b2x1cHRhdGUgdmVsaXQgZXNzZSBxdWFtIG5paGlsIG1vbGVzdGlhZSBjb25zZXF1YXR1ciwgdmVsIGlsbHVtIHF1aSBkb2xvcmVtIGV1bSBmdWdpYXQgcXVvIHZvbHVwdGFzIG51bGxhIHBhcmlhdHVyPw==', 1),
(35, 11, 0, '2014-12-18 20:10:50', 'original_id', '', 0, '454', '', 1),
(36, 11, 0, '2014-12-18 20:10:50', 'categories', 'csv_base64', 1, '\"R2FsZXJpYXM=\",\"TWFpbiBTbGlkZXI=\",\"Tm90w61jaWFz\"', '', 1),
(37, 11, 0, '2014-12-18 20:10:50', 'category_ids', '', 0, '12,11,10', '', 1),
(38, 12, 0, '2014-12-18 20:11:48', 'title', 'base64', 1, 'QXJ0aWdvIGRvIFNsaWRlciBwcmluY2lwYWw=', 'VGhpcyBpcyBhIGFydGljbGUgZXhhbXBsZQ==', 1),
(39, 12, 0, '2014-12-18 20:11:48', 'body', 'base64', 1, 'YXTDqSBwb2RlIHRlciBhcXVpIHRleHRvIGjDoz8=', 'U2VkIHV0IHBlcnNwaWNpYXRpcyB1bmRlIG9tbmlzIGlzdGUgbmF0dXMgZXJyb3Igc2l0IHZvbHVwdGF0ZW0gYWNjdXNhbnRpdW0gZG9sb3JlbXF1ZSBsYXVkYW50aXVtLCB0b3RhbSByZW0gYXBlcmlhbSwgZWFxdWUgaXBzYSBxdWFlIGFiIGlsbG8gaW52ZW50b3JlIHZlcml0YXRpcyBldCBxdWFzaSBhcmNoaXRlY3RvIGJlYXRhZSB2aXRhZSBkaWN0YSBzdW50IGV4cGxpY2Fiby4gTmVtbyBlbmltIGlwc2FtIHZvbHVwdGF0ZW0gcXVpYSB2b2x1cHRhcyBzaXQgYXNwZXJuYXR1ciBhdXQgb2RpdCBhdXQgZnVnaXQsIHNlZCBxdWlhIGNvbnNlcXV1bnR1ciBtYWduaSBkb2xvcmVzIGVvcyBxdWkgcmF0aW9uZSB2b2x1cHRhdGVtIHNlcXVpIG5lc2NpdW50LiBOZXF1ZSBwb3JybyBxdWlzcXVhbSBlc3QsIHF1aSBkb2xvcmVtIGlwc3VtIHF1aWEgZG9sb3Igc2l0IGFtZXQsIGNvbnNlY3RldHVyLCBhZGlwaXNjaSB2ZWxpdCwgc2VkIHF1aWEgbm9uIG51bXF1YW0gZWl1cyBtb2RpIHRlbXBvcmEgaW5jaWR1bnQgdXQgbGFib3JlIGV0IGRvbG9yZSBtYWduYW0gYWxpcXVhbSBxdWFlcmF0IHZvbHVwdGF0ZW0uIFV0IGVuaW0gYWQgbWluaW1hIHZlbmlhbSwgcXVpcyBub3N0cnVtIGV4ZXJjaXRhdGlvbmVtIHVsbGFtIGNvcnBvcmlzIHN1c2NpcGl0IGxhYm9yaW9zYW0sIG5pc2kgdXQgYWxpcXVpZCBleCBlYSBjb21tb2RpIGNvbnNlcXVhdHVyPyBRdWlzIGF1dGVtIHZlbCBldW0gaXVyZSByZXByZWhlbmRlcml0IHF1aSBpbiBlYSB2b2x1cHRhdGUgdmVsaXQgZXNzZSBxdWFtIG5paGlsIG1vbGVzdGlhZSBjb25zZXF1YXR1ciwgdmVsIGlsbHVtIHF1aSBkb2xvcmVtIGV1bSBmdWdpYXQgcXVvIHZvbHVwdGFzIG51bGxhIHBhcmlhdHVyPw==', 1),
(40, 12, 0, '2014-12-18 20:11:48', 'original_id', '', 0, '451', '', 1),
(41, 12, 0, '2014-12-18 20:11:48', 'categories', 'csv_base64', 1, '\"TWFpbiBTbGlkZXI=\",\"Tm90w61jaWFz\"', '', 1),
(42, 12, 0, '2014-12-18 20:11:48', 'category_ids', '', 0, '11,10', '', 1),
(43, 13, 0, '2014-12-18 20:12:05', 'title', 'base64', 1, 'RXhlbXBsbyBkZSBBcnRpZ28=', 'VHlwb2dyYXBoeSBhcnRpY2xlIGV4YW1wbGU=', 1),
(44, 13, 0, '2014-12-18 20:12:05', 'body', 'base64', 1, 'PHN0cm9uZz5BdCB2ZXJvIGVvczwvc3Ryb25nPiBldCBhY2N1c2FtdXMgZXQgaXVzdG8gb2RpbyBkaWduaXNzaW1vcyBkdWNpbXVzIHF1aSBibGFuZGl0aWlzIHByYWVzZW50aXVtIHZvbHVwdGF0dW0gZGVsZW5pdGkgYXRxdWUgY29ycnVwdGkgcXVvcyBkb2xvcmVzIGV0IHF1YXMgbW9sZXN0aWFzIGV4Y2VwdHVyaSBzaW50IG9jY2FlY2F0aSBjdXBpZGl0YXRlIG5vbiBwcm92aWRlbnQsIHNpbWlsaXF1ZSBzdW50IGluIGN1bHBhIHF1aSBvZmZpY2lhIGRlc2VydW50IG1vbGxpdGlhIGFuaW1pLCBpZCBlc3QgbGFib3J1bSBldCBkb2xvcnVtIGZ1Z2EuIEV0IGhhcnVtIHF1aWRlbSByZXJ1bSBmYWNpbGlzIGVzdCBldCBleHBlZGl0YSBkaXN0aW5jdGlvLg0KDQo8ZW0+TmFtIGxpYmVybyB0ZW1wb3JlPC9lbT4sIGN1bSBzb2x1dGEgbm9iaXMgZXN0IGVsaWdlbmRpIG9wdGlvIGN1bXF1ZSBuaWhpbCBpbXBlZGl0IHF1byBtaW51cyBpZCBxdW9kIG1heGltZSBwbGFjZWF0IGZhY2VyZSBwb3NzaW11cywgb21uaXMgdm9sdXB0YXMgYXNzdW1lbmRhIGVzdCwgb21uaXMgZG9sb3IgcmVwZWxsZW5kdXMuIFRlbXBvcmlidXMgYXV0ZW0gcXVpYnVzZGFtIGV0IGF1dCBvZmZpY2lpcyBkZWJpdGlzIGF1dCByZXJ1bSBuZWNlc3NpdGF0aWJ1cyBzYWVwZSBldmVuaWV0IHV0IGV0IHZvbHVwdGF0ZXMgcmVwdWRpYW5kYWUgc2ludCBldCBtb2xlc3RpYWUgbm9uIHJlY3VzYW5kYWUuIEl0YXF1ZSBlYXJ1bSByZXJ1bSBoaWMgdGVuZXR1ciBhIHNhcGllbnRlIGRlbGVjdHVzLCB1dCBhdXQgcmVpY2llbmRpcyB2b2x1cHRhdGlidXMgbWFpb3JlcyBhbGlhcyBjb25zZXF1YXR1ciBhdXQgcGVyZmVyZW5kaXMgZG9sb3JpYnVzIGFzcGVyaW9yZXMgcmVwZWxsYXQNCg0KJm5ic3A7DQo8dWw+DQoJPGxpPmN1bSBzb2x1dGEgbm9iaXMgZXN0IGVsaWdlbmRpPC9saT4NCgk8bGk+b3B0aW8gY3VtcXVlIG5paGlsIGltcGVkaXQgcXVvIG1pbnVzIGlkIHF1b2QgbWF4aW1lIHBsYWNlYXQgZmFjZXJlIHBvc3NpbXVzPC9saT4NCgk8bGk+b21uaXMgdm9sdXB0YXMgYXNzdW1lbmRhIGVzdCwgb21uaXMgZG9sb3IgcmVwZWxsZW5kdXMuIFRlbXBvcmlidXMgYXV0ZW0gcXVpYnVzZGFtPC9saT4NCjwvdWw+DQombmJzcDsNCjxvbD4NCgk8bGk+Y3VtIHNvbHV0YSBub2JpcyBlc3QgZWxpZ2VuZGk8L2xpPg0KCTxsaT5vcHRpbyBjdW1xdWUgbmloaWwgaW1wZWRpdCBxdW8gbWludXMgaWQgcXVvZCBtYXhpbWUgcGxhY2VhdCBmYWNlcmUgcG9zc2ltdXM8L2xpPg0KCTxsaT5vbW5pcyB2b2x1cHRhcyBhc3N1bWVuZGEgZXN0LCBvbW5pcyBkb2xvciByZXBlbGxlbmR1cy4gVGVtcG9yaWJ1cyBhdXRlbSBxdWlidXNkYW08L2xpPg0KPC9vbD4NCiZuYnNwOw0KPGJsb2NrcXVvdGU+PGEgdGl0bGU9Imdvb2dsZSBpdCIgaHJlZj0iaHR0cDovL2dvb2dsZS5wdCI+SXRhcXVlIGVhcnVtIHJlcnVtPC9hPiBoaWMgdGVuZXR1ciBhIHNhcGllbnRlIGRlbGVjdHVzLCB1dCBhdXQgcmVpY2llbmRpcyB2b2x1cHRhdGlidXMgbWFpb3JlcyBhbGlhcyBjb25zZXF1YXR1ciBhdXQgcGVyZmVyZW5kaXMgZG9sb3JpYnVzIGFzcGVyaW9yZXMgcmVwZWxsYXQ8L2Jsb2NrcXVvdGU+DQombmJzcDsNCg0KJm5ic3A7', 'PHN0cm9uZz5BdCB2ZXJvIGVvczwvc3Ryb25nPiBldCBhY2N1c2FtdXMgZXQgaXVzdG8gb2RpbyBkaWduaXNzaW1vcyBkdWNpbXVzIHF1aSBibGFuZGl0aWlzIHByYWVzZW50aXVtIHZvbHVwdGF0dW0gZGVsZW5pdGkgYXRxdWUgY29ycnVwdGkgcXVvcyBkb2xvcmVzIGV0IHF1YXMgbW9sZXN0aWFzIGV4Y2VwdHVyaSBzaW50IG9jY2FlY2F0aSBjdXBpZGl0YXRlIG5vbiBwcm92aWRlbnQsIHNpbWlsaXF1ZSBzdW50IGluIGN1bHBhIHF1aSBvZmZpY2lhIGRlc2VydW50IG1vbGxpdGlhIGFuaW1pLCBpZCBlc3QgbGFib3J1bSBldCBkb2xvcnVtIGZ1Z2EuIEV0IGhhcnVtIHF1aWRlbSByZXJ1bSBmYWNpbGlzIGVzdCBldCBleHBlZGl0YSBkaXN0aW5jdGlvLiA8ZW0+TmFtIGxpYmVybyB0ZW1wb3JlPC9lbT4sIGN1bSBzb2x1dGEgbm9iaXMgZXN0IGVsaWdlbmRpIG9wdGlvIGN1bXF1ZSBuaWhpbCBpbXBlZGl0IHF1byBtaW51cyBpZCBxdW9kIG1heGltZSBwbGFjZWF0IGZhY2VyZSBwb3NzaW11cywgb21uaXMgdm9sdXB0YXMgYXNzdW1lbmRhIGVzdCwgb21uaXMgZG9sb3IgcmVwZWxsZW5kdXMuIFRlbXBvcmlidXMgYXV0ZW0gcXVpYnVzZGFtIGV0IGF1dCBvZmZpY2lpcyBkZWJpdGlzIGF1dCByZXJ1bSBuZWNlc3NpdGF0aWJ1cyBzYWVwZSBldmVuaWV0IHV0IGV0IHZvbHVwdGF0ZXMgcmVwdWRpYW5kYWUgc2ludCBldCBtb2xlc3RpYWUgbm9uIHJlY3VzYW5kYWUuIEl0YXF1ZSBlYXJ1bSByZXJ1bSBoaWMgdGVuZXR1ciBhIHNhcGllbnRlIGRlbGVjdHVzLCB1dCBhdXQgcmVpY2llbmRpcyB2b2x1cHRhdGlidXMgbWFpb3JlcyBhbGlhcyBjb25zZXF1YXR1ciBhdXQgcGVyZmVyZW5kaXMgZG9sb3JpYnVzIGFzcGVyaW9yZXMgcmVwZWxsYXQNCjx1bD4NCgk8bGk+Y3VtIHNvbHV0YSBub2JpcyBlc3QgZWxpZ2VuZGk8L2xpPg0KCTxsaT5vcHRpbyBjdW1xdWUgbmloaWwgaW1wZWRpdCBxdW8gbWludXMgaWQgcXVvZCBtYXhpbWUgcGxhY2VhdCBmYWNlcmUgcG9zc2ltdXM8L2xpPg0KCTxsaT5vbW5pcyB2b2x1cHRhcyBhc3N1bWVuZGEgZXN0LCBvbW5pcyBkb2xvciByZXBlbGxlbmR1cy4gVGVtcG9yaWJ1cyBhdXRlbSBxdWlidXNkYW08L2xpPg0KPC91bD4NCiZuYnNwOw0KPG9sPg0KCTxsaT5jdW0gc29sdXRhIG5vYmlzIGVzdCBlbGlnZW5kaTwvbGk+DQoJPGxpPm9wdGlvIGN1bXF1ZSBuaWhpbCBpbXBlZGl0IHF1byBtaW51cyBpZCBxdW9kIG1heGltZSBwbGFjZWF0IGZhY2VyZSBwb3NzaW11czwvbGk+DQoJPGxpPm9tbmlzIHZvbHVwdGFzIGFzc3VtZW5kYSBlc3QsIG9tbmlzIGRvbG9yIHJlcGVsbGVuZHVzLiBUZW1wb3JpYnVzIGF1dGVtIHF1aWJ1c2RhbTwvbGk+DQo8L29sPg0KJm5ic3A7DQo8YmxvY2txdW90ZT48YSB0aXRsZT0iZ29vZ2xlIGl0IiBocmVmPSJodHRwOi8vZ29vZ2xlLnB0Ij5JdGFxdWUgZWFydW0gcmVydW08L2E+IGhpYyB0ZW5ldHVyIGEgc2FwaWVudGUgZGVsZWN0dXMsIHV0IGF1dCByZWljaWVuZGlzIHZvbHVwdGF0aWJ1cyBtYWlvcmVzIGFsaWFzIGNvbnNlcXVhdHVyIGF1dCBwZXJmZXJlbmRpcyBkb2xvcmlidXMgYXNwZXJpb3JlcyByZXBlbGxhdDwvYmxvY2txdW90ZT4NCiZuYnNwOw==', 1),
(45, 13, 0, '2014-12-18 20:12:05', 'original_id', '', 0, '1', '', 1),
(46, 13, 0, '2014-12-18 20:12:05', 'tags', 'csv_base64', 1, '\"c3VyZg==\",\"dGVzdGU=\"', '', 1),
(47, 13, 0, '2014-12-18 20:12:05', 'tag_ids', '', 0, '5,4', '', 1),
(48, 13, 0, '2014-12-18 20:12:05', 'categories', 'csv_base64', 1, '\"TWFpbiBTbGlkZXI=\",\"Tm90w61jaWFz\"', '', 1),
(49, 13, 0, '2014-12-18 20:12:05', 'category_ids', '', 0, '11,10', '', 1),
(50, 14, 0, '2014-12-18 20:18:21', 'title', 'base64', 1, '', '', 0),
(51, 14, 0, '2014-12-18 20:18:21', 'body', 'base64', 1, 'IA==', '', 0),
(52, 14, 0, '2014-12-18 20:18:21', 'original_id', '', 0, '510', '', 0),
(53, 15, 0, '2014-12-18 20:18:21', 'title', 'base64', 1, '', '', 0),
(54, 15, 0, '2014-12-18 20:18:21', 'body', 'base64', 1, 'IA==', '', 0),
(55, 15, 0, '2014-12-18 20:18:21', 'original_id', '', 0, '528', '', 0),
(56, 16, 0, '2014-12-18 20:18:21', 'title', 'base64', 1, '', '', 0),
(57, 16, 0, '2014-12-18 20:18:21', 'body', 'base64', 1, 'IA==', '', 0),
(58, 16, 0, '2014-12-18 20:18:21', 'original_id', '', 0, '475', '', 0),
(59, 17, 0, '2014-12-18 20:18:21', 'title', 'base64', 1, '', '', 0),
(60, 17, 0, '2014-12-18 20:18:21', 'body', 'base64', 1, 'IA==', '', 0),
(61, 17, 0, '2014-12-18 20:18:21', 'original_id', '', 0, '514', '', 0),
(62, 18, 0, '2014-12-18 20:18:22', 'title', 'base64', 1, '', '', 0),
(63, 18, 0, '2014-12-18 20:18:22', 'body', 'base64', 1, 'IA==', '', 0),
(64, 18, 0, '2014-12-18 20:18:22', 'original_id', '', 0, '489', '', 0),
(65, 19, 0, '2014-12-18 20:18:22', 'title', 'base64', 1, '', '', 0),
(66, 19, 0, '2014-12-18 20:18:22', 'body', 'base64', 1, 'IA==', '', 0),
(67, 19, 0, '2014-12-18 20:18:22', 'original_id', '', 0, '507', '', 0),
(68, 20, 0, '2014-12-18 20:18:22', 'title', 'base64', 1, '', '', 0),
(69, 20, 0, '2014-12-18 20:18:22', 'body', 'base64', 1, 'IA==', '', 0),
(70, 20, 0, '2014-12-18 20:18:22', 'original_id', '', 0, '506', '', 0),
(71, 21, 0, '2014-12-18 20:18:22', 'title', 'base64', 1, '', '', 0),
(72, 21, 0, '2014-12-18 20:18:22', 'body', 'base64', 1, 'IA==', '', 0),
(73, 21, 0, '2014-12-18 20:18:22', 'original_id', '', 0, '505', '', 0),
(74, 22, 0, '2014-12-18 20:18:23', 'title', 'base64', 1, '', '', 0),
(75, 22, 0, '2014-12-18 20:18:23', 'body', 'base64', 1, 'IA==', '', 0),
(76, 22, 0, '2014-12-18 20:18:23', 'original_id', '', 0, '504', '', 0),
(77, 23, 0, '2014-12-18 20:18:23', 'title', 'base64', 1, '', '', 0),
(78, 23, 0, '2014-12-18 20:18:23', 'body', 'base64', 1, 'IA==', '', 0),
(79, 23, 0, '2014-12-18 20:18:23', 'original_id', '', 0, '470', '', 0),
(80, 24, 0, '2014-12-18 20:18:23', 'title', 'base64', 1, '', '', 0),
(81, 24, 0, '2014-12-18 20:18:23', 'body', 'base64', 1, 'IA==', '', 0),
(82, 24, 0, '2014-12-18 20:18:23', 'original_id', '', 0, '476', '', 0),
(83, 25, 0, '2014-12-18 20:39:13', 'title', 'base64', 1, 'RW1iYWl4YWRvcmVz', 'QW1iYXNzYWRvcnM=', 1);
INSERT INTO `wp_icl_translate` (`tid`, `job_id`, `content_id`, `timestamp`, `field_type`, `field_format`, `field_translate`, `field_data`, `field_data_translated`, `field_finished`) VALUES
(84, 25, 0, '2014-12-18 20:39:13', 'body', 'base64', 1, 'PGg0Pk1hbnVlbCBTw6EgUGVzc29hPC9oND4NCk1hbnVlbCBTw6EgUGVzc29hLCBzdWZpc3RhIGRhIFByYWlhIEdyYW5kZSBlIGF0b3IgZGUgcHJvZmlzc8Ojbywgc2VtcHJlIHRldmUgdW1hIGxpZ2HDp8OjbyBtdWl0byBmb3J0ZSBjb20gbyBtYXIuIERpdmlkaWRvIGVudHJlIHByb2pldG9zIHF1ZSB0ZW0gbmEgQWxlbWFuaGEgZSBlbSBQb3J0dWdhbCwgcHJvY3VyYSBzZW1wcmUgcXVlIHBvZGUgZXN0YXIgZGVudHJvIGRlIMOhZ3VhLCBjb20gb3MgYW1pZ29zIG5vIHNldSBoYWJpdGF0IG5hdHVyYWwuIERvbm8gZGUgdW0gc3VyZiBkZSBib20gbsOtdmVsLCBNYW5lbCDDqSB0YWx2ZXogZG9zIG1lbGhvcmVzIHN1cmZpc3RhcyBkbyBub3NzbyBlY3LDoy4NCg0KPGEgaHJlZj0iaHR0cDovL2xvY2FsaG9zdC9jYXBpdHVsb3BlcmZlaXRvL3dwLWNvbnRlbnQvdXBsb2Fkcy8yMDE0LzEyL01hbmVsU2FQZXNzb2EuanBlZyI+PGltZyBjbGFzcz0iYWxpZ25ub25lIHdwLWltYWdlLTYyNiBzaXplLWZ1bGwiIHNyYz0iaHR0cDovL2xvY2FsaG9zdC9jYXBpdHVsb3BlcmZlaXRvL3dwLWNvbnRlbnQvdXBsb2Fkcy8yMDE0LzEyL01hbmVsU2FQZXNzb2EuanBlZyIgYWx0PSJNYW5lbFNhUGVzc29hIiB3aWR0aD0iNjQwIiBoZWlnaHQ9IjQyNyIgLz48L2E+DQo8aDQ+PC9oND4NCjxoND48L2g0Pg0KPGg0PlJpY2FyZG8gVHJlcGE8L2g0Pg0KUmljYXJkbyBUcmVwYSDDqSB1bSBjb25jZWl0dWFkbyBhdG9yIGRlIGNpbmVtYSBxdWUgY29tZcOnb3UgdGFyZGUgYSBzdXJmYXIsIG1hcyBzZW1wcmUgZGVtb25zdHJvdSBhdGl0dWRlIGUgY29yYWdlbSBkZW50cm8gZGUgw6FndWEuDQpWw6ogbm8gc3VyZiB1bWEgZm9ybWEgZGUgcG9kZXIgY29udml2ZXIgY29tIHVtIG11bmRvIG9uZGUgbyBiZW0gZXN0YXIgZsOtc2ljbyBlIG1lbnRhbCBpbXBlcmFtLg0KDQo8YSBocmVmPSJodHRwOi8vbG9jYWxob3N0L2NhcGl0dWxvcGVyZmVpdG8vd3AtY29udGVudC91cGxvYWRzLzIwMTQvMTIvcmljYXJkby10cmVwYS5qcGciPjxpbWcgY2xhc3M9ImFsaWdubm9uZSB3cC1pbWFnZS02MjAgc2l6ZS1sYXJnZSIgc3JjPSJodHRwOi8vbG9jYWxob3N0L2NhcGl0dWxvcGVyZmVpdG8vd3AtY29udGVudC91cGxvYWRzLzIwMTQvMTIvcmljYXJkby10cmVwYS03MDB4NDY2LmpwZyIgYWx0PSJyaWNhcmRvLXRyZXBhIiB3aWR0aD0iNzAwIiBoZWlnaHQ9IjQ2NiIgLz48L2E+DQo8aDQ+PC9oND4NCjxoND48L2g0Pg0KPGg0PkZyYW5jaXNjbyBNZW5kZXM8L2g0Pg0KRnJhbmNpc2NvIE1lbmRlcyBhcHJlc2VudGFkb3IgdHYgw6kgYXR1YWxtZW50ZSB1bWEgZGFzIGNhcmFzIGRhIFJUUC4gRW0gcmVsYcOnw6NvIGFvIHN1cmYgasOhIGZleiBhbGd1bnMgdHJhYmFsaG9zIHJlbGFjaW9uYWRvcyBjb20gZXN0YSBtb2RhbGlkYWRlIGNvbW8gw6kgZXhlbXBsbyBhIGNvYmVydHVyYSBwYXJhIGEgUlRQIGRvIFdDVCBlbSBQZW5pY2hlLuKAqFN1cmZpc3RhIHBvciBwYWl4w6NvIHbDqiBuZXN0ZSBkZXNwb3J0byB1bSByZWbDumdpbyBwYXJhIG8gc2V1IGVxdWlsaWJybyBlIGVuY29udHJvIGVzcGlyaXR1YWwuDQoNCjxhIGhyZWY9Imh0dHA6Ly9sb2NhbGhvc3QvY2FwaXR1bG9wZXJmZWl0by93cC1jb250ZW50L3VwbG9hZHMvMjAxNC8xMi9mcmFuY2lzY28tbWVuZGVzLTEuanBnIj48aW1nIGNsYXNzPSJhbGlnbm5vbmUgd3AtaW1hZ2UtNjIyIHNpemUtbGFyZ2UiIHNyYz0iaHR0cDovL2xvY2FsaG9zdC9jYXBpdHVsb3BlcmZlaXRvL3dwLWNvbnRlbnQvdXBsb2Fkcy8yMDE0LzEyL2ZyYW5jaXNjby1tZW5kZXMtMS03MDB4NDY1LmpwZyIgYWx0PSJmcmFuY2lzY28tbWVuZGVzLTEiIHdpZHRoPSI3MDAiIGhlaWdodD0iNDY1IiAvPjwvYT4NCjxoND48L2g0Pg0KPGg0PjwvaDQ+DQo8aDQ+UGVkcm8gTGltYTwvaDQ+DQpQZWRybyBMaW1hLCBhdG9yIGRlIHByb2Zpc3PDo28sIHN1cmZpc3RhIGRlIGNvcmHDp8OjbyBlIHBhaSBkZSBmYW3DrWxpYSBkZSB2b2Nhw6fDo28u4oCow4kgY29zdHVtZSBlbmNvbnRyYXIgZXN0ZSBleC4gYXRsZXRhIG9sw61tcGljbyBkZSBuYXRhw6fDo28gbm8gbGluZSB1cCBjb20gcmVndWxhcmlkYWRlLCBub3MgaW50ZXJ2YWxvcyBkYXMgZ3JhdmHDp8O1ZXMsIHByaW5jaXBhbG1lbnRlIG5vcyBkaWFzIG1haXMgcGVyZmVpdG9zLg0KRGVzdGFjYSBzZSBubyBtZWlvIHBlbG8gYXBvaW8gYSB2YXJpYWRhcyBjYXVzYXMgbGlnYWRhcyDDoSBwcmVzZXJ2YcOnw6NvIGUgdmlzaWJpbGlkYWRlIGRvIHN1cmYuDQpObyAywqogZWRpw6fDo28gZG8gQ2FwaXR1bG8gUGVyZmVpdG8sIGZvaSB1bSBkb3MgMTUgbm90w6F2ZWlzIHF1ZSBhanVkb3UgYSBvcmdhbml6YcOnw6NvIGEgYXB1cmFyIG9zIDMwIHN1cmZpc3RhcyBkZSAyMDEzLg0KDQo8YSBocmVmPSJodHRwOi8vbG9jYWxob3N0L2NhcGl0dWxvcGVyZmVpdG8vd3AtY29udGVudC91cGxvYWRzLzIwMTQvMTIvY2FtcGVvbmF0by1kZS1zdXJmLXJpcGN1cmwtY2FwaXR1bG8tcGVyZmVpdG8tMjAxMi5qcGciPjxpbWcgY2xhc3M9ImFsaWdubm9uZSB3cC1pbWFnZS02MjQgc2l6ZS1sYXJnZSIgc3JjPSJodHRwOi8vbG9jYWxob3N0L2NhcGl0dWxvcGVyZmVpdG8vd3AtY29udGVudC91cGxvYWRzLzIwMTQvMTIvY2FtcGVvbmF0by1kZS1zdXJmLXJpcGN1cmwtY2FwaXR1bG8tcGVyZmVpdG8tMjAxMi03MDB4NDY2LmpwZyIgYWx0PSJDYW1wZW9uYXRvIGRlIFN1cmYgUmlwQ3VybCBDYXBpdHVsbyBQZXJmZWl0byAyMDEyIiB3aWR0aD0iNzAwIiBoZWlnaHQ9IjQ2NiIgLz48L2E+', '[encoded data, 7808 characters]', 1),
(85, 25, 0, '2014-12-18 20:39:13', 'original_id', '', 0, '619', '', 1),
(86, 26, 0, '2014-12-18 20:43:26', 'title', 'base64', 1, 'Q29taXNzw6NvIGRlIE5vdMOhdmVpcw==', 'Tm90YWJsZXMgQ29taXNzaW9u', 1),
(87, 26, 0, '2014-12-18 20:43:26', 'body', 'base64', 1, 'PHN0cm9uZz5PcyBOb3TDoXZlaXM8L3N0cm9uZz4NCg0KPHN0cm9uZz4xLkpvw6NvIFZhbGVudGUg4oCTIERpcmV0b3IgU1VSRlBvcnR1Z2FsPC9zdHJvbmc+DQpKb8OjbyBhanVkb3UgYSBmb3JtYXIsIGjDoSBtYWlzIGRlIDI1IGFub3MsIGEgcHJpbWVpcmEgcmV2aXN0YSBkZSBzdXJmIHBvcnR1Z3Vlc2EsIHF1ZSBhaW5kYSBob2plIMOpIGEgbWFyY2EgbMOtZGVyIG5vIHNlY3Rvci4gw4kgZGV0ZW50b3IgZGUgdW1hIGVub3JtZSBjdWx0dXJhIGRlIHN1cmYgYWRxdWlyaWRhIG5vIGNvbnRhdG8gcGVybWFuZW50ZSBjb20gYSBjb211bmlkYWRlIGUgYXRyYXbDqXMgZGUgdW1hIGluZmluZMOhdmVsIGNvbGXDp8OjbyBkZSBsaXZyb3MgZSByZXZpc3Rhcy4NCg0KPHN0cm9uZz4yLkpvc8OpIE1hbnVlbCBCcmFnYSDigJMgU2VsZWNpb25hZG9yIE5hY2lvbmFsPC9zdHJvbmc+DQpaw6kgTWFuZWwsIHN1cmZpc3RhIGRhcyBwcmltZWlyYXMgc2FmcmFzIGRlIENhcmNhdmVsb3MsIGZleiBwYXJ0ZSBkYSBldm9sdcOnw6NvIGRlIHbDoXJpb3MgYXRsZXRhcyBkZSBkaWZlcmVudGVzIGdlcmHDp8O1ZXMsIHBvZGVuZG8gc2UgYWZpcm1hciBjb21vIG8gcHJpbWVpcm8gdHJlaW5hZG9yIGRlIHN1cmYgZW0gUG9ydHVnYWwuIFNvYiBvIHNldSBjb21hbmRvLCBhIHNlbGXDp8OjbyBwb3J0dWd1ZXNhIGF0aW5naXUgb3MgbWFpb3JlcyBmZWl0b3MgZGEgc3VhIGhpc3TDs3JpYSwgaW5jbHVpbmRvIDQgdMOtdHVsb3MgZXVyb3BldXMgb3BlbiBlIHVtIGrDum5pb3IsIGUgdW0gcXVhcnRvIGx1Z2FyIG5vIG11bmRpYWwgZGUgZXF1aXBhcywgZW50cmUgb3V0cm9zLg0KDQo8c3Ryb25nPjMuTnVubyBUcmlnbyDigJMgQ2hlZmUgZGUgSnVpemVzIEZQUzwvc3Ryb25nPg0KTnVubyBUcmlnbyDDqSBKdWl6IG5hIEZlZGVyYcOnw6NvIFBvcnR1Z3Vlc2EgZGUgU3VyZiBlIG5hIEFTUCBlIGVtIHbDoXJpYXMgcHJvdmFzIG5hY2lvbmFpcyDDqSBjaGVmZSBkZSBqdcOtemVzLiBBbMOpbSBkZSBzZXIgaWd1YWxtZW50ZSBzdXJmaXN0YSwgdGVtIHVtIGNvbmhlY2ltZW50byBwcm9mdW5kbyBkbyBzdXJmIGUgZG9zIHN1cmZpc3RhcyBuYWNpb25haXMsIHNlbmRvIGFzc2ltIHVtYSBtYWlzLXZhbGlhIHBhcmEgZXN0YSBjb21pc3PDo28uDQoNCjxzdHJvbmc+NC5Hb27Dp2FsbyBSdWl2byDigJMgUmVzcG9uc8OhdmVsIHBvciB1bWEgb3BlcmHDp8OjbyBkZSBib2F0IGNoYXJ0ZXJzIG5hIEluZG9uw6lzaWE8L3N0cm9uZz4NCkdvbsOnYWxvIFJ1aXZvIMOpIG5lc3RlIG1vbWVudG8gbyBtYWlvciBlbWJhaXhhZG9yIHBvcnR1Z3XDqnMgbmEgSW5kb27DqXNpYSwgb3JnYW5pemFuZG8gYm9hdCB0cmlwcyBuYXMgZGl2ZXJzYXMgaWxoYXMgZG8gQXJxdWlww6lsYWdvLiBQZWxhcyBzdWFzIGVtYmFyY2HDp8O1ZXMgasOhIHBhc3NhcmFtIGEgbWFpb3IgcGFydGUgZG9zIG1lbGhvcmVzIHN1cmZpc3RhcyBwb3J0dWd1ZXNlcywgc2VuZG8gZWxlIG1lc21vIHVtIHR1YmUgcmlkZXIgbmF0by4NCg0KPHN0cm9uZz41Lk51bm8gSm9uZXQg4oCTIFN1cmZpc3RhIGUgU3BlYWtlciBJbnRlcm5hY2lvbmFsPC9zdHJvbmc+DQpOdW5vIEpvbmV0IMOpIHVtIGRvcyBtYWlvcmVzIG5vbWVzIGRlIHJlZmVyw6puY2lhIGRvIHN1cmYgbmFjaW9uYWwgZSBtdW5kaWFsLiBDb21lw6dvdSBhIGZhemVyIHN1cmYgZW0gQW5nb2xhIGFvcyAyMSBhbm9zLCBwYWl4w6NvIHF1ZSBjb250aW51b3UgcG9yIHRlcnJhcyBsdXNhcy4gTnVubyBmb2kgam9ybmFsaXN0YSwgZm90w7NncmFmbyBlIMOpIHVtIGRvcyBtYWlzIGNvbmNlaXR1YWRvcyBzcGVha2VycyBpbnRlcm5hY2lvbmFpcywgdGVuZG8gZXN0YWRvIHByZXNlbnRlIGVtIHF1YXNlIHRvZGFzIGFzIG1lbGhvcmVzIHByb3ZhcyBkZSBzdXJmIGRvIG11bmRvIGUgbmFjaW9uYWlzLiBDb20gaXN0bywgw6kgbGhlIGF0cmlidcOtZG8gdW0gZXhjZWxlbnRlIGNvbmhlY2ltZW50byBkYXMgb25kYXMgZSBkb3MgbWVsaG9yZXMgc3VyZmlzdGFzIHBvcnR1Z3Vlc2VzLg==', '[encoded data, 8212 characters]', 1),
(88, 26, 0, '2014-12-18 20:43:26', 'original_id', '', 0, '636', '', 1),
(89, 27, 0, '2014-12-21 05:39:32', 'title', 'base64', 1, 'SG9tZXBhZ2U=', 'SG9tZXBhZ2U=', 1),
(90, 27, 0, '2014-12-21 05:39:33', 'body', 'base64', 1, '', '', 1),
(91, 27, 0, '2014-12-21 05:39:33', 'original_id', '', 0, '648', '', 1),
(92, 28, 0, '2014-12-24 21:44:30', 'title', 'base64', 1, 'YnJldmVtZW50ZSBvbmxpbmU=', 'Y29tbWluZyBzb29u', 1),
(93, 28, 0, '2014-12-24 21:44:30', 'body', 'base64', 1, '', '', 1),
(94, 28, 0, '2014-12-24 21:44:30', 'original_id', '', 0, '654', '', 1),
(95, 29, 0, '2014-12-30 22:22:34', 'title', 'base64', 1, 'SG9tZQ==', '', 0),
(96, 29, 0, '2014-12-30 22:22:34', 'body', 'base64', 1, '', '', 0),
(97, 29, 0, '2014-12-30 22:22:34', 'original_id', '', 0, '618', '', 0),
(98, 30, 0, '2014-12-30 22:22:34', 'title', 'base64', 1, '', '', 0),
(99, 30, 0, '2014-12-30 22:22:34', 'body', 'base64', 1, 'IA==', '', 0),
(100, 30, 0, '2014-12-30 22:22:34', 'original_id', '', 0, '642', '', 0),
(101, 31, 0, '2014-12-30 22:22:34', 'title', 'base64', 1, 'RW1iYWl4YWRvcmVzIDIwMTU=', '', 0),
(102, 31, 0, '2014-12-30 22:22:34', 'body', 'base64', 1, '', '', 0),
(103, 31, 0, '2014-12-30 22:22:34', 'original_id', '', 0, '643', '', 0),
(104, 32, 0, '2014-12-30 22:36:24', 'title', 'base64', 1, 'Q29udmlkYWRvcw==', 'U3VyZmVycw==', 1),
(105, 32, 0, '2014-12-30 22:36:24', 'body', 'base64', 1, 'DQo8ZGl2IGNsYXNzPSJjbGVhcmZpeCI+PC9kaXY+DQo8aDMgY2xhc3M9InJvd1RpdGxlIj48c3Bhbj5Db21wZXRpZG9yZXM8L3NwYW4+PC9oMz4NCltjb252aWRhZG9zIGNhdGVnb3JpYT0iY29tcGV0aWRvcmVzIl0NCjxkaXYgY2xhc3M9ImNsZWFyZml4Ij48L2Rpdj4NCjxoMyBjbGFzcz0icm93VGl0bGUiPjxzcGFuPkZyZWUgU3VyZmVyczwvc3Bhbj48L2gzPg0KW2NvbnZpZGFkb3MgY2F0ZWdvcmlhPSJmcmVlLXN1cmZlcnMiXQ0KPGRpdiBjbGFzcz0iY2xlYXJmaXgiPjwvZGl2Pg0KPGgzIGNsYXNzPSJyb3dUaXRsZSI+PHNwYW4+U291bCBTdXJmZXJzPC9zcGFuPjwvaDM+DQpbY29udmlkYWRvcyBjYXRlZ29yaWE9InNvdWwtc3VyZmVycyJdDQo8ZGl2IGNsYXNzPSJjbGVhcmZpeCI+PC9kaXY+DQo8aDMgY2xhc3M9InJvd1RpdGxlIj48c3Bhbj5JbnRlcm5hY2lvbmFpczwvc3Bhbj48L2gzPg0KW2NvbnZpZGFkb3MgY2F0ZWdvcmlhPSJpbnRlcm5hY2lvbmFpcyJdDQo8ZGl2IGNsYXNzPSJjbGVhcmZpeCI+PC9kaXY+DQo8aDMgY2xhc3M9InJvd1RpdGxlIj48c3Bhbj5XaWxkY2FyZHM8L3NwYW4+PC9oMz4NCltjb252aWRhZG9zIGNhdGVnb3JpYT0id2lsZGNhcmRzIl0NCg==', 'PGRpdiBjbGFzcz0iY2xlYXJmaXgiPjwvZGl2Pg0KPGgzIGNsYXNzPSJyb3dUaXRsZSI+PHNwYW4+Q29tcGV0aXRvcnM8L3NwYW4+PC9oMz4NCltjb252aWRhZG9zIGNhdGVnb3JpYT0iY29tcGV0aWRvcmVzIl0NCjxkaXYgY2xhc3M9ImNsZWFyZml4Ij48L2Rpdj4NCjxoMyBjbGFzcz0icm93VGl0bGUiPjxzcGFuPkZyZWUgU3VyZmVyczwvc3Bhbj48L2gzPg0KW2NvbnZpZGFkb3MgY2F0ZWdvcmlhPSJmcmVlLXN1cmZlcnMiXQ0KPGRpdiBjbGFzcz0iY2xlYXJmaXgiPjwvZGl2Pg0KPGgzIGNsYXNzPSJyb3dUaXRsZSI+PHNwYW4+U291bCBTdXJmZXJzPC9zcGFuPjwvaDM+DQpbY29udmlkYWRvcyBjYXRlZ29yaWE9InNvdWwtc3VyZmVycyJdDQo8ZGl2IGNsYXNzPSJjbGVhcmZpeCI+PC9kaXY+DQo8aDMgY2xhc3M9InJvd1RpdGxlIj48c3Bhbj5JbnRlcm5hdGlvbmFsIFN1cmZlcnM8L3NwYW4+PC9oMz4NCltjb252aWRhZG9zIGNhdGVnb3JpYT0iaW50ZXJuYXRpb25hbHMiXQ0KPGRpdiBjbGFzcz0iY2xlYXJmaXgiPjwvZGl2Pg0KPGgzIGNsYXNzPSJyb3dUaXRsZSI+PHNwYW4+V2lsZGNhcmRzPC9zcGFuPjwvaDM+DQpbY29udmlkYWRvcyBjYXRlZ29yaWE9IndpbGRjYXJkcyJd', 1),
(106, 32, 0, '2014-12-30 22:36:24', 'original_id', '', 0, '478', '', 1),
(107, 33, 0, '2014-12-30 23:20:12', 'title', 'base64', 1, 'QSBBbGxpYW56IMOpIG8gbm92byBuYW1pbmcgc3BvbnNvciBkbyBDYXDDrXR1bG8gUGVyZmVpdG8=', 'QWxsaWFueiBpcyB0aGUgbmV3IG1haW4gc3BvbnNvciBvZiBQZXJmZWN0IENoYXB0ZXI=', 1),
(108, 33, 0, '2014-12-30 23:20:12', 'body', 'base64', 1, 'RW0gMjAxNSBvIEFsbGlhbnogQ2Fww610dWxvIFBlcmZlaXRvIGVzdMOhIGRlIHZvbHRhIMOgIFByYWlhIGRlIENhcmNhdmVsb3MgcGFyYSBtYWlzIHVtYSBjb21wZXRpw6fDo28gZXNwZWNpYWwgZGUgdHVib3MhDQoNCkVzdGEgcGFyY2VyaWEgZW50cmUgYSBBbGxpYW56IGUgbyBDYXBpdHVsbyBQZXJmZWl0byBzdXJnZSBuYXR1cmFsbWVudGUgZGVwb2lzIGRhIGFwb3N0YSBkYSBBbGxpYW56IG5vIHN1cmYsIGRlc2RlIG8gbmFtaW5nIGEgdsOhcmlhcyBldGFwYXMgZGEgTGlnYSwgYXNzb2NpYW5kby1zZSBhbyBCUEkgU3VyZiBCb2FyZCBUZXN0IHByZXNlbnRzIEtpYSBvbiBUb3VyLCBiZW0gY29tbyBvIENhbXBlb25hdG8gTXVuZGlhbCBKw7puaW9yIGRhIEFTUCwgQWxsaWFueiBXb3JsZCBKdW5pb3IgZSB0YW1iw6ltIGRvIHJlY29uaGVjaW1lbnRvIGRvIHRyYWI8c3BhbiBjbGFzcz0idGV4dF9leHBvc2VkX3Nob3ciPmFsaG8gZGVzZW52b2x2aWRvIGFvIGxvbmdvIGRvcyDDumx0aW1vcyB0csOqcyBhbm9zIGRvIENhcGl0dWxvIFBlcmZlaXRvLjwvc3Bhbj4NCjxkaXYgY2xhc3M9InRleHRfZXhwb3NlZF9zaG93Ij4NCg0KRmljYSBhdGVudG8gw6Agbm9zc2EgcMOhZ2luYSBwb3JxdWUgYWluZGEgc8OjbyBlc3BlcmFkYXMgZ3JhbmRlcyBub3ZpZGFkZXMgcGFyYSBhcyBwcsOzeGltYXMgZWRpw6fDtWVzIGRvIGV2ZW50byENCg0KPC9kaXY+', 'PHNwYW4gaWQ9InJlc3VsdF9ib3giIGNsYXNzPSIiIGxhbmc9ImVuIj48c3BhbiBjbGFzcz0iaHBzIj5JbiAyMDE1PC9zcGFuPiA8c3BhbiBjbGFzcz0iaHBzIj50aGU8L3NwYW4+IDxzcGFuIGNsYXNzPSJocHMiPkFsbGlhbno8L3NwYW4+IDxzcGFuIGNsYXNzPSJocHMiPkNoYXB0ZXI8L3NwYW4+IDxzcGFuIGNsYXNzPSJocHMiPlBlcmZlY3Q8L3NwYW4+IDxzcGFuIGNsYXNzPSJocHMiPmlzIGJhY2sgb248L3NwYW4+IDxzcGFuIGNsYXNzPSJocHMiPkNhcmNhdmVsb3MgYmVhY2g8L3NwYW4+IDxzcGFuIGNsYXNzPSJocHMiPmZvciBhbm90aGVyPC9zcGFuPiA8c3BhbiBjbGFzcz0iaHBzIj5zcGVjaWFsIGNvbXBldGl0aW9uPC9zcGFuPiA8c3BhbiBjbGFzcz0iaHBzIj50dWJlczwvc3Bhbj4hIDxzcGFuIGNsYXNzPSJocHMiPlRoaXMgcGFydG5lcnNoaXAgYmV0d2Vlbjwvc3Bhbj4gPHNwYW4gY2xhc3M9ImhwcyI+QWxsaWFueiBhbmQ8L3NwYW4+IDxzcGFuIGNsYXNzPSJocHMiPkNoYXB0ZXI8L3NwYW4+IDxzcGFuIGNsYXNzPSJocHMiPlBlcmZlY3Q8L3NwYW4+IDxzcGFuIGNsYXNzPSJocHMiPm5hdHVyYWxseSBhcmlzZXM8L3NwYW4+IDxzcGFuIGNsYXNzPSJocHMiPmFmdGVyIHRoZTwvc3Bhbj4gPHNwYW4gY2xhc3M9ImhwcyI+YmV0PC9zcGFuPiA8c3BhbiBjbGFzcz0iaHBzIj5vZiBBbGxpYW56PC9zcGFuPiA8c3BhbiBjbGFzcz0iaHBzIj5pbiB0aGUgc3VyZjwvc3Bhbj4sIGZyb20gPHNwYW4gY2xhc3M9ImhwcyI+bmFtaW5nPC9zcGFuPiA8c3BhbiBjbGFzcz0iaHBzIj50aGU8L3NwYW4+IDxzcGFuIGNsYXNzPSJocHMiPnZhcmlvdXMgc3RhZ2VzPC9zcGFuPiA8c3BhbiBjbGFzcz0iaHBzIj5vZiB0aGUgTGVhZ3VlLDwvc3Bhbj4gPHNwYW4gY2xhc3M9ImhwcyI+am9pbnMgdGhlPC9zcGFuPiA8c3BhbiBjbGFzcz0iaHBzIj5CUEk8L3NwYW4+IDxzcGFuIGNsYXNzPSJocHMiPlN1cmY8L3NwYW4+IDxzcGFuIGNsYXNzPSJocHMiPkJvYXJkPC9zcGFuPiA8c3BhbiBjbGFzcz0iaHBzIj5UZXN0PC9zcGFuPiA8c3BhbiBjbGFzcz0iaHBzIj5wcmVzZW50czwvc3Bhbj4gPHNwYW4gY2xhc3M9ImhwcyI+S2lhPC9zcGFuPiA8c3BhbiBjbGFzcz0iaHBzIj5vbiBUb3VyPC9zcGFuPiwgYXMgd2VsbCBhcyA8c3BhbiBjbGFzcz0iaHBzIj50aGU8L3NwYW4+IDxzcGFuIGNsYXNzPSJocHMiPkp1bmlvciBXb3JsZDwvc3Bhbj4gPHNwYW4gY2xhc3M9ImhwcyI+Q2hhbXBpb25zaGlwPC9zcGFuPiA8c3BhbiBjbGFzcz0iaHBzIj5vZjwvc3Bhbj4gPHNwYW4gY2xhc3M9ImhwcyI+QVNQPC9zcGFuPiwgPHNwYW4gY2xhc3M9ImhwcyI+QWxsaWFuejwvc3Bhbj4gPHNwYW4gY2xhc3M9ImhwcyI+V29ybGQgSnVuaW9yPC9zcGFuPiA8c3BhbiBjbGFzcz0iaHBzIj5hbmQ8L3NwYW4+IDxzcGFuIGNsYXNzPSJocHMiPmFsc288L3NwYW4+IDxzcGFuIGNsYXNzPSJocHMiPnRoZTwvc3Bhbj4gPHNwYW4gY2xhc3M9ImhwcyI+cmVjb2duaXRpb24gb2YgdGhlIHdvcms8L3NwYW4+IDxzcGFuIGNsYXNzPSJocHMiPmRldmVsb3BlZCBvdmVyIHRoZTwvc3Bhbj4gPHNwYW4gY2xhc3M9ImhwcyI+bGFzdCB0aHJlZSB5ZWFycyBvZjwvc3Bhbj4gPHNwYW4gY2xhc3M9ImhwcyI+Q2hhcHRlcjwvc3Bhbj4gPHNwYW4gY2xhc3M9ImhwcyI+UGVyZmVjdDwvc3Bhbj4uDQo8c3BhbiBjbGFzcz0iaHBzIj5LZWVwIGFuIGV5ZSBvbjwvc3Bhbj4gPHNwYW4gY2xhc3M9ImhwcyI+b3VyIHdlYnNpdGU8L3NwYW4+IDxzcGFuIGNsYXNzPSJocHMiPmJlY2F1c2UgdGhleSBhcmU8L3NwYW4+IDxzcGFuIGNsYXNzPSJocHMiPnN0aWxsPC9zcGFuPiA8c3BhbiBjbGFzcz0iaHBzIj5leHBlY3RlZDwvc3Bhbj4gPHNwYW4gY2xhc3M9ImhwcyI+Z3JlYXQgbmV3cyBmb3I8L3NwYW4+IDxzcGFuIGNsYXNzPSJocHMiPnRoZSBuZXh0IGVkaXRpb25zPC9zcGFuPiA8c3BhbiBjbGFzcz0iaHBzIj5vZiB0aGUgZXZlbnQ8L3NwYW4+PC9zcGFuPg==', 1),
(109, 33, 0, '2014-12-30 23:20:12', 'original_id', '', 0, '681', '', 1),
(110, 33, 0, '2014-12-30 23:20:12', 'categories', 'csv_base64', 1, '\"Tm90w61jaWFz\"', '', 1),
(111, 33, 0, '2014-12-30 23:20:12', 'category_ids', '', 0, '10', '', 1),
(112, 34, 0, '2014-12-30 23:38:05', 'title', 'base64', 1, 'VGVhc2VyIGRvIEFsbGlhbnogQ2Fww610dWxvIFBlcmZlaXRvIHBvd2VyZWQgYnkgQmlsbGFib25n', 'VGVhc2VyIGRvIEFsbGlhbnogQ2Fww610dWxvIFBlcmZlaXRvIHBvd2VyZWQgYnkgQmlsbGFib25n', 1),
(113, 34, 0, '2014-12-30 23:38:05', 'body', 'base64', 1, 'QWNhYm91IGRlIHNhaXIgbyB0ZWFzZXIgZG8gQWxsaWFueiBDYXDDrXR1bG8gUGVyZmVpdG8gcG93ZXJlZCBieSBCaWxsYWJvbmcgMjAxNSwgbsOjbyBkZWl4ZXMgZGUgdmVyIQ0KPGlmcmFtZSB3aWR0aD0iNjQwIiBoZWlnaHQ9IjM2MCIgc3JjPSIvL3d3dy55b3V0dWJlLmNvbS9lbWJlZC9yUjBpZ2tJSU11QSIgZnJhbWVib3JkZXI9IjAiIGFsbG93ZnVsbHNjcmVlbj48L2lmcmFtZT4=', 'QWNhYm91IGRlIHNhaXIgbyB0ZWFzZXIgZG8gQWxsaWFueiBDYXDDrXR1bG8gUGVyZmVpdG8gcG93ZXJlZCBieSBCaWxsYWJvbmcgMjAxNSwgbsOjbyBkZWl4ZXMgZGUgdmVyIQ0KPGlmcmFtZSB3aWR0aD0iMTAwJSIgaGVpZ2h0PSIzNjAiIHNyYz0iLy93d3cueW91dHViZS5jb20vZW1iZWQvclIwaWdrSUlNdUEiIGZyYW1lYm9yZGVyPSIwIiBhbGxvd2Z1bGxzY3JlZW4+PC9pZnJhbWU+', 1),
(114, 34, 0, '2014-12-30 23:38:05', 'original_id', '', 0, '687', '', 1),
(115, 34, 0, '2014-12-30 23:38:05', 'categories', 'csv_base64', 1, '\"TWFpbiBTTGlkZXI=\",\"bmV3cw==\"', '', 1),
(116, 34, 0, '2014-12-30 23:38:05', 'category_ids', '', 0, '15,16', '', 1),
(117, 35, 0, '2014-12-30 23:42:04', 'title', 'base64', 1, 'VGVhc2VyIG9mIEFsbGlhbnogUGVyZmVjdCBDaGFwdGVyIHBvd2VyZWQgYnkgQmlsbGFib25n', 'VGVhc2VyIGRvIEFsbGlhbnogQ2Fww610dWxvIFBlcmZlaXRvIHBvd2VyZWQgYnkgQmlsbGFib25n', 1),
(118, 35, 0, '2014-12-30 23:42:04', 'body', 'base64', 1, 'DQo8aWZyYW1lIHdpZHRoPSIxMDAlIiBoZWlnaHQ9IjM2MCIgc3JjPSIvL3d3dy55b3V0dWJlLmNvbS9lbWJlZC9yUjBpZ2tJSU11QSIgZnJhbWVib3JkZXI9IjAiIGFsbG93ZnVsbHNjcmVlbj48L2lmcmFtZT4=', 'QWNhYm91IGRlIHNhaXIgbyB0ZWFzZXIgZG8gQWxsaWFueiBDYXDDrXR1bG8gUGVyZmVpdG8gcG93ZXJlZCBieSBCaWxsYWJvbmcgMjAxNSwgbsOjbyBkZWl4ZXMgZGUgdmVyIQ0KPGlmcmFtZSBzcmM9Ii8vd3d3LnlvdXR1YmUuY29tL2VtYmVkL3JSMGlna0lJTXVBIiB3aWR0aD0iMTAwJSIgaGVpZ2h0PSIzNjAiIGZyYW1lYm9yZGVyPSIwIiBhbGxvd2Z1bGxzY3JlZW49ImFsbG93ZnVsbHNjcmVlbiI+PC9pZnJhbWU+', 1),
(119, 35, 0, '2014-12-30 23:42:04', 'original_id', '', 0, '687', '', 1),
(120, 35, 0, '2014-12-30 23:42:04', 'categories', 'csv_base64', 1, '\"TWFpbiBTTGlkZXI=\",\"bmV3cw==\"', '', 1),
(121, 35, 0, '2014-12-30 23:42:04', 'category_ids', '', 0, '15,16', '', 1),
(122, 36, 0, '2015-01-02 16:11:21', 'title', 'base64', 1, 'TyBFdmVudG8=', 'VGhlIEV2ZW50', 1),
(123, 36, 0, '2015-01-02 16:11:21', 'body', 'base64', 1, '[encoded data, 4716 characters]', 'Rm9yIHRoZSBmaWZ0aMKgY29uc2VjdXRpdmUgeWVhciB3aWxsIGJlIG9yZ2FuaXplZCBhbiBldmVudCBmb3Igc3VyZmVycyB3aG8gZW5qb3kgcGVyZmVjdCB3YXZlcyBhbmQgZGV2b3RlIHRoZWlyIGxpdmVzIGluIHNlYXJjaCBvZiB0aGXCoHBlcmZlY3Qgd2F2ZXMNCg0KPHN0cm9uZz5FVkVOVDwvc3Ryb25nPg0KVGhlIENoYXB0ZXIgUGVyZmVjdCBpcyBhbiBhbm51YWwgY29tcGV0aXRpb24gY29uc2lzdGluZyBpbiBhIG9uZSBkYXkgZXZlbnQsIGluIHRoZSBiZXN0IHdhdmVzIHBvc3NpYmxlLiBUaGUgb3JnYW5pemF0aW9uIHdhbnRzIHRoZSBQZXJmZWN0IENoYXB0ZXIgdG8gbmFycm93IHRoZSBiZXN0IHN1cmZlciBpbiBwZXJmZWN0IGNvbmRpdGlvbnMuIFRoZSB0dWJlwqBpcyB0aGUgZWxlY3Rpb24gbWFuZXV2ZXIsIGJlaW5nIHRoZSBiYXNpcyBvZiB0aGUgZXZhbHVhdGlvbiBjcml0ZXJpYS4NCg0KPHN0cm9uZz5DSE9JQ0U8L3N0cm9uZz4NClRoZSBvcmdhbml6YXRpb24gb2YgdGhlIFBlcmZlY3QgQ2hhcHRlcsKgZm9yIHRoZSA1dGjCoGVkaXRpb24gb2YgdGhlIGV2ZW50IGhhcyBhwqBIaWdoIExldmVsIENvbW1pc3Npb24sIGNvbXBvc2VkIG9mIGZpdmUgcGVyc29uYWxpdGllcyBvZiB0aGUgbmF0aW9uYWwgc3VyZiB0aGF0IGhlbHBlZCBjb21wb3NlIHRoZSBsaXN0IG9mIDI0wqBhdGhsZXRlcyB3aG8gd2lsbCB1bmRlcmdvIHB1YmxpYyB2b3RlLg0KVGhlIHBlcnNvbmFsaXRpZXMgaW52aXRlZCB0byBqb2luIHRoZSBDaGFwdGVyIFBlcmZlY3QgSGlnaCBMZXZlbCBDb21taXNzaW9uIGFyZSBjb25zaWRlcmVkLCB0aGUgZXZpZGVuY2UgZ2l2ZW4gYW5kIGV4cGVyaWVuY2UgZ2FpbmVkIG92ZXIgdGhlIGxhc3QgZmV3IHllYXJzLCB3aGljaCBoYXZlIHRoZSBhYmlsaXR5IGFuZCB0aGUga25vd2xlZGdlIG5lZWRlZCB0byBpZGVudGlmeSB0aGUgMzAgc3VyZmVycyB3aG8gYmVzdCBtZWV0IHRoZSBjcml0ZXJpYSBvZiB0aGlzIGNvbXBldGl0aW9uLg0KRnJvbSB0aGUgbGlzdCBvZiAyNMKgZmluYWxpc3RzIHdpbGwgYmUgZGV0ZXJtaW5lZCBieSBvbmxpbmUgdm90aW5nLCB0aGUgMTLCoHN1cmZlcnMgdGhhdCB3aWxsIGJlIHBhcnQgb2YgdGhlIGNvbXBldGl0aW9uLCB3aGljaCB3aWxsIGpvaW4gNMKgV2lsZGNhcmRzLiBTdXJmZXJzIHdpbGwgYmUgZGl2aWRlZCBpbnRvIE5hY2lvbmFsIGFuZCBJbnRlcm5hdGlvbmFsIFN1cmZlcnMuIFdpbGRjYXJkcyB3aWxsIGJlIGF3YXJkZWQgdG8gdGhlIHdpbm5lciBvZiB0aGUgcHJldmlvdXMgZWRpdGlvbiAoQnJ1bm8gU2FudG9zKSwgwqBhIGxvY2FsIHdoZXJlIHRoZSBldmVudCBpcyBiZWluZyBoZWxkIChCcnVubyBHcmlsbykgYW5kIHR3byBtb3JlIGNob3NlbsKgYnkgdGhlIGNvbW1pdHRlZSBvZiBub3RhYmxlcy4NCg0KPHN0cm9uZz5TVVJGRVJTPC9zdHJvbmc+DQoNClN1cmZlciBDaGFwdGVyIFBlcmZlY3QNClRoZSBvcmdhbml6YXRpb24gZGVmaW5lcyB0aGUgU3VyZmVyIENoYXB0ZXIgUGVyZmVjdCBhcyB0aGUgc3VyZmVyIHdobyBkb21pbmF0ZXMgaW4gdGhlIGZ1bGxuZXNzIHRoZSBvbmx5IG1hbmV1dmVyIGFuZCB0aGUgbWFpbiBldmVudCwgdGhlIFRVQkUuDQoNCiZuYnNwOw0KDQo8c3Ryb25nPlBVQkxJQyBWT1RJTkc8L3N0cm9uZz4NCg0KVGhlIHB1YmxpYyB2b3Rpbmcgd2lsbCB0YWtlIHBsYWNlIGFjY29yZGluZyB0byBhIGNlcnRhaW4gbWF4aW11bSBudW1iZXIgb2Ygdm90ZXMgcGVyIGNhdGVnb3J5IGluIGEgZ2l2ZW4gcGVyaW9kIG9mIHRpbWUgKDExIHRvIDE2wqBKYW51YXJ5KS4NCg0KPHN0cm9uZz5MT0NBTDwvc3Ryb25nPg0KDQpUaGUgTmF6YXLDqSBOb3J0aCBCZWFjaCwgaXMgdGhlIExvY2FsIHNldCBmb3IgdGhlIGNvbXBsZXRpb24gb2YgdGhlIDIwMTYgZWRpdGlvbi4NCg0KPHN0cm9uZz5DT05ESVRJT05TIE9GIFdBVkVTPC9zdHJvbmc+DQpUaGUgY29uZGl0aW9ucyBvZiB3YXZlcyB0aGF0IHRoZSBvcmdhbml6YXRpb24gaW50ZW5kcyB3YXZlcyBhcmUgYmV0d2VlbiAxLjUgYW5kIDIuNSBtZXRlcnMsIHR1YnVsYXIsIHdpdGggd2luZCBPZmZzaG9yZSwgbGVmdCBhbmQgcmlnaHQuDQoNCjxzdHJvbmc+V0FJVElORyBQRVJJT0Q8L3N0cm9uZz4NCkZyb20gMTcgSmFudWFyeSB0byAxNyBNYXJjaA==', 1),
(124, 36, 0, '2015-01-02 16:11:21', 'original_id', '', 0, '511', '', 1),
(125, 37, 0, '2015-01-02 16:20:34', 'title', 'base64', 1, 'Q29taXNzw6NvIGRlIE5vdMOhdmVpcyAyMDE1', 'Q29tbWl0dGVlIG9mIGV4cGVydHM=', 1),
(126, 37, 0, '2015-01-02 16:20:34', 'body', 'base64', 1, 'PHN0cm9uZz5PcyBOb3TDoXZlaXM8L3N0cm9uZz4NCg0KPHN0cm9uZz5Kb8OjbyBWYWxlbnRlPC9zdHJvbmc+IA0KSm/Do28gYWp1ZG91IGEgZm9ybWFyLCBow6EgbWFpcyBkZSAyNSBhbm9zLCBhIHByaW1laXJhIHJldmlzdGEgZGUgc3VyZiBwb3J0dWd1ZXNhLCBxdWUgYWluZGEgaG9qZSDDqSBhIG1hcmNhIGzDrWRlciBubyBzZWN0b3IuIMOJIGRldGVudG9yIGRlIHVtYSBlbm9ybWUgY3VsdHVyYSBkZSBzdXJmIGFkcXVpcmlkYSBubyBjb250YXRvIHBlcm1hbmVudGUgY29tIGEgY29tdW5pZGFkZSBlIGF0cmF2w6lzIGRlIHVtYSBpbmZpbmTDoXZlbCBjb2xlw6fDo28gZGUgbGl2cm9zIGUgcmV2aXN0YXMuDQoNCjxzdHJvbmc+UmljYXJkbyBDYXByaXN0YW5vPC9zdHJvbmc+DQpDb25jZWl0dWFkbyBGaWxtYWtlciBkYSBHby4gUyBUViwgYWNvbXBhbmhhIG8gVGlhZ28gUGlyZXMgZGVzZGUgYSBzdWEgZW50cmFkYSBubyBUb3VyLCB0b3JuYW5kby1zZSBkZXNkZSBlbnTDo28gb3Mgb2xob3MgZGUgUG9ydHVnYWwgbm8gY2lyY3VpdG8gbXVuZGlhbCAgbyBxdWUgbGhlIGTDoSB1bWEgdmlzw6NvIHVuaXZlcnNhbCBkbyBtdW5kbyBkbyBzdXJmLg0KSm/Do28gQW50dW5lcw0KDQo8c3Ryb25nPkpvw6NvIEFudHVuZXM8L3N0cm9uZz4NClRyaWNhbXBlw6NvIG5hY2lvbmFsIGUgdW0gZG9zIGNvbXBldGlkb3JlcyBtYWlzIGludGVsaWdlbnRlcyBxdWUgbyBzdXJmIHBvcnR1Z3XDqnMgZ2Vyb3UuIMOJIHVtIHByb2Z1bmRvIGNvbmhlY2Vkb3IgZGUgdG9kYXMgYXMgdMOpY25pY2FzIGRvIGF0byBkZSBjb3JyZXIgb25kYXMuIA0KDQo8c3Ryb25nPk1pZ3VlbCBGb3J0ZXM8L3N0cm9uZz4NCkV4aW1pbyB0dWJlIHJpZGVyLCB1bmFuaW1lbWVudGUgcmVjb25oZWNpZG8gY29tbyBvIFJlaSBkb3MgQ294b3MsIHBlbG8gc2V1IGRvbcOtbmlvIGRhcyBkYSBtYWlzIGPDqWxlYnJlIGJhw61hIGRvIHN1cmYgUG9ydHVnw6pzLiBBIHF1YWxpZGFkZSBkbyBzZXUgc3VyZiBmZXogY29tIHF1ZSBmb3NzZSBjb25zaWRlcmFkbyBjb21vIGNhbmRpZGF0byBhIHBhcnRpY2lwYXIgbm8gQ2FwaXR1bG8gUGVyZmVpdG8gbmFzIHN1YXMgZHVhcyBwcmltZWlyYXMgZWRpw6fDtWVzLg0KDQo8c3Ryb25nPkdvbsOnYWxvIFJ1aXZvPC9zdHJvbmc+IA0KR29uw6dhbG8gUnVpdm8gw6kgbmVzdGUgbW9tZW50byBvIG1haW9yIGVtYmFpeGFkb3IgcG9ydHVndcOqcyBuYSBJbmRvbsOpc2lhLCBvcmdhbml6YW5kbyBib2F0IHRyaXBzIG5hcyBkaXZlcnNhcyBpbGhhcyBkbyBBcnF1aXDDqWxhZ28uIFBlbGFzIHN1YXMgZW1iYXJjYcOnw7VlcyBqw6EgcGFzc2FyYW0gYSBtYWlvciBwYXJ0ZSBkb3MgbWVsaG9yZXMgc3VyZmlzdGFzIHBvcnR1Z3Vlc2VzLCBzZW5kbyBlbGUgbWVzbW8gdW0gdHViZSByaWRlciBuYXRvLg0KDQo8c3Ryb25nPk51bm8gSm9uZXQ8L3N0cm9uZz4gDQpOdW5vIEpvbmV0IMOpIHVtIGRvcyBtYWlvcmVzIG5vbWVzIGRlIHJlZmVyw6puY2lhIGRvIHN1cmYgbmFjaW9uYWwgZSBtdW5kaWFsLiBDb21lw6dvdSBhIGZhemVyIHN1cmYgZW0gQW5nb2xhIGFvcyAyMSBhbm9zLCBwYWl4w6NvIHF1ZSBjb250aW51b3UgcG9yIHRlcnJhcyBsdXNhcy4gTnVubyBmb2kgam9ybmFsaXN0YSwgZm90w7NncmFmbyBlIMOpIHVtIGRvcyBtYWlzIGNvbmNlaXR1YWRvcyBzcGVha2VycyBpbnRlcm5hY2lvbmFpcywgdGVuZG8gZXN0YWRvIHByZXNlbnRlIGVtIHF1YXNlIHRvZGFzIGFzIG1lbGhvcmVzIHByb3ZhcyBkZSBzdXJmIGRvIG11bmRvIGUgbmFjaW9uYWlzLiBDb20gaXN0bywgw6kgbGhlIGF0cmlidcOtZG8gdW0gZXhjZWxlbnRlIGNvbmhlY2ltZW50byBkYXMgb25kYXMgZSBkb3MgbWVsaG9yZXMgc3VyZmlzdGFzIHBvcnR1Z3Vlc2VzIGUgbXVuZGlhaXMuDQo=', 'PHN0cm9uZz5Kb8OjbyBWYWxlbnRlPC9zdHJvbmc+DQpKb8OjbyBpcyBvbmUgb2YgdGhlIGZvdW5kZXJzLCBmb3Igb3ZlciAyNSB5ZWFycyBub3csIG9mIHRoZSBmaXJzdCBzdXJmaW5nIG1hZ2F6aW5lIGluIFBvcnR1Z2FsLCB3aGljaCBpcyBzdGlsbCB0aGUgbGVhZGluZyBicmFuZCBpbiB0aGUgc2VjdG9yLg0KSGUgaG9sZHMgYSBodWdlIHN1cmYgY3VsdHVyZSBhY3F1aXJlZCBpbiBwZXJtYW5lbnQgY29udGFjdCB3aXRoIHRoZSBjb21tdW5pdHkgYW5kIHRocm91Z2ggYW4gZW5kbGVzcyBjb2xsZWN0aW9uIG9mIGJvb2tzIGFuZCBtYWdhemluZXMuDQoNCjxzdHJvbmc+UmljYXJkbyBDYXByaXN0YW5vPC9zdHJvbmc+DQpXZWxsIGtub3dtIEZpbG1ha2VyIG9mIEdvLiBTIFRWLCBmb2xsb3dzIFRpYWdvIFBpcmVzIHNpbmNlIGl0cyBlbnRyeSBpbiB0aGUgVG91ciwgYmVjb21pbmcgc2luY2UgdGhlbiB0aGUgZXllcyBvZiBQb3J0dWdhbCBvbiB0aGUgd29ybGQgY2lyY3VpdCBnaXZpbmcgeW91IGEgdW5pdmVyc2FsIHZpc2lvbiBvZiB0aGUgc3VyZmluZyB3b3JsZC4NCg0KPHN0cm9uZz5Kb8OjbyBBbnR1bmVzPC9zdHJvbmc+DQpOYXRpb25hbCB0cmlwbGUgY2hhbXBpb24gYW5kIG9uZSBvZiB0aGUgc21hcnRlc3QgY29tcGV0aXRvcnMgdGhhdCB0aGUgUG9ydHVndWVzZSBzdXJmIGdlbmVyYXRlZC4gSXQgaXMgYSBkZWVwIGtub3dsZWRnZSBvZiBhbGwgdGhlIHRlY2huaXF1ZXMgb2YgdGhlIGFjdCBvZiBydW5uaW5nIHdhdmVzLg0KDQo8c3Ryb25nPk1pZ3VlbCBGb3J0ZXM8L3N0cm9uZz4NCkdyZWF0IHR1YmUgcmlkZXIsIHVuYW5pbW91c2x5IHJlY29nbml6ZWQgYXMgdGhlIEtpbmcgb2YgQ294b3MsIFRoZSBxdWFsaXR5IG9mIGhpcyBzdXJmIG1hZGUgaGltIGNvbnNpZGVyZWQgYXMgYSBjYW5kaWRhdGUgdG8gcGFydGljaXBhdGUgaW4gUGVyZmVjdCBDaGFwdGVyIGluIHRoZSBmaXJzdCB0d28gZWRpdGlvbnMuDQoNCjxzdHJvbmc+R29uw6dhbG8gUnVpdm88L3N0cm9uZz4NCkdvbsOnYWxvIGlzIGN1cnJlbnRseSB0aGUgbGFyZ2VzdCBQb3J0dWd1ZXNlIGFtYmFzc2Fkb3IgaW4gSW5kb25lc2lhLCBvcmdhbml6aW5nIGJvYXQgdHJpcHMgaW4gdGhlIHZhcmlvdXMgaXNsYW5kcyBvZiB0aGUgYXJjaGlwZWxhZ28uIEluIGhpcyB2ZXNzZWxzIGhlIGFscmVhZHkgaGFkIG1vc3Qgb2YgdGhlIGJlc3QgUG9ydHVndWVzZSBzdXJmZXJzLCBoZSB0bywgaXMgYSBncmVhdCBiYXJyZWwgcmlkZXIuDQoNCjxzdHJvbmc+TnVubyBKb25ldDwvc3Ryb25nPg0KTnVubyBpcyBvbmUgb2YgdGhlIHJlZmVyZW5jZSBuYW1lcyBvZiB0aGUgbmF0aW9uYWwgYW5kIGdsb2JhbCBzdXJmLiBIZSBzdGFydGVkIHN1cmZpbmcgYXQgYWdlIDIxIGluIEFuZ29sYSwgcGFzc2lvbiB0aGF0IGNvbnRpbnVlZCBpbiBtYWlubGFuZCBQb3J0dWdhbC4gTnVubyB3YXMgYSBqb3VybmFsaXN0LCBwaG90b2dyYXBoZXIgYW5kIGlzIG9uZSBvZiB0aGUgbW9zdCByZW5vd25lZCBpbnRlcm5hdGlvbmFsIHNwZWFrZXJzLCBoYXZpbmcgYmVlbiBwcmVzZW50IGluIGFsbW9zdCBhbGwgdGhlIHdvcmxkJ3MgYmVzdCBzdXJmIGNvbXBldGl0aW9ucy4gV2l0aCB0aGlzLCBpdCBpcyBhc3NpZ25lZCBoaW0gYW4gZXhjZWxsZW50IGtub3dsZWRnZSBvZiB0aGUgd2F2ZXMgYW5kIHRoZSBiZXN0IFBvcnR1Z3Vlc2UgYW5kIHdvcmxkIHN1cmZlcnMu', 1),
(127, 37, 0, '2015-01-02 16:20:34', 'original_id', '', 0, '636', '', 1),
(128, 38, 0, '2015-01-02 16:40:32', 'title', 'base64', 1, 'RW1iYWl4YWRvcmVz', 'QW1iYXNzYWRvcnM=', 1);
INSERT INTO `wp_icl_translate` (`tid`, `job_id`, `content_id`, `timestamp`, `field_type`, `field_format`, `field_translate`, `field_data`, `field_data_translated`, `field_finished`) VALUES
(129, 38, 0, '2015-01-02 16:40:32', 'body', 'base64', 1, 'PGJyPg0KPGg0Pk1hbnVlbCBTw6EgUGVzc29hPC9oND4NCjxwIGNsYXNzPSJhbWIiPk1hbnVlbCBTw6EgUGVzc29hLCBzdWZpc3RhIGRhIFByYWlhIEdyYW5kZSBlIGF0b3IgZGUgcHJvZmlzc8Ojbywgc2VtcHJlIHRldmUgdW1hIGxpZ2HDp8OjbyBtdWl0byBmb3J0ZSBjb20gbyBtYXIuIERpdmlkaWRvIGVudHJlIHByb2pldG9zIHF1ZSB0ZW0gbmEgQWxlbWFuaGEgZSBlbSBQb3J0dWdhbCwgcHJvY3VyYSBzZW1wcmUgcXVlIHBvZGUgZXN0YXIgZGVudHJvIGRlIMOhZ3VhLCBjb20gb3MgYW1pZ29zIG5vIHNldSBoYWJpdGF0IG5hdHVyYWwuIERvbm8gZGUgdW0gc3VyZiBkZSBib20gbsOtdmVsLCBNYW5lbCDDqSB0YWx2ZXogZG9zIG1lbGhvcmVzIHN1cmZpc3RhcyBkbyBub3NzbyBlY3LDoy48L3A+DQoNCjxhIGhyZWY9Imh0dHA6Ly9jYXBpdHVsb3BlcmZlaXRvLmNvbS93cC1jb250ZW50L3VwbG9hZHMvMjAxNC8xMi9NYW5lbFNhUGVzc29hLmpwZWciPjxpbWcgY2xhc3M9ImFsaWdubm9uZSB3cC1pbWFnZS02MjYgc2l6ZS1mdWxsIiBzcmM9Imh0dHA6Ly9jYXBpdHVsb3BlcmZlaXRvLmNvbS93cC1jb250ZW50L3VwbG9hZHMvMjAxNC8xMi9NYW5lbFNhUGVzc29hLmpwZWciIGFsdD0iTWFuZWxTYVBlc3NvYSIgd2lkdGg9IjY0MCIgaGVpZ2h0PSI0MjciIC8+PC9hPg0KPGg0PjwvaDQ+DQo8aDQ+PC9oND4NCjxoND5SaWNhcmRvIFRyZXBhPC9oND4NCjxwIGNsYXNzPSJhbWIiPlJpY2FyZG8gVHJlcGEgw6kgdW0gY29uY2VpdHVhZG8gYXRvciBkZSBjaW5lbWEgcXVlIGNvbWXDp291IHRhcmRlIGEgc3VyZmFyLCBtYXMgc2VtcHJlIGRlbW9uc3Ryb3UgYXRpdHVkZSBlIGNvcmFnZW0gZGVudHJvIGRlIMOhZ3VhLg0KVsOqIG5vIHN1cmYgdW1hIGZvcm1hIGRlIHBvZGVyIGNvbnZpdmVyIGNvbSB1bSBtdW5kbyBvbmRlIG8gYmVtIGVzdGFyIGbDrXNpY28gZSBtZW50YWwgaW1wZXJhbS48L3A+DQoNCjxhIGhyZWY9Imh0dHA6Ly9jYXBpdHVsb3BlcmZlaXRvLmNvbS93cC1jb250ZW50L3VwbG9hZHMvMjAxNC8xMi9yaWNhcmRvLXRyZXBhLmpwZyI+PGltZyBjbGFzcz0iYWxpZ25ub25lIHdwLWltYWdlLTYyMCBzaXplLWxhcmdlIiBzcmM9Imh0dHA6Ly9jYXBpdHVsb3BlcmZlaXRvLmNvbS93cC1jb250ZW50L3VwbG9hZHMvMjAxNC8xMi9yaWNhcmRvLXRyZXBhLTcwMHg0NjYuanBnIiBhbHQ9InJpY2FyZG8tdHJlcGEiIHdpZHRoPSI3MDAiIGhlaWdodD0iNDY2IiAvPjwvYT4NCjxoND48L2g0Pg0KPGg0PjwvaDQ+DQo8aDQ+UGVkcm8gTGltYTwvaDQ+DQo8cCBjbGFzcz0iYW1iIj5QZWRybyBMaW1hLCBhdG9yIGRlIHByb2Zpc3PDo28sIHN1cmZpc3RhIGRlIGNvcmHDp8OjbyBlIHBhaSBkZSBmYW3DrWxpYSBkZSB2b2Nhw6fDo28u4oCow4kgY29zdHVtZSBlbmNvbnRyYXIgZXN0ZSBleC4gYXRsZXRhIG9sw61tcGljbyBkZSBuYXRhw6fDo28gbm8gbGluZSB1cCBjb20gcmVndWxhcmlkYWRlLCBub3MgaW50ZXJ2YWxvcyBkYXMgZ3JhdmHDp8O1ZXMsIHByaW5jaXBhbG1lbnRlIG5vcyBkaWFzIG1haXMgcGVyZmVpdG9zLg0KRGVzdGFjYSBzZSBubyBtZWlvIHBlbG8gYXBvaW8gYSB2YXJpYWRhcyBjYXVzYXMgbGlnYWRhcyDDoSBwcmVzZXJ2YcOnw6NvIGUgdmlzaWJpbGlkYWRlIGRvIHN1cmYuDQpObyAywqogZWRpw6fDo28gZG8gQ2FwaXR1bG8gUGVyZmVpdG8sIGZvaSB1bSBkb3MgMTUgbm90w6F2ZWlzIHF1ZSBhanVkb3UgYSBvcmdhbml6YcOnw6NvIGEgYXB1cmFyIG9zIDMwIHN1cmZpc3RhcyBkZSAyMDEzLjwvcD4NCg0KPGEgaHJlZj0iaHR0cDovL2NhcGl0dWxvcGVyZmVpdG8uY29tL3dwLWNvbnRlbnQvdXBsb2Fkcy8yMDE0LzEyL2NhbXBlb25hdG8tZGUtc3VyZi1yaXBjdXJsLWNhcGl0dWxvLXBlcmZlaXRvLTIwMTIuanBnIj48aW1nIGNsYXNzPSJhbGlnbm5vbmUgd3AtaW1hZ2UtNjI0IHNpemUtbGFyZ2UiIHNyYz0iaHR0cDovL2NhcGl0dWxvcGVyZmVpdG8uY29tL3dwLWNvbnRlbnQvdXBsb2Fkcy8yMDE0LzEyL2NhbXBlb25hdG8tZGUtc3VyZi1yaXBjdXJsLWNhcGl0dWxvLXBlcmZlaXRvLTIwMTItNzAweDQ2Ni5qcGciIGFsdD0iQ2FtcGVvbmF0byBkZSBTdXJmIFJpcEN1cmwgQ2FwaXR1bG8gUGVyZmVpdG8gMjAxMiIgd2lkdGg9IjcwMCIgaGVpZ2h0PSI0NjYiIC8+PC9hPg==', '[encoded data, 5936 characters]', 1),
(130, 38, 0, '2015-01-02 16:40:32', 'original_id', '', 0, '619', '', 1),
(131, 39, 0, '2015-01-02 17:41:54', 'title', 'base64', 1, 'Q29tcGV0aWRvcmVz', 'Q29tcGV0aXRvcnM=', 1),
(132, 39, 0, '2015-01-02 17:41:54', 'body', 'base64', 1, 'PHN0cm9uZz5TdXJmaXN0YXMgQ29tcGV0aWRvcmVzPC9zdHJvbmc+DQpTw6NvIGVzY29saGlkb3MgMTAgc3VyZmlzdGFzIGRlIGNvbXBldGnDp8OjbyBhIHNlcmVtIGxldmFkb3MgYSB2b3Rhw6fDo28gcMO6YmxpY2EsIGRvcyBxdWFpcyBhcGVuYXMgNiBmYXLDo28gcGFydGUgZGEgY29tcGV0acOnw6NvIChwb3IgZXNjb2xoYSBkbyBww7pibGljbykuDQpDb25zaWRlcmFtLXNlIHN1cmZpc3RhcyBjb21wZXRpZG9yZXMgc3VyZmlzdGFzIHBvcnR1Z3Vlc2VzIG91IGNyaWFkb3MgZW0gUG9ydHVnYWwgcXVlIGVzdGVqYW0gYSBjb21wZXRpciBlbSBjaXJjdWl0b3MgcHJvZmlzc2lvbmFpcywgY29tIHByaW5jaXBhbCBpbmNpZMOqbmNpYSBub3MgY2lyY3VpdG9zIG11bmRpYWlzIGRlIGVsaXRlLiBFc3RlcyBkZXZlcsOjbyBzZXIgMTAwJSBwcm9maXNzaW9uYWlzIGUgdGVyIHVtIHBsYW5vIGFudWFsIGNvbSBiYXNlIG5hcyBwcm92YXMgbXVuZGlhaXMgZSBuYWNpb25haXMsIGZhemVuZG8gZGEgY29tcGV0acOnw6NvIGRlIHN1cmYgbyBzZXUgbW9kbyBkZSB2aWRhLiBDb25zaWRlcmEtc2UgY29tbyBjcml0w6lyaW8gYSBleGlzdMOqbmNpYSBkZSB1bSBwYXRyb2NpbmFkb3IgcXVlIGxoZXMgcHJvcG9yY2lvbmUgZXN0YSBjb25kacOnw6NvIGRlIHZpZGEuIE8gc3VyZmlzdGEgY29tcGV0aWRvciDDqSBjb25zaWRlcmFkbyB1bSBleGVtcGxvIHBhcmEgYWxndcOpbSBxdWUgcXVlaXJhIHNlZ3VpciB1bWEgY2FycmVpcmEgcHJvZmlzc2lvbmFsLg0KDQpbY29udmlkYWRvcyBjYXRlZ29yaWE9ImNvbXBldGlkb3JlcyJd', 'W2NvbnZpZGFkb3MgY2F0ZWdvcmlhPSJjb21wZXRpZG9yZXMiXQ==', 1),
(133, 39, 0, '2015-01-02 17:41:54', 'original_id', '', 0, '491', '', 1),
(134, 40, 0, '2015-01-02 17:59:02', 'title', 'base64', 1, 'RnJlZSBTdXJmZXJz', 'RnJlZSBTdXJmZXJz', 1),
(135, 40, 0, '2015-01-02 17:59:02', 'body', 'base64', 1, 'PHN0cm9uZz5GcmVlIFN1cmZlcnM8L3N0cm9uZz4NClPDo28gZXNjb2xoaWRvcyAxMCBmcmVlIHN1cmZlcnMgcHJvZmlzc2lvbmFpcyBhIHNlcmVtIGxldmFkb3MgYSB2b3Rhw6fDo28gcMO6YmxpY2EsIGRvcyBxdWFpcyBhcGVuYXMgMyBmYXLDo28gcGFydGUgZGEgY29tcGV0acOnw6NvIChwb3IgZXNjb2xoYSBkbyBww7pibGljbykuDQpDb25zaWRlcmFtLXNlIGZyZWUgc3VyZmVycyBwcm9maXNzaW9uYWlzIHN1cmZpc3RhcyBwb3J0dWd1ZXNlcyBvdSBjcmlhZG9zIGVtIFBvcnR1Z2FsIHF1ZSBmYcOnYW0gZGEgc3VhIHZpZGEgcHJvZmlzc2lvbmFsIG8gc3VyZiwgbGl2cmVzIGRhIG9icmlnYXRvcmllZGFkZSBkZSBjdW1wcmlyIHVtIGNhbGVuZMOhcmlvIGRlIGNvbXBldGnDp8O1ZXMgaW50ZXJuYWNpb25haXMuIFVtIGZyZWUgc3VyZmVyIHByb2Zpc3Npb25hbCDDqSBwYWdvIHBhcmEgdmlhamFyIHBlbG8gbXVuZG8gZSBzdXJmYXIgb25kYXMgcGVyZmVpdGFzLCBjYXB0YW5kbyBpbWFnZW5zIGVtIGZvdG9ncmFmaWEgZS9vdSBmaWxtZSBwYXJhIHByb21vw6fDo28gZGEgc3VhIGltYWdlbSBub3MgbWVkaWEuIE8gc3VyZmlzdGEgZnJlZSBzdXJmZXIgZGlzdGluZ3VlLXNlIHBlbG8gcGxhbm8gZGUgcmV0b3JubyBhIHBhdHJvY2luYWRvcmVzIGVtIGZ1bsOnw6NvIGRhIHN1YSBpbWFnZW0uDQoNCltjb252aWRhZG9zIGNhdGVnb3JpYT0iZnJlZS1zdXJmZXJzIl0=', 'TG9yZW0gaXBzdW0gZG9sb3Igc2l0IGFtZXQsIGNvbnNlY3RldHVyIGFkaXBpc2NpbmcgZWxpdCwgc2VkIGRvIGVpdXNtb2QgdGVtcG9yIGluY2lkaWR1bnQgdXQgbGFib3JlIGV0IGRvbG9yZSBtYWduYSBhbGlxdWEuIFV0IGVuaW0gYWQgbWluaW0gdmVuaWFtLCBxdWlzIG5vc3RydWQgZXhlcmNpdGF0aW9uIHVsbGFtY28gbGFib3JpcyBuaXNpIHV0IGFsaXF1aXAgZXggZWEgY29tbW9kbyBjb25zZXF1YXQuIER1aXMgYXV0ZSBpcnVyZSBkb2xvciBpbiByZXByZWhlbmRlcml0IGluIHZvbHVwdGF0ZSB2ZWxpdCBlc3NlIGNpbGx1bSBkb2xvcmUgZXUgZnVnaWF0IG51bGxhIHBhcmlhdHVyLiBFeGNlcHRldXIgc2ludCBvY2NhZWNhdCBjdXBpZGF0YXQgbm9uIHByb2lkZW50LCBzdW50IGluIGN1bHBhIHF1aSBvZmZpY2lhIGRlc2VydW50IG1vbGxpdCBhbmltIGlkIGVzdCBsYWJvcnVtDQoNCiZuYnNwOw0KDQpbY29udmlkYWRvcyBjYXRlZ29yaWE9ImZyZWUtc3VyZmVycyJd', 0),
(136, 40, 0, '2015-01-02 17:59:02', 'original_id', '', 0, '493', '', 0),
(137, 41, 0, '2015-01-02 18:16:42', 'title', 'base64', 1, 'U291bCBTdXJmZXJz', 'U291bCBTdXJmZXJz', 1),
(138, 41, 0, '2015-01-02 18:16:42', 'body', 'base64', 1, 'PHN0cm9uZz5Tb3VsIFN1cmZlcnM8L3N0cm9uZz4NClPDo28gZXNjb2xoaWRvcyAxMCBTb3VsIFN1cmZlcnMgYSBzZXJlbSBsZXZhZG9zIGEgdm90YcOnw6NvIHDDumJsaWNhLCBkb3MgcXVhaXMgYXBlbmFzIDEgZmFyw6NvIHBhcnRlIGRhIGNvbXBldGnDp8OjbyAocG9yIGVzY29saGEgZG8gcMO6YmxpY28pLg0KQ29uc2lkZXJhbS1zZSBzb3VsIHN1cmZlcnMgc3VyZmlzdGFzIHBvcnR1Z3Vlc2VzIG91IGNyaWFkb3MgZW0gUG9ydHVnYWwgcXVlIHTDqm0gdW0gaGlzdG9yaWFsIGRlIHN1cmYgYW8gbG9uZ28gZGEgc3VhIHZpZGEgZSBxdWUgZmHDp2FtIGRvIHN1cmYgdW1hIHByaW9yaWRhZGUgYXBlbmFzIHNlY3VuZGFyaXphZGEgcGVsYXMgcmVzcG9uc2FiaWxpZGFkZXMgcHJvZmlzc2lvbmFpcy4gT3MgY3JpdMOpcmlvcyBhIHRlciBlbSBjb250YSBuYSBzZWxlw6fDo28gZGVzdGVzIHN1cmZpc3RhcyBwcmVuZGVtLXNlIGNvbSBhIMOhcmVhIGRlIHJlc2lkw6puY2lhLCBhIHByb2Zpc3PDo28gZSBhIOKAnGdpbsOhc3RpY2HigJ0gcXVlIGZhemVtIHBhcmEgdGVyZW0gZGlzcG9uaWJpbGlkYWRlIHBhcmEgc3VyZmFyIGUvb3UgdmlhamFyIG5vcyBkaWFzIGVtIHF1ZSBvIG1hciBlc3TDoSBwZXJmZWl0by4gTyBTb3VsIFN1cmZlciDDqSBjb25zaWRlcmFkb3MgdW0gw61jb25lIG5hIHN1YSBwcmFpYSBsb2NhbCBlIG5vcyBtZWRpYSBkYSBlc3BlY2lhbGlkYWRlDQoNCltjb252aWRhZG9zIGNhdGVnb3JpYT0ic291bC1zdXJmZXJzIl0=', 'TG9yZW0gaXBzdW0gZG9sb3Igc2l0IGFtZXQsIGNvbnNlY3RldHVyIGFkaXBpc2NpbmcgZWxpdCwgc2VkIGRvIGVpdXNtb2QgdGVtcG9yIGluY2lkaWR1bnQgdXQgbGFib3JlIGV0IGRvbG9yZSBtYWduYSBhbGlxdWEuIFV0IGVuaW0gYWQgbWluaW0gdmVuaWFtLCBxdWlzIG5vc3RydWQgZXhlcmNpdGF0aW9uIHVsbGFtY28gbGFib3JpcyBuaXNpIHV0IGFsaXF1aXAgZXggZWEgY29tbW9kbyBjb25zZXF1YXQuIER1aXMgYXV0ZSBpcnVyZSBkb2xvciBpbiByZXByZWhlbmRlcml0IGluIHZvbHVwdGF0ZSB2ZWxpdCBlc3NlIGNpbGx1bSBkb2xvcmUgZXUgZnVnaWF0IG51bGxhIHBhcmlhdHVyLiBFeGNlcHRldXIgc2ludCBvY2NhZWNhdCBjdXBpZGF0YXQgbm9uIHByb2lkZW50LCBzdW50IGluIGN1bHBhIHF1aSBvZmZpY2lhIGRlc2VydW50IG1vbGxpdCBhbmltIGlkIGVzdCBsYWJvcnVtDQoNCiZuYnNwOw0KDQpbY29udmlkYWRvcyBjYXRlZ29yaWE9InNvdWwtc3VyZmVycyJd', 0),
(139, 41, 0, '2015-01-02 18:16:42', 'original_id', '', 0, '495', '', 0),
(140, 42, 0, '2015-01-02 18:48:35', 'title', 'base64', 1, 'V2lsZGNhcmRz', 'V2lsZGNhcmRz', 1),
(141, 42, 0, '2015-01-02 18:48:35', 'body', 'base64', 1, 'QSBjb21wZXRpw6fDo28sIGVzdGUgYW5vLCB0ZXLDoSB0csOqcyBXaWxkY2FyZHMgcXVlIHNlcsOjbyBhdHJpYnXDrWRvcyBkYSBzZWd1aW50ZSBtYW5laXJhOg0KMS1PIHZlbmNlZG9yIGRhIGVkacOnw6NvIGRvIGFubyBhbnRlcmlvciwgTmljb2xhdSBWb24gUnVwcC4NCjItTyBXaWxjYXJkIGxvY2FsLCBhdHJpYnXDrWRvIGEgdW0gc3VyZmlzdGEgZW0gZGVzdGFxdWUgZGUgQ2FyY2F2ZWxvcywgUm9kcmlnbyBIZXLDqWRpYS4gDQozLVN1cmZpc3RhIGVzY29saGlkbyBhdXRvbWF0aWNhbWVudGUgcGVsYSBjb21pc3PDo28gZGUgbm90w6F2ZWlzIChEYSBsaXN0YSBmaW5hbCBlc2NvbGhpZGEsIGNhZGEgZWxlbWVudG8gZGEgY29taXNzw6NvIGRlIG5vdMOhdmVpcyBpcsOhIGVsZWdlciB1bSBzdXJmaXN0YSBxdWUgaWRlbnRpZmlxdWUgY29tbyBzZW5kbyBvIGF0bGV0YSBxdWUgdGVtIG1haW9yIHByb2JhYmlsaWRhZGUgZGUgbsOjbyBzZXIgdm90YWRvLCBkYW5kbyBhc3NpbSBoaXDDs3Rlc2UgYW9zIHN1cmZpc3RhcyBtZW5vcyBjb25oZWNpZG9zL3ZvdGFkb3MsIGRlIHJlY2ViZXJhbSBlbnRyYWRhIGRpcmVjdGEgbmEgcHJvdmEuIENhc28gbyBzdXJmaXN0YSBxdWUgb2N1cGFyIG8gMcK6IGx1Z2FyIHRlbmhhIHNpZG8gZXNjb2xoaWRvIHBlbG8gcMO6YmxpY28sIG8gd2lsZGNhcmQgc2Vyw6EgYXRyaWJ1w61kbyBhdXRvbWF0aWNhbWVudGUgYW8gc3VyZmlzdGEgcXVlIG9jdXBhIG8gMsK6IGx1Z2FyIGUgYXNzaW0gc3VjZXNzaXZhbWVudGUpLg0KW2NvbnZpZGFkb3MgY2F0ZWdvcmlhPSJ3aWxkY2FyZHMiXQ==', 'Jm5ic3A7CgpbY29udmlkYWRvcyBjYXRlZ29yaWE9IndpbGRjYXJkcyJd', 1),
(142, 42, 0, '2015-01-02 18:48:35', 'original_id', '', 0, '497', '', 1),
(143, 43, 0, '2015-01-05 23:54:49', 'title', 'base64', 1, 'UHJldmlzw6Nv', 'Rm9yZWNhc3Q=', 1),
(144, 43, 0, '2015-01-05 23:54:49', 'body', 'base64', 1, 'PGlmcmFtZSBpZD0iaWZyYW1lX3N1cmZsaW5lIiBzcmM9Imh0dHA6Ly93d3cuc3VyZnJlcG9ydC5wdC9saXZlX2NhcGl0dWxvcGVyZmVpdG8ucGhwIiB3aWR0aD0iMTAwJSIgaGVpZ2h0PSIyMjgwIj48L2lmcmFtZT4=', 'PGlmcmFtZSBpZD0iaWZyYW1lX3N1cmZsaW5lIiBzcmM9Imh0dHA6Ly93d3cuc3VyZnJlcG9ydC5wdC9saXZlX2NhcGl0dWxvcGVyZmVpdG8ucGhwIiB3aWR0aD0iMTAwJSIgaGVpZ2h0PSIyMjgwIj48L2lmcmFtZT4=', 1),
(145, 43, 0, '2015-01-05 23:54:49', 'original_id', '', 0, '837', '', 1),
(146, 44, 0, '2015-01-06 02:08:31', 'title', 'base64', 1, 'R2FsZXJpYSBUZXN0ZSAjMg==', 'Q2hlY2sgb3V0IHRoaXMgdGVzdCBHYWxsZXJ5', 1),
(147, 44, 0, '2015-01-06 02:08:31', 'body', 'base64', 1, 'U2VkIHV0IHBlcnNwaWNpYXRpcyB1bmRlIG9tbmlzIGlzdGUgbmF0dXMgZXJyb3Igc2l0IHZvbHVwdGF0ZW0gYWNjdXNhbnRpdW0gZG9sb3JlbXF1ZSBsYXVkYW50aXVtLCB0b3RhbSByZW0gYXBlcmlhbSwgZWFxdWUgaXBzYSBxdWFlIGFiIGlsbG8gaW52ZW50b3JlIHZlcml0YXRpcyBldCBxdWFzaSBhcmNoaXRlY3RvIGJlYXRhZSB2aXRhZSBkaWN0YSBzdW50IGV4cGxpY2Fiby4gTmVtbyBlbmltIGlwc2FtIHZvbHVwdGF0ZW0gcXVpYSB2b2x1cHRhcyBzaXQgYXNwZXJuYXR1ciBhdXQgb2RpdCBhdXQgZnVnaXQsIHNlZCBxdWlhIGNvbnNlcXV1bnR1ciBtYWduaSBkb2xvcmVzIGVvcyBxdWkgcmF0aW9uZSB2b2x1cHRhdGVtIHNlcXVpIG5lc2NpdW50LiBOZXF1ZSBwb3JybyBxdWlzcXVhbSBlc3QsIHF1aSBkb2xvcmVtIGlwc3VtIHF1aWEgZG9sb3Igc2l0IGFtZXQsIGNvbnNlY3RldHVyLCBhZGlwaXNjaSB2ZWxpdCwgc2VkIHF1aWEgbm9uIG51bXF1YW0gZWl1cyBtb2RpIHRlbXBvcmEgaW5jaWR1bnQgdXQgbGFib3JlIGV0IGRvbG9yZSBtYWduYW0gYWxpcXVhbSBxdWFlcmF0IHZvbHVwdGF0ZW0uIFV0IGVuaW0gYWQgbWluaW1hIHZlbmlhbSwgcXVpcyBub3N0cnVtIGV4ZXJjaXRhdGlvbmVtIHVsbGFtIGNvcnBvcmlzIHN1c2NpcGl0IGxhYm9yaW9zYW0sIG5pc2kgdXQgYWxpcXVpZCBleCBlYSBjb21tb2RpIGNvbnNlcXVhdHVyPyBRdWlzIGF1dGVtIHZlbCBldW0gaXVyZSByZXByZWhlbmRlcml0IHF1aSBpbiBlYSB2b2x1cHRhdGUgdmVsaXQgZXNzZSBxdWFtIG5paGlsIG1vbGVzdGlhZSBjb25zZXF1YXR1ciwgdmVsIGlsbHVtIHF1aSBkb2xvcmVtIGV1bSBmdWdpYXQgcXVvIHZvbHVwdGFzIG51bGxhIHBhcmlhdHVyPw==', 'U2VkIHV0IHBlcnNwaWNpYXRpcyB1bmRlIG9tbmlzIGlzdGUgbmF0dXMgZXJyb3Igc2l0IHZvbHVwdGF0ZW0gYWNjdXNhbnRpdW0gZG9sb3JlbXF1ZSBsYXVkYW50aXVtLCB0b3RhbSByZW0gYXBlcmlhbSwgZWFxdWUgaXBzYSBxdWFlIGFiIGlsbG8gaW52ZW50b3JlIHZlcml0YXRpcyBldCBxdWFzaSBhcmNoaXRlY3RvIGJlYXRhZSB2aXRhZSBkaWN0YSBzdW50IGV4cGxpY2Fiby4gTmVtbyBlbmltIGlwc2FtIHZvbHVwdGF0ZW0gcXVpYSB2b2x1cHRhcyBzaXQgYXNwZXJuYXR1ciBhdXQgb2RpdCBhdXQgZnVnaXQsIHNlZCBxdWlhIGNvbnNlcXV1bnR1ciBtYWduaSBkb2xvcmVzIGVvcyBxdWkgcmF0aW9uZSB2b2x1cHRhdGVtIHNlcXVpIG5lc2NpdW50LiBOZXF1ZSBwb3JybyBxdWlzcXVhbSBlc3QsIHF1aSBkb2xvcmVtIGlwc3VtIHF1aWEgZG9sb3Igc2l0IGFtZXQsIGNvbnNlY3RldHVyLCBhZGlwaXNjaSB2ZWxpdCwgc2VkIHF1aWEgbm9uIG51bXF1YW0gZWl1cyBtb2RpIHRlbXBvcmEgaW5jaWR1bnQgdXQgbGFib3JlIGV0IGRvbG9yZSBtYWduYW0gYWxpcXVhbSBxdWFlcmF0IHZvbHVwdGF0ZW0uIFV0IGVuaW0gYWQgbWluaW1hIHZlbmlhbSwgcXVpcyBub3N0cnVtIGV4ZXJjaXRhdGlvbmVtIHVsbGFtIGNvcnBvcmlzIHN1c2NpcGl0IGxhYm9yaW9zYW0sIG5pc2kgdXQgYWxpcXVpZCBleCBlYSBjb21tb2RpIGNvbnNlcXVhdHVyPyBRdWlzIGF1dGVtIHZlbCBldW0gaXVyZSByZXByZWhlbmRlcml0IHF1aSBpbiBlYSB2b2x1cHRhdGUgdmVsaXQgZXNzZSBxdWFtIG5paGlsIG1vbGVzdGlhZSBjb25zZXF1YXR1ciwgdmVsIGlsbHVtIHF1aSBkb2xvcmVtIGV1bSBmdWdpYXQgcXVvIHZvbHVwdGFzIG51bGxhIHBhcmlhdHVyPw==', 1),
(148, 44, 0, '2015-01-06 02:08:31', 'original_id', '', 0, '460', '', 0),
(149, 44, 0, '2015-01-06 02:08:31', 'categories', 'csv_base64', 1, '\"R2FsZXJpYXM=\",\"Tm90w61jaWFz\"', '', 1),
(150, 44, 0, '2015-01-06 02:08:31', 'category_ids', '', 0, '12,10', '', 0),
(151, 45, 0, '2015-01-06 02:08:31', 'title', 'base64', 1, 'R2FsZXJpYSBUZXN0ZSAjMQ==', 'SnVzdCBhbm90aGVyIGNvb2wgR2FsbGVyeQ==', 1),
(152, 45, 0, '2015-01-06 02:08:31', 'body', 'base64', 1, 'U2VkIHV0IHBlcnNwaWNpYXRpcyB1bmRlIG9tbmlzIGlzdGUgbmF0dXMgZXJyb3Igc2l0IHZvbHVwdGF0ZW0gYWNjdXNhbnRpdW0gZG9sb3JlbXF1ZSBsYXVkYW50aXVtLCB0b3RhbSByZW0gYXBlcmlhbSwgZWFxdWUgaXBzYSBxdWFlIGFiIGlsbG8gaW52ZW50b3JlIHZlcml0YXRpcyBldCBxdWFzaSBhcmNoaXRlY3RvIGJlYXRhZSB2aXRhZSBkaWN0YSBzdW50IGV4cGxpY2Fiby4gTmVtbyBlbmltIGlwc2FtIHZvbHVwdGF0ZW0gcXVpYSB2b2x1cHRhcyBzaXQgYXNwZXJuYXR1ciBhdXQgb2RpdCBhdXQgZnVnaXQsIHNlZCBxdWlhIGNvbnNlcXV1bnR1ciBtYWduaSBkb2xvcmVzIGVvcyBxdWkgcmF0aW9uZSB2b2x1cHRhdGVtIHNlcXVpIG5lc2NpdW50LiBOZXF1ZSBwb3JybyBxdWlzcXVhbSBlc3QsIHF1aSBkb2xvcmVtIGlwc3VtIHF1aWEgZG9sb3Igc2l0IGFtZXQsIGNvbnNlY3RldHVyLCBhZGlwaXNjaSB2ZWxpdCwgc2VkIHF1aWEgbm9uIG51bXF1YW0gZWl1cyBtb2RpIHRlbXBvcmEgaW5jaWR1bnQgdXQgbGFib3JlIGV0IGRvbG9yZSBtYWduYW0gYWxpcXVhbSBxdWFlcmF0IHZvbHVwdGF0ZW0uIFV0IGVuaW0gYWQgbWluaW1hIHZlbmlhbSwgcXVpcyBub3N0cnVtIGV4ZXJjaXRhdGlvbmVtIHVsbGFtIGNvcnBvcmlzIHN1c2NpcGl0IGxhYm9yaW9zYW0sIG5pc2kgdXQgYWxpcXVpZCBleCBlYSBjb21tb2RpIGNvbnNlcXVhdHVyPyBRdWlzIGF1dGVtIHZlbCBldW0gaXVyZSByZXByZWhlbmRlcml0IHF1aSBpbiBlYSB2b2x1cHRhdGUgdmVsaXQgZXNzZSBxdWFtIG5paGlsIG1vbGVzdGlhZSBjb25zZXF1YXR1ciwgdmVsIGlsbHVtIHF1aSBkb2xvcmVtIGV1bSBmdWdpYXQgcXVvIHZvbHVwdGFzIG51bGxhIHBhcmlhdHVyPw==', 'U2VkIHV0IHBlcnNwaWNpYXRpcyB1bmRlIG9tbmlzIGlzdGUgbmF0dXMgZXJyb3Igc2l0IHZvbHVwdGF0ZW0gYWNjdXNhbnRpdW0gZG9sb3JlbXF1ZSBsYXVkYW50aXVtLCB0b3RhbSByZW0gYXBlcmlhbSwgZWFxdWUgaXBzYSBxdWFlIGFiIGlsbG8gaW52ZW50b3JlIHZlcml0YXRpcyBldCBxdWFzaSBhcmNoaXRlY3RvIGJlYXRhZSB2aXRhZSBkaWN0YSBzdW50IGV4cGxpY2Fiby4gTmVtbyBlbmltIGlwc2FtIHZvbHVwdGF0ZW0gcXVpYSB2b2x1cHRhcyBzaXQgYXNwZXJuYXR1ciBhdXQgb2RpdCBhdXQgZnVnaXQsIHNlZCBxdWlhIGNvbnNlcXV1bnR1ciBtYWduaSBkb2xvcmVzIGVvcyBxdWkgcmF0aW9uZSB2b2x1cHRhdGVtIHNlcXVpIG5lc2NpdW50LiBOZXF1ZSBwb3JybyBxdWlzcXVhbSBlc3QsIHF1aSBkb2xvcmVtIGlwc3VtIHF1aWEgZG9sb3Igc2l0IGFtZXQsIGNvbnNlY3RldHVyLCBhZGlwaXNjaSB2ZWxpdCwgc2VkIHF1aWEgbm9uIG51bXF1YW0gZWl1cyBtb2RpIHRlbXBvcmEgaW5jaWR1bnQgdXQgbGFib3JlIGV0IGRvbG9yZSBtYWduYW0gYWxpcXVhbSBxdWFlcmF0IHZvbHVwdGF0ZW0uIFV0IGVuaW0gYWQgbWluaW1hIHZlbmlhbSwgcXVpcyBub3N0cnVtIGV4ZXJjaXRhdGlvbmVtIHVsbGFtIGNvcnBvcmlzIHN1c2NpcGl0IGxhYm9yaW9zYW0sIG5pc2kgdXQgYWxpcXVpZCBleCBlYSBjb21tb2RpIGNvbnNlcXVhdHVyPyBRdWlzIGF1dGVtIHZlbCBldW0gaXVyZSByZXByZWhlbmRlcml0IHF1aSBpbiBlYSB2b2x1cHRhdGUgdmVsaXQgZXNzZSBxdWFtIG5paGlsIG1vbGVzdGlhZSBjb25zZXF1YXR1ciwgdmVsIGlsbHVtIHF1aSBkb2xvcmVtIGV1bSBmdWdpYXQgcXVvIHZvbHVwdGFzIG51bGxhIHBhcmlhdHVyPw==', 1),
(153, 45, 0, '2015-01-06 02:08:31', 'original_id', '', 0, '454', '', 0),
(154, 45, 0, '2015-01-06 02:08:31', 'categories', 'csv_base64', 1, '\"R2FsZXJpYXM=\",\"TWFpbiBTbGlkZXI=\",\"Tm90w61jaWFz\"', '', 1),
(155, 45, 0, '2015-01-06 02:08:31', 'category_ids', '', 0, '12,11,10', '', 0),
(156, 46, 0, '2015-01-06 02:08:32', 'title', 'base64', 1, 'QXJ0aWdvIGRvIFNsaWRlciBwcmluY2lwYWw=', 'VGhpcyBpcyBhIGFydGljbGUgZXhhbXBsZQ==', 1),
(157, 46, 0, '2015-01-06 02:08:32', 'body', 'base64', 1, 'YXTDqSBwb2RlIHRlciBhcXVpIHRleHRvIGjDoz8=', 'U2VkIHV0IHBlcnNwaWNpYXRpcyB1bmRlIG9tbmlzIGlzdGUgbmF0dXMgZXJyb3Igc2l0IHZvbHVwdGF0ZW0gYWNjdXNhbnRpdW0gZG9sb3JlbXF1ZSBsYXVkYW50aXVtLCB0b3RhbSByZW0gYXBlcmlhbSwgZWFxdWUgaXBzYSBxdWFlIGFiIGlsbG8gaW52ZW50b3JlIHZlcml0YXRpcyBldCBxdWFzaSBhcmNoaXRlY3RvIGJlYXRhZSB2aXRhZSBkaWN0YSBzdW50IGV4cGxpY2Fiby4gTmVtbyBlbmltIGlwc2FtIHZvbHVwdGF0ZW0gcXVpYSB2b2x1cHRhcyBzaXQgYXNwZXJuYXR1ciBhdXQgb2RpdCBhdXQgZnVnaXQsIHNlZCBxdWlhIGNvbnNlcXV1bnR1ciBtYWduaSBkb2xvcmVzIGVvcyBxdWkgcmF0aW9uZSB2b2x1cHRhdGVtIHNlcXVpIG5lc2NpdW50LiBOZXF1ZSBwb3JybyBxdWlzcXVhbSBlc3QsIHF1aSBkb2xvcmVtIGlwc3VtIHF1aWEgZG9sb3Igc2l0IGFtZXQsIGNvbnNlY3RldHVyLCBhZGlwaXNjaSB2ZWxpdCwgc2VkIHF1aWEgbm9uIG51bXF1YW0gZWl1cyBtb2RpIHRlbXBvcmEgaW5jaWR1bnQgdXQgbGFib3JlIGV0IGRvbG9yZSBtYWduYW0gYWxpcXVhbSBxdWFlcmF0IHZvbHVwdGF0ZW0uIFV0IGVuaW0gYWQgbWluaW1hIHZlbmlhbSwgcXVpcyBub3N0cnVtIGV4ZXJjaXRhdGlvbmVtIHVsbGFtIGNvcnBvcmlzIHN1c2NpcGl0IGxhYm9yaW9zYW0sIG5pc2kgdXQgYWxpcXVpZCBleCBlYSBjb21tb2RpIGNvbnNlcXVhdHVyPyBRdWlzIGF1dGVtIHZlbCBldW0gaXVyZSByZXByZWhlbmRlcml0IHF1aSBpbiBlYSB2b2x1cHRhdGUgdmVsaXQgZXNzZSBxdWFtIG5paGlsIG1vbGVzdGlhZSBjb25zZXF1YXR1ciwgdmVsIGlsbHVtIHF1aSBkb2xvcmVtIGV1bSBmdWdpYXQgcXVvIHZvbHVwdGFzIG51bGxhIHBhcmlhdHVyPw==', 1),
(158, 46, 0, '2015-01-06 02:08:32', 'original_id', '', 0, '451', '', 0),
(159, 46, 0, '2015-01-06 02:08:32', 'categories', 'csv_base64', 1, '\"TWFpbiBTbGlkZXI=\",\"Tm90w61jaWFz\"', '', 1),
(160, 46, 0, '2015-01-06 02:08:32', 'category_ids', '', 0, '11,10', '', 0),
(161, 47, 0, '2015-01-06 02:08:32', 'title', 'base64', 1, 'RXhlbXBsbyBkZSBBcnRpZ28=', 'VHlwb2dyYXBoeSBhcnRpY2xlIGV4YW1wbGU=', 1),
(162, 47, 0, '2015-01-06 02:08:32', 'body', 'base64', 1, 'PHN0cm9uZz5BdCB2ZXJvIGVvczwvc3Ryb25nPiBldCBhY2N1c2FtdXMgZXQgaXVzdG8gb2RpbyBkaWduaXNzaW1vcyBkdWNpbXVzIHF1aSBibGFuZGl0aWlzIHByYWVzZW50aXVtIHZvbHVwdGF0dW0gZGVsZW5pdGkgYXRxdWUgY29ycnVwdGkgcXVvcyBkb2xvcmVzIGV0IHF1YXMgbW9sZXN0aWFzIGV4Y2VwdHVyaSBzaW50IG9jY2FlY2F0aSBjdXBpZGl0YXRlIG5vbiBwcm92aWRlbnQsIHNpbWlsaXF1ZSBzdW50IGluIGN1bHBhIHF1aSBvZmZpY2lhIGRlc2VydW50IG1vbGxpdGlhIGFuaW1pLCBpZCBlc3QgbGFib3J1bSBldCBkb2xvcnVtIGZ1Z2EuIEV0IGhhcnVtIHF1aWRlbSByZXJ1bSBmYWNpbGlzIGVzdCBldCBleHBlZGl0YSBkaXN0aW5jdGlvLg0KDQo8ZW0+TmFtIGxpYmVybyB0ZW1wb3JlPC9lbT4sIGN1bSBzb2x1dGEgbm9iaXMgZXN0IGVsaWdlbmRpIG9wdGlvIGN1bXF1ZSBuaWhpbCBpbXBlZGl0IHF1byBtaW51cyBpZCBxdW9kIG1heGltZSBwbGFjZWF0IGZhY2VyZSBwb3NzaW11cywgb21uaXMgdm9sdXB0YXMgYXNzdW1lbmRhIGVzdCwgb21uaXMgZG9sb3IgcmVwZWxsZW5kdXMuIFRlbXBvcmlidXMgYXV0ZW0gcXVpYnVzZGFtIGV0IGF1dCBvZmZpY2lpcyBkZWJpdGlzIGF1dCByZXJ1bSBuZWNlc3NpdGF0aWJ1cyBzYWVwZSBldmVuaWV0IHV0IGV0IHZvbHVwdGF0ZXMgcmVwdWRpYW5kYWUgc2ludCBldCBtb2xlc3RpYWUgbm9uIHJlY3VzYW5kYWUuIEl0YXF1ZSBlYXJ1bSByZXJ1bSBoaWMgdGVuZXR1ciBhIHNhcGllbnRlIGRlbGVjdHVzLCB1dCBhdXQgcmVpY2llbmRpcyB2b2x1cHRhdGlidXMgbWFpb3JlcyBhbGlhcyBjb25zZXF1YXR1ciBhdXQgcGVyZmVyZW5kaXMgZG9sb3JpYnVzIGFzcGVyaW9yZXMgcmVwZWxsYXQNCg0KJm5ic3A7DQo8dWw+DQoJPGxpPmN1bSBzb2x1dGEgbm9iaXMgZXN0IGVsaWdlbmRpPC9saT4NCgk8bGk+b3B0aW8gY3VtcXVlIG5paGlsIGltcGVkaXQgcXVvIG1pbnVzIGlkIHF1b2QgbWF4aW1lIHBsYWNlYXQgZmFjZXJlIHBvc3NpbXVzPC9saT4NCgk8bGk+b21uaXMgdm9sdXB0YXMgYXNzdW1lbmRhIGVzdCwgb21uaXMgZG9sb3IgcmVwZWxsZW5kdXMuIFRlbXBvcmlidXMgYXV0ZW0gcXVpYnVzZGFtPC9saT4NCjwvdWw+DQombmJzcDsNCjxvbD4NCgk8bGk+Y3VtIHNvbHV0YSBub2JpcyBlc3QgZWxpZ2VuZGk8L2xpPg0KCTxsaT5vcHRpbyBjdW1xdWUgbmloaWwgaW1wZWRpdCBxdW8gbWludXMgaWQgcXVvZCBtYXhpbWUgcGxhY2VhdCBmYWNlcmUgcG9zc2ltdXM8L2xpPg0KCTxsaT5vbW5pcyB2b2x1cHRhcyBhc3N1bWVuZGEgZXN0LCBvbW5pcyBkb2xvciByZXBlbGxlbmR1cy4gVGVtcG9yaWJ1cyBhdXRlbSBxdWlidXNkYW08L2xpPg0KPC9vbD4NCiZuYnNwOw0KPGJsb2NrcXVvdGU+PGEgdGl0bGU9Imdvb2dsZSBpdCIgaHJlZj0iaHR0cDovL2dvb2dsZS5wdCI+SXRhcXVlIGVhcnVtIHJlcnVtPC9hPiBoaWMgdGVuZXR1ciBhIHNhcGllbnRlIGRlbGVjdHVzLCB1dCBhdXQgcmVpY2llbmRpcyB2b2x1cHRhdGlidXMgbWFpb3JlcyBhbGlhcyBjb25zZXF1YXR1ciBhdXQgcGVyZmVyZW5kaXMgZG9sb3JpYnVzIGFzcGVyaW9yZXMgcmVwZWxsYXQ8L2Jsb2NrcXVvdGU+DQombmJzcDsNCg0KJm5ic3A7', 'PHN0cm9uZz5BdCB2ZXJvIGVvczwvc3Ryb25nPiBldCBhY2N1c2FtdXMgZXQgaXVzdG8gb2RpbyBkaWduaXNzaW1vcyBkdWNpbXVzIHF1aSBibGFuZGl0aWlzIHByYWVzZW50aXVtIHZvbHVwdGF0dW0gZGVsZW5pdGkgYXRxdWUgY29ycnVwdGkgcXVvcyBkb2xvcmVzIGV0IHF1YXMgbW9sZXN0aWFzIGV4Y2VwdHVyaSBzaW50IG9jY2FlY2F0aSBjdXBpZGl0YXRlIG5vbiBwcm92aWRlbnQsIHNpbWlsaXF1ZSBzdW50IGluIGN1bHBhIHF1aSBvZmZpY2lhIGRlc2VydW50IG1vbGxpdGlhIGFuaW1pLCBpZCBlc3QgbGFib3J1bSBldCBkb2xvcnVtIGZ1Z2EuIEV0IGhhcnVtIHF1aWRlbSByZXJ1bSBmYWNpbGlzIGVzdCBldCBleHBlZGl0YSBkaXN0aW5jdGlvLiA8ZW0+TmFtIGxpYmVybyB0ZW1wb3JlPC9lbT4sIGN1bSBzb2x1dGEgbm9iaXMgZXN0IGVsaWdlbmRpIG9wdGlvIGN1bXF1ZSBuaWhpbCBpbXBlZGl0IHF1byBtaW51cyBpZCBxdW9kIG1heGltZSBwbGFjZWF0IGZhY2VyZSBwb3NzaW11cywgb21uaXMgdm9sdXB0YXMgYXNzdW1lbmRhIGVzdCwgb21uaXMgZG9sb3IgcmVwZWxsZW5kdXMuIFRlbXBvcmlidXMgYXV0ZW0gcXVpYnVzZGFtIGV0IGF1dCBvZmZpY2lpcyBkZWJpdGlzIGF1dCByZXJ1bSBuZWNlc3NpdGF0aWJ1cyBzYWVwZSBldmVuaWV0IHV0IGV0IHZvbHVwdGF0ZXMgcmVwdWRpYW5kYWUgc2ludCBldCBtb2xlc3RpYWUgbm9uIHJlY3VzYW5kYWUuIEl0YXF1ZSBlYXJ1bSByZXJ1bSBoaWMgdGVuZXR1ciBhIHNhcGllbnRlIGRlbGVjdHVzLCB1dCBhdXQgcmVpY2llbmRpcyB2b2x1cHRhdGlidXMgbWFpb3JlcyBhbGlhcyBjb25zZXF1YXR1ciBhdXQgcGVyZmVyZW5kaXMgZG9sb3JpYnVzIGFzcGVyaW9yZXMgcmVwZWxsYXQNCjx1bD4NCgk8bGk+Y3VtIHNvbHV0YSBub2JpcyBlc3QgZWxpZ2VuZGk8L2xpPg0KCTxsaT5vcHRpbyBjdW1xdWUgbmloaWwgaW1wZWRpdCBxdW8gbWludXMgaWQgcXVvZCBtYXhpbWUgcGxhY2VhdCBmYWNlcmUgcG9zc2ltdXM8L2xpPg0KCTxsaT5vbW5pcyB2b2x1cHRhcyBhc3N1bWVuZGEgZXN0LCBvbW5pcyBkb2xvciByZXBlbGxlbmR1cy4gVGVtcG9yaWJ1cyBhdXRlbSBxdWlidXNkYW08L2xpPg0KPC91bD4NCiZuYnNwOw0KPG9sPg0KCTxsaT5jdW0gc29sdXRhIG5vYmlzIGVzdCBlbGlnZW5kaTwvbGk+DQoJPGxpPm9wdGlvIGN1bXF1ZSBuaWhpbCBpbXBlZGl0IHF1byBtaW51cyBpZCBxdW9kIG1heGltZSBwbGFjZWF0IGZhY2VyZSBwb3NzaW11czwvbGk+DQoJPGxpPm9tbmlzIHZvbHVwdGFzIGFzc3VtZW5kYSBlc3QsIG9tbmlzIGRvbG9yIHJlcGVsbGVuZHVzLiBUZW1wb3JpYnVzIGF1dGVtIHF1aWJ1c2RhbTwvbGk+DQo8L29sPg0KJm5ic3A7DQo8YmxvY2txdW90ZT48YSB0aXRsZT0iZ29vZ2xlIGl0IiBocmVmPSJodHRwOi8vZ29vZ2xlLnB0Ij5JdGFxdWUgZWFydW0gcmVydW08L2E+IGhpYyB0ZW5ldHVyIGEgc2FwaWVudGUgZGVsZWN0dXMsIHV0IGF1dCByZWljaWVuZGlzIHZvbHVwdGF0aWJ1cyBtYWlvcmVzIGFsaWFzIGNvbnNlcXVhdHVyIGF1dCBwZXJmZXJlbmRpcyBkb2xvcmlidXMgYXNwZXJpb3JlcyByZXBlbGxhdDwvYmxvY2txdW90ZT4NCiZuYnNwOw==', 1),
(163, 47, 0, '2015-01-06 02:08:32', 'original_id', '', 0, '1', '', 0),
(164, 47, 0, '2015-01-06 02:08:32', 'tags', 'csv_base64', 1, '\"c3VyZg==\",\"dGVzdGU=\"', '', 1),
(165, 47, 0, '2015-01-06 02:08:32', 'tag_ids', '', 0, '5,4', '', 0),
(166, 47, 0, '2015-01-06 02:08:32', 'categories', 'csv_base64', 1, '\"TWFpbiBTbGlkZXI=\",\"Tm90w61jaWFz\"', '', 1),
(167, 47, 0, '2015-01-06 02:08:32', 'category_ids', '', 0, '11,10', '', 0),
(168, 48, 0, '2015-01-06 14:42:20', 'title', 'base64', 1, 'Q29udmlkYWRvcw==', 'U3VyZmVycw==', 1),
(169, 48, 0, '2015-01-06 14:42:20', 'body', 'base64', 1, 'PGRpdiBjbGFzcz0iY2xlYXJmaXgiPjwvZGl2Pg0KPGgzIGNsYXNzPSJyb3dUaXRsZSI+PHNwYW4+Q29tcGV0aWRvcmVzPC9zcGFuPjwvaDM+DQpbY29udmlkYWRvcyBjYXRlZ29yaWE9ImNvbXBldGlkb3JlcyJdDQo8ZGl2IGNsYXNzPSJjbGVhcmZpeCI+PC9kaXY+DQo8aDMgY2xhc3M9InJvd1RpdGxlIj48c3Bhbj5GcmVlIFN1cmZlcnM8L3NwYW4+PC9oMz4NCltjb252aWRhZG9zIGNhdGVnb3JpYT0iZnJlZS1zdXJmZXJzIl0NCjxkaXYgY2xhc3M9ImNsZWFyZml4Ij48L2Rpdj4NCjxoMyBjbGFzcz0icm93VGl0bGUiPjxzcGFuPlNvdWwgU3VyZmVyczwvc3Bhbj48L2gzPg0KW2NvbnZpZGFkb3MgY2F0ZWdvcmlhPSJzb3VsLXN1cmZlcnMiXQ0KPGRpdiBjbGFzcz0iY2xlYXJmaXgiPjwvZGl2Pg0KPGgzIGNsYXNzPSJyb3dUaXRsZSI+PHNwYW4+SW50ZXJuYXRpb25hbCBTdXJmZXJzPC9zcGFuPjwvaDM+DQpbY29udmlkYWRvcyBjYXRlZ29yaWE9ImludGVybmFjaW9uYWlzIl0NCjxkaXYgY2xhc3M9ImNsZWFyZml4Ij48L2Rpdj4NCjxoMyBjbGFzcz0icm93VGl0bGUiPjxzcGFuPldpbGRjYXJkczwvc3Bhbj48L2gzPg0KW2NvbnZpZGFkb3MgY2F0ZWdvcmlhPSJ3aWxkY2FyZHMiXQ0K', 'PGRpdiBjbGFzcz0iY2xlYXJmaXgiPjwvZGl2Pg0KPGgzIGNsYXNzPSJyb3dUaXRsZSI+PHNwYW4+Q29tcGV0aXRvcnM8L3NwYW4+PC9oMz4NCltjb252aWRhZG9zIGNhdGVnb3JpYT0iY29tcGV0aWRvcmVzIl0NCjxkaXYgY2xhc3M9ImNsZWFyZml4Ij48L2Rpdj4NCjxoMyBjbGFzcz0icm93VGl0bGUiPjxzcGFuPkZyZWUgU3VyZmVyczwvc3Bhbj48L2gzPg0KW2NvbnZpZGFkb3MgY2F0ZWdvcmlhPSJmcmVlLXN1cmZlcnMiXQ0KPGRpdiBjbGFzcz0iY2xlYXJmaXgiPjwvZGl2Pg0KPGgzIGNsYXNzPSJyb3dUaXRsZSI+PHNwYW4+U291bCBTdXJmZXJzPC9zcGFuPjwvaDM+DQpbY29udmlkYWRvcyBjYXRlZ29yaWE9InNvdWwtc3VyZmVycyJdDQo8ZGl2IGNsYXNzPSJjbGVhcmZpeCI+PC9kaXY+DQo8aDMgY2xhc3M9InJvd1RpdGxlIj48c3Bhbj5JbnRlcm5hdGlvbmFsIFN1cmZlcnM8L3NwYW4+PC9oMz4NCltjb252aWRhZG9zIGNhdGVnb3JpYT0iaW50ZXJuYWNpb25haXMiXQ0KPGRpdiBjbGFzcz0iY2xlYXJmaXgiPjwvZGl2Pg0KPGgzIGNsYXNzPSJyb3dUaXRsZSI+PHNwYW4+V2lsZGNhcmRzPC9zcGFuPjwvaDM+DQpbY29udmlkYWRvcyBjYXRlZ29yaWE9IndpbGRjYXJkcyJd', 1),
(170, 48, 0, '2015-01-06 14:42:20', 'original_id', '', 0, '478', '', 1),
(171, 49, 0, '2015-01-06 14:43:11', 'title', 'base64', 1, 'RW1iYWl4YWRvcmVz', 'QW1iYXNzYWRvcnM=', 1),
(172, 49, 0, '2015-01-06 14:43:11', 'body', 'base64', 1, '[encoded data, 4228 characters]', '[encoded data, 4136 characters]', 1),
(173, 49, 0, '2015-01-06 14:43:11', 'original_id', '', 0, '619', '', 1),
(174, 50, 0, '2015-01-06 14:46:21', 'title', 'base64', 1, 'SW50ZXJuYXRpb25hbCBTdXJmZXJz', 'SW50ZXJuYXRpb25hbCBTdXJmZXJz', 1),
(175, 50, 0, '2015-01-06 14:46:21', 'body', 'base64', 1, 'PHN0cm9uZz5TdXJmaXN0YXMgRXN0cmFuZ2Vpcm9zPC9zdHJvbmc+DQpTw6NvIGVzY29saGlkb3MgMTAgU3VyZmlzdGFzIEVzdHJhbmdlaXJvcyBhIHNlcmVtIGxldmFkb3MgYSB2b3Rhw6fDo28gcMO6YmxpY2EsIGRvcyBxdWFpcyBhcGVuYXMgMyBmYXLDo28gcGFydGUgZGEgY29tcGV0acOnw6NvIChwb3IgZXNjb2xoYSBkbyBww7pibGljbykuDQpDb25zaWRlcmFtLXNlIHN1cmZpc3RhcyBlc3RyYW5nZWlyb3MgIHN1cmZpc3RhcyBuw6NvIFBvcnR1Z3Vlc2VzIGUgcXVlIHRlbmhhbSBhIHN1YSBjYXJyZWlyYSBmZWl0YSBmb3JhIGRlIFBvcnR1Z2FsLiBPcyBjcml0w6lyaW9zIGEgdGVyIGVtIGNvbnRhIG5hIHNlbGXDp8OjbyBkZXN0ZXMgc3VyZmlzdGFzIHByZW5kZW0tc2UgY29tIG8gc2V1IHJlY29uaGVjaW1lbnRvIG11bmRpYWwgcGVsYSBwcm9jdXJhIGUgYXBldMOqbmNpYSBwZWxvcyB0dWJvcy4gDQoNCltjb252aWRhZG9zIGNhdGVnb3JpYT0iaW50ZXJuYWNpb25haXMiXQ==', 'DQoxMCBGb3JlaWduIHN1cmZlcnMgYXJlIGNob3NlbiB0byBiZSB0YWtlbiB0byBwdWJsaWMgdm90ZSwgb2Ygd2hpY2ggb25seSB0aHJlZSB3aWxsIGJlIHBhcnQgb2YgdGhlIGNvbXBldGl0aW9uIChieSBjaG9pY2Ugb2YgdGhlIHB1YmxpYykuDQpGb3JlaWduIHN1cmZlcnMgYXJlIG5vbi1wb3J0dWd1ZXNlIHN1cmZlcnMgdGhhdCBoYXZlIG1hZGUgdGhlaXIgY2FyZWVyIG91dCBvZiBQb3J0dWdhbC4gVGhlIGNyaXRlcmlhIHRvIGJlIHRha2VuIGludG8gYWNjb3VudCBpbiB0aGUgc2VsZWN0aW9uIG9mIHRoZXNlIHN1cmZlcnMgYXJlIGxpbmtlZCB0byBpdHMgZ2xvYmFsIHJlY29nbml0aW9uIGZvciBkZW1hbmQgYW5kIGFwcGV0aXRlIGZvciB0dWJlcy4NCg0KW2NvbnZpZGFkb3MgY2F0ZWdvcmlhPSJpbnRlcm5hY2lvbmFpcyJd', 1),
(176, 50, 0, '2015-01-06 14:46:21', 'original_id', '', 0, '670', '', 1),
(177, 51, 0, '2015-01-06 22:41:39', 'title', 'base64', 1, 'RW1iYWl4YWRvcmVz', 'QW1iYXNzYWRvcnM=', 1),
(178, 51, 0, '2015-01-06 22:41:39', 'body', 'base64', 1, '[encoded data, 4284 characters]', '[encoded data, 4136 characters]', 0),
(179, 51, 0, '2015-01-06 22:41:39', 'original_id', '', 0, '619', '', 0),
(180, 52, 0, '2015-01-07 01:54:29', 'title', 'base64', 1, 'Q2Fww610dWxvIFBlcmZlaXRvIDIwMTMgZW0gaW1hZ2Vucw==', 'UGVyZmVjdCBDaGFwdGVyIDIwMTMgUGhvdG9z', 1),
(181, 52, 0, '2015-01-07 01:54:29', 'body', 'base64', 1, '', '', 1),
(182, 52, 0, '2015-01-07 01:54:29', 'original_id', '', 0, '976', '', 1),
(183, 52, 0, '2015-01-07 01:54:29', 'categories', 'csv_base64', 1, '\"R2FsZXJpYXM=\",\"Tm90w61jaWFz\"', '', 1),
(184, 52, 0, '2015-01-07 01:54:29', 'category_ids', '', 0, '12,10', '', 1),
(185, 53, 0, '2015-01-07 01:54:46', 'title', 'base64', 1, 'Q2Fww610dWxvIFBlcmZlaXRvIDIwMTQgZW0gaW1hZ2Vucw==', 'UGVyZmVjdCBDaGFwdGVyIDIwMTQgUGhvdG9z', 1),
(186, 53, 0, '2015-01-07 01:54:46', 'body', 'base64', 1, '', '', 1),
(187, 53, 0, '2015-01-07 01:54:46', 'original_id', '', 0, '1007', '', 1),
(188, 53, 0, '2015-01-07 01:54:46', 'categories', 'csv_base64', 1, '\"R2FsZXJpYXM=\",\"TWFpbiBTbGlkZXI=\",\"Tm90w61jaWFz\"', '', 1),
(189, 53, 0, '2015-01-07 01:54:46', 'category_ids', '', 0, '12,11,10', '', 1),
(190, 54, 0, '2015-01-07 02:08:43', 'title', 'base64', 1, 'MiBzZXF1w6puY2lhcyBkZSAyMDE0', 'MiBzZXF1ZW5jZXMgZnJvbSAyMDE0', 1);
INSERT INTO `wp_icl_translate` (`tid`, `job_id`, `content_id`, `timestamp`, `field_type`, `field_format`, `field_translate`, `field_data`, `field_data_translated`, `field_finished`) VALUES
(191, 54, 0, '2015-01-07 02:08:43', 'body', 'base64', 1, '', '', 1),
(192, 54, 0, '2015-01-07 02:08:43', 'original_id', '', 0, '1288', '', 1),
(193, 54, 0, '2015-01-07 02:08:43', 'categories', 'csv_base64', 1, '\"R2FsZXJpYXM=\"', '', 1),
(194, 54, 0, '2015-01-07 02:08:43', 'category_ids', '', 0, '12', '', 1),
(195, 55, 0, '2015-01-07 15:49:55', 'title', 'base64', 1, 'VGVhc2VyIG9mIEFsbGlhbnogUGVyZmVjdCBDaGFwdGVyIHBvd2VyZWQgYnkgQmlsbGFib25n', 'VGVhc2VyIGRvIEFsbGlhbnogQ2Fww610dWxvIFBlcmZlaXRvIHBvd2VyZWQgYnkgQmlsbGFib25n', 1),
(196, 55, 0, '2015-01-07 15:49:55', 'body', 'base64', 1, 'PGlmcmFtZSBzcmM9Ii8vd3d3LnlvdXR1YmUuY29tL2VtYmVkL3JSMGlna0lJTXVBIiB3aWR0aD0iMTAwJSIgaGVpZ2h0PSIzNjAiIGZyYW1lYm9yZGVyPSIwIiBhbGxvd2Z1bGxzY3JlZW49ImFsbG93ZnVsbHNjcmVlbiI+PC9pZnJhbWU+', 'QWNhYm91IGRlIHNhaXIgbyB0ZWFzZXIgZG8gQWxsaWFueiBDYXDDrXR1bG8gUGVyZmVpdG8gcG93ZXJlZCBieSBCaWxsYWJvbmcgMjAxNSwgbsOjbyBkZWl4ZXMgZGUgdmVyIQ0KPGlmcmFtZSBzcmM9Ii8vd3d3LnlvdXR1YmUuY29tL2VtYmVkL3JSMGlna0lJTXVBIiB3aWR0aD0iMTAwJSIgaGVpZ2h0PSIzNjAiIGZyYW1lYm9yZGVyPSIwIiBhbGxvd2Z1bGxzY3JlZW49ImFsbG93ZnVsbHNjcmVlbiI+PC9pZnJhbWU+', 1),
(197, 55, 0, '2015-01-07 15:49:55', 'original_id', '', 0, '687', '', 1),
(198, 55, 0, '2015-01-07 15:49:55', 'categories', 'csv_base64', 1, '\"TWFpbiBTTGlkZXI=\",\"bmV3cw==\"', '', 1),
(199, 55, 0, '2015-01-07 15:49:55', 'category_ids', '', 0, '15,16', '', 1),
(200, 56, 0, '2015-01-07 16:06:45', 'title', 'base64', 1, 'QSBDb21pc3PDo28gZGUgTm90w6F2ZWlzIGRlZmluZSBjb252aWRhZG9z', 'RXhwZXJ0cyBkZWZpbmUgU3VyZmVycyBMaXN0', 1),
(201, 56, 0, '2015-01-07 16:06:45', 'body', 'base64', 1, 'RXN0w6EgYSBjaGVnYXIgbyA8c3Ryb25nPkNhcGl0dWxvIFBlcmZlaXRvIDIwMTUhPC9zdHJvbmc+DQoNCkVzdGUgYW5vIHZvbHRhbW9zIGEgcmV1bmlyLCBwZWxvIHF1YXJ0byBhbm8gY29uc2VjdXRpdm8sIG9zIHN1cmZpc3RhcyBtYWlzIHZvdGFkb3MgcGVsbyBww7pibGljbyBudW1hIGNvbXBldGnDp8OjbyBlc3BlY2lhbCBkZSB0dWJvcyENCg0KTyBMb2NhbCBkYSBQcm92YSB2b2x0YSBhIHNlciBhIDxzdHJvbmc+UHJhaWEgZGUgQ2FyY2F2ZWxvczwvc3Ryb25nPiBxdWUgcHJvcG9yY2lvbm91IGVtIDIwMTQgdW0gZG9zIG1lbGhvcmVzIGRpYXMgZGUgY29tcGV0acOnw6NvIGRhIGhpc3RvcmlhIGRvIHN1cmYgbmFjaW9uYWwuDQpGb2kgYWluZGEgYXRyaWJ1w61kbyB1bSB3aWxkY2FyZCBhbyB2ZW5jZWRvciBkYSBlZGnDp8OjbyBhbnRlcmlvciwgTmljYw0Kdm9uIFJ1cHAsIGUgYSB1bSBzdXJmaXN0YSBsb2NhbCBkYSBwcmFpYSBkZSBDYXJjYXZlbG9zLCBhIGFudW5jaWFyIGVtIGNvbmZlcsOqbmNpYSBkZSBpbXByZW5zYS4NCg0KQSBDb25mZXLDqm5jaWEgZGUgSW1wcmVuc2EgZGUgYXByZXNlbnRhw6fDo28gZG8gQ2Fww610dWxvIFBlcmZlaXRvIDIwMTUgZXN0w6EgYWdlbmRhZGEgcGFyYSBvIHByw7N4aW1vIGRpYSA3IGRlIEphbmVpcm8sIG9uZGUgc2Vyw6EgY29uaGVjaWRhIGEgbGlzdGEgZGVmaW5pdGl2YSBkZSBjYW5kaWRhdG9zLg0KDQo8YSB0aXRsZT0iQ29taXNzw6NvIGRlIE5vdMOhdmVpcyIgaHJlZj0iaHR0cDovL2NhcGl0dWxvcGVyZmVpdG8uY29tL2NvbWlzc2FvLWRlLW5vdGF2ZWlzLyI+QSBDb21pc3PDo28gZGUgTm90w6F2ZWlzIENhcMOtdHVsbyBQZXJmZWl0byAyMDE1PC9hPiDDqSBjb21wb3N0YSBwb3IgOiBKb8OjbyBBbnR1bmVzLCBKb8OjbyBWYWxlbnRlLCBNaWd1ZWwgRm9ydGVzLCBHb27Dp2FsbyBSdWl2bywgTnVubyBKb25ldCBlIFJpY2FyZG8gQ2FwcmlzdGFubyE=', '[encoded data, 4408 characters]', 1),
(202, 56, 0, '2015-01-07 16:06:45', 'original_id', '', 0, '676', '', 1),
(203, 56, 0, '2015-01-07 16:06:45', 'categories', 'csv_base64', 1, '\"Tm90w61jaWFz\"', '', 1),
(204, 56, 0, '2015-01-07 16:06:45', 'category_ids', '', 0, '10', '', 1),
(205, 57, 0, '2015-01-08 17:54:44', 'title', 'base64', 1, 'QWxsaWFueiBDYXDDrXR1bG8gUGVyZmVpdG8gcG93ZXJlZCBieSBCaWxsYWJvbmcgaW5hdWd1cmEgY2F0ZWdvcmlhIGRlIHN1cmZpc3RhcyBlc3RyYW5nZWlyb3M=', 'QWxsaWFueiBQZXJmZWN0IENoYXB0ZXIgcG93ZXJlZCBieSBCaWxsYWJvbmcgIGNhbmRpZGF0ZXMgYW5ub3VuY2Vk', 1),
(206, 57, 0, '2015-01-08 17:54:44', 'body', 'base64', 1, 'PHN0cm9uZz5Kw6Egc8OjbyBjb25oZWNpZG9zIG9zIHN1cmZpc3RhcyBxdWUgdsOjbyBhIHZvdG9zIGRvIHDDumJsaWNvLjwvc3Ryb25nPg0KPHN0cm9uZz5Wb3Rhw6fDo28gZGVjb3JyZSBhdMOpIHRlcsOnYS1mZWlyYS48L3N0cm9uZz4NCg0KQ2FzY2FpcywgMDcgZGUgamFuZWlybyBkZSAyMDE1DQpGb2kgaG9qZSByZXZlbGFkYSBlbSBjb25mZXLDqm5jaWEgZGUgaW1wcmVuc2EgYSBsaXN0YSBkZSBjYW5kaWRhdG9zIHF1ZSB2w6NvIGEgdm90b3MgZG8gcMO6YmxpY28gcGFyYSBhcHVyYW1lbnRvIGRvcyBzdXJmaXN0YXMgcXVlIHbDo28gZGlzcHV0YXIgYSA0wqogZWRpw6fDo28gZG8gPHN0cm9uZz5BbGxpYW56IENhcMOtdHVsbyBQZXJmZWl0byBwb3dlcmVkIGJ5IEJpbGxhYm9uZzwvc3Ryb25nPiwgZXZlbnRvIHF1ZSB2YWkgdm9sdGFyIGEgcmV1bmlyIG9zIG1lbGhvcmVzIHR1YmUgcmlkZXJzIG5hIDxzdHJvbmc+cHJhaWEgZGUgQ2FyY2F2ZWxvczwvc3Ryb25nPiwgZW0gQ2FzY2FpcywgcGFyYSB1bWEgY29tcGV0acOnw6NvIGVzcGVjaWFsIGRlIHR1Ym9zLg0KDQpDb25zdW1hbmRvIG8gZXNmb3LDp28gY29udMOtbnVvIGRhIG9yZ2FuaXphw6fDo28gcGFyYSBwcm9wb3JjaW9uYXIgdW0gZXNwZXTDoWN1bG8gY2FkYSB2ZXogbWFpcyBjb21wbGV0byBlIGludGVuc28gYW9zIGbDo3MgZGUgc3VyZiBlbSBQb3J0dWdhbCwgYSBsaXN0YSBkZSBjYW5kaWRhdG9zIGRlc3RlIGFubyBpbmNsdWkgdW1hIG5vdmEgY2F0ZWdvcmlhLCBpbsOpZGl0YSBuYSBoaXN0w7NyaWEgZG8gPHN0cm9uZz5BbGxpYW56IENhcMOtdHVsbyBQZXJmZWl0byBwb3dlcmVkIGJ5IEJpbGxhYm9uZzwvc3Ryb25nPiwgb25kZSBzZSBpbmNsdWVtIGdyYW5kZXMgbm9tZXMgZG8gc3VyZiBtdW5kaWFsLCB0b2RvcyBlbGVzIGludGVybmFjaW9uYWxtZW50ZSByZWNvbmhlY2lkb3MgcGVsYSBzdWEgaGFiaWxpZGFkZSBub3MgdHVib3MuIEFzc2ltLCDDoHMgdHLDqnMgY2F0ZWdvcmlhcyB0cmFkaWNpb25haXMgZG8gZXZlbnRvIChDb21wZXRpZG9yZXMsIEZyZWUgU3VyZmVycyBlIFNvdWwgU3VyZmVycyksIHJlc2VydmFkYXMgYW9zIG1lbGhvcmVzIHR1YmUgcmlkZXJzIG5hY2lvbmFpcywgc29tYS1zZSBhIGNhdGVnb3JpYSBTdXJmaXN0YXMgRXN0cmFuZ2Vpcm9zLCBvbmRlIG8gcMO6YmxpY28gw6kgY2hhbWFkbyBhIGVsZWdlciwgYSBwYXJ0aXIgZGUgdW1hIGxpc3RhIHByZWRlZmluaWRhLCBvcyA8c3Ryb25nPnRyw6pzIGF0bGV0YXMgaW50ZXJuYWNpb25haXM8L3N0cm9uZz4gcXVlIG1haXMgZGVzZWphIHZlciBlbSBhw6fDo28gbm8gZGlhIGRvIGV2ZW50by4NCkEgY29tcGV0acOnw6NvIHZhaSBhc3NpbSByZXVuaXIgcGVsYSBwcmltZWlyYSB2ZXogdW0gPHN0cm9uZz5ncnVwbyBtdWx0aW5hY2lvbmFsIGRlIHN1cmZpc3RhcyBkZSBwcmltZWlyw61zc2ltYSBsaW5oYTwvc3Ryb25nPiwgcXVlIGlyw6NvIGRpc3B1dGFyIG9zIGludGVuc29zIHR1Ym9zIGRlIENhcmNhdmVsb3Mgbm8gbWVsaG9yIGRpYSBkbyBJbnZlcm5vIOKAlCBlIMOpcyB0dSBxdWVtIGVzY29saGUgcXVlbSB2YWkgcGFyYSBkZW50cm8gZGUgw6FndWEhDQoNCk91dHJhIG5vdmlkYWRlIHBhcmEgYSBlZGnDp8OjbyBkZXN0ZSBhbm8gw6kgdW0gc2lnbmlmaWNhdGl2byBhdW1lbnRvIGRvIHByaXplIG1vbmV5IHRvdGFsLCBxdWUgZW0gMjAxNSBzZSBzaXR1YSBub3MgPHN0cm9uZz4xNSwwMDAgZXVyb3MuPC9zdHJvbmc+DQoNCkRlc3RhIGZvcm1hLCBhIG9yZ2FuaXphw6fDo28gZXNwZXJhIGVsZXZhciBvIG7DrXZlbCBkZSBzdXJmIGUgYSBjb21wZXRpdGl2aWRhZGUgZW50cmUgb3MgYXRsZXRhcywgcG90ZW5jaWFuZG8gbyBlc3BldMOhY3VsbyBhIHF1ZSBvIEFsbGlhbnogQ2Fww610dWxvIFBlcmZlaXRvIHBvd2VyZWQgYnkgQmlsbGFib25nIGrDoSBub3MgaGFiaXR1b3UgZSByZWZvcsOnYW5kbyBhIHByZW1pc3NhIHF1ZSBlc3RldmUgbmEgb3JpZ2VtIGRvIGV2ZW50bzo8c3Ryb25nPiBvcyBtZWxob3JlcyBzdXJmaXN0YXMgbmFzIG1lbGhvcmVzIG9uZGFzPC9zdHJvbmc+Lg0KDQpBIGNvbmZlcsOqbmNpYSBkZSBpbXByZW5zYSBkZSBhcHJlc2VudGHDp8OjbyBkbyA8c3Ryb25nPkFsbGlhbnogQ2Fww610dWxvIFBlcmZlaXRvIHBvd2VyZWQgYnkgQmlsbGFib25nPC9zdHJvbmc+IGRlY29ycmV1IGVzdGEgdGFyZGUgbm8gRmFyb2wgRGVzaWduIEhvdGVsLCBlbSBDYXNjYWlzLCBlIGNvbnRvdSBjb20gYXMgaW50ZXJ2ZW7Dp8O1ZXMgZGUgPHN0cm9uZz5SdWkgQ29zdGE8L3N0cm9uZz4sIHJlc3BvbnPDoXZlbCBwZWxhIG9yZ2FuaXphw6fDo28gZG8gZXZlbnRvLCA8c3Ryb25nPkNhcmxvcyBDYXJyZWlyYXMsIHByZXNpZGVudGUgZGEgQ8OibWFyYSBNdW5pY2lwYWwgZGUgQ2FzY2FpcywgSm9zw6kgRnJhbmNpc2NvIE5ldmVzLCBEaXJldG9yIENvb3JkZW5hZG9yIGRlIE1hcmtldCBNYW5hZ2VtZW50IGUgQ29tdW5pY2HDp8OjbyBkYSBBbGxpYW56LCBSb2RyaWdvIFBpbWVudMOjbywgRGlyZXRvciBkZSBNYXJrZXRpbmc8L3N0cm9uZz4=', '[encoded data, 6868 characters]', 1),
(207, 57, 0, '2015-01-08 17:54:44', 'original_id', '', 0, '1394', '', 1),
(208, 57, 0, '2015-01-08 17:54:44', 'categories', 'csv_base64', 1, '\"Tm90w61jaWFz\"', '', 1),
(209, 57, 0, '2015-01-08 17:54:44', 'category_ids', '', 0, '10', '', 1),
(210, 58, 0, '2015-01-08 19:33:29', 'title', 'base64', 1, 'U3BvdCBhcGVsbyBhbyB2b3RvIGRvIEFsbGlhbnogQ2Fww610dWxvIFBlcmZlaXRvIFBvd2VyZWQgYnkgQmlsbGFib25n', 'Vm90aW5nIG5vdyBzcG90IGZvciBBbGxpYW56IENhcMOtdHVsbyBQZXJmZWl0byBQb3dlcmVkIGJ5IEJpbGxhYm9uZw==', 1),
(211, 58, 0, '2015-01-08 19:33:29', 'body', 'base64', 1, 'PGlmcmFtZSB3aWR0aD0iMTAwJSIgaGVpZ2h0PSI2MDAiIHNyYz0iLy93d3cueW91dHViZS5jb20vZW1iZWQveFFuSThFTkNFbmMiIGZyYW1lYm9yZGVyPSIwIiBhbGxvd2Z1bGxzY3JlZW4+PC9pZnJhbWU+', 'PGlmcmFtZSB3aWR0aD0iMTAwJSIgaGVpZ2h0PSI2MDAiIHNyYz0iLy93d3cueW91dHViZS5jb20vZW1iZWQveFFuSThFTkNFbmMiIGZyYW1lYm9yZGVyPSIwIiBhbGxvd2Z1bGxzY3JlZW4+PC9pZnJhbWU+', 1),
(212, 58, 0, '2015-01-08 19:33:29', 'original_id', '', 0, '1400', '', 1),
(213, 58, 0, '2015-01-08 19:33:29', 'categories', 'csv_base64', 1, '\"TWFpbiBTbGlkZXI=\"', '', 1),
(214, 58, 0, '2015-01-08 19:33:29', 'category_ids', '', 0, '11', '', 1),
(215, 59, 0, '2015-01-08 19:39:07', 'title', 'base64', 1, 'VmlkZW86IFRyw6pzIGFub3MgZGUgQ2Fww610dWxvIFBlcmZlaXRv', 'VmlkZW86IDMgeWVhcnMgb2YgUGVyZmVjdCBDaGFwdGVy', 1),
(216, 59, 0, '2015-01-08 19:39:07', 'body', 'base64', 1, 'PGlmcmFtZSB3aWR0aD0iMTAwJSIgaGVpZ2h0PSI2MDAiIHNyYz0iLy93d3cueW91dHViZS5jb20vZW1iZWQvcWQ3T3dwLWVZTFkiIGZyYW1lYm9yZGVyPSIwIiBhbGxvd2Z1bGxzY3JlZW4+PC9pZnJhbWU+', 'PGlmcmFtZSB3aWR0aD0iMTAwJSIgaGVpZ2h0PSI2MDAiIHNyYz0iLy93d3cueW91dHViZS5jb20vZW1iZWQvcWQ3T3dwLWVZTFkiIGZyYW1lYm9yZGVyPSIwIiBhbGxvd2Z1bGxzY3JlZW4+PC9pZnJhbWU+', 1),
(217, 59, 0, '2015-01-08 19:39:07', 'original_id', '', 0, '1407', '', 1),
(218, 59, 0, '2015-01-08 19:39:07', 'categories', 'csv_base64', 1, '\"TWFpbiBTbGlkZXI=\",\"Tm90w61jaWFz\"', '', 1),
(219, 59, 0, '2015-01-08 19:39:07', 'category_ids', '', 0, '11,10', '', 1),
(220, 60, 0, '2015-01-08 19:40:54', 'title', 'base64', 1, 'U3BvdCBhcGVsbyBhbyB2b3RvIGRvIEFsbGlhbnogQ2Fww610dWxvIFBlcmZlaXRvIFBvd2VyZWQgYnkgQmlsbGFib25n', 'Vm90aW5nIG5vdyBzcG90IGZvciBBbGxpYW56IENhcMOtdHVsbyBQZXJmZWl0byBQb3dlcmVkIGJ5IEJpbGxhYm9uZw==', 1),
(221, 60, 0, '2015-01-08 19:40:54', 'body', 'base64', 1, 'PGlmcmFtZSB3aWR0aD0iMTAwJSIgaGVpZ2h0PSI2MDAiIHNyYz0iLy93d3cueW91dHViZS5jb20vZW1iZWQveFFuSThFTkNFbmMiIGZyYW1lYm9yZGVyPSIwIiBhbGxvd2Z1bGxzY3JlZW4+PC9pZnJhbWU+', 'PGlmcmFtZSB3aWR0aD0iMTAwJSIgaGVpZ2h0PSI2MDAiIHNyYz0iLy93d3cueW91dHViZS5jb20vZW1iZWQveFFuSThFTkNFbmMiIGZyYW1lYm9yZGVyPSIwIiBhbGxvd2Z1bGxzY3JlZW4+PC9pZnJhbWU+', 1),
(222, 60, 0, '2015-01-08 19:40:54', 'original_id', '', 0, '1400', '', 0),
(223, 60, 0, '2015-01-08 19:40:54', 'categories', 'csv_base64', 1, '\"TWFpbiBTbGlkZXI=\",\"Tm90w61jaWFz\"', '', 0),
(224, 60, 0, '2015-01-08 19:40:54', 'category_ids', '', 0, '11,10', '', 0),
(225, 61, 0, '2015-01-08 23:38:28', 'title', 'base64', 1, 'QWxsaWFueiBDYXDDrXR1bG8gUGVyZmVpdG8gcG93ZXJlZCBieSBCaWxsYWJvbmcgaW5hdWd1cmEgY2F0ZWdvcmlhIGRlIHN1cmZpc3RhcyBlc3RyYW5nZWlyb3M=', 'QWxsaWFueiBQZXJmZWN0IENoYXB0ZXIgcG93ZXJlZCBieSBCaWxsYWJvbmcgIGNhbmRpZGF0ZXMgYW5ub3VuY2Vk', 1),
(226, 61, 0, '2015-01-08 23:38:28', 'body', 'base64', 1, 'PHN0cm9uZz5Kw6Egc8OjbyBjb25oZWNpZG9zIG9zIHN1cmZpc3RhcyBxdWUgdsOjbyBhIHZvdG9zIGRvIHDDumJsaWNvLjwvc3Ryb25nPg0KPHN0cm9uZz5Wb3Rhw6fDo28gZGVjb3JyZSBhdMOpIHRlcsOnYS1mZWlyYS48L3N0cm9uZz4NCg0KQ2FzY2FpcywgMDcgZGUgamFuZWlybyBkZSAyMDE1DQpGb2kgaG9qZSByZXZlbGFkYSBlbSBjb25mZXLDqm5jaWEgZGUgaW1wcmVuc2EgYSBsaXN0YSBkZSBjYW5kaWRhdG9zIHF1ZSB2w6NvIGEgdm90b3MgZG8gcMO6YmxpY28gcGFyYSBhcHVyYW1lbnRvIGRvcyBzdXJmaXN0YXMgcXVlIHbDo28gZGlzcHV0YXIgYSA0wqogZWRpw6fDo28gZG8gPHN0cm9uZz5BbGxpYW56IENhcMOtdHVsbyBQZXJmZWl0byBwb3dlcmVkIGJ5IEJpbGxhYm9uZzwvc3Ryb25nPiwgZXZlbnRvIHF1ZSB2YWkgdm9sdGFyIGEgcmV1bmlyIG9zIG1lbGhvcmVzIHR1YmUgcmlkZXJzIG5hIDxzdHJvbmc+cHJhaWEgZGUgQ2FyY2F2ZWxvczwvc3Ryb25nPiwgZW0gQ2FzY2FpcywgcGFyYSB1bWEgY29tcGV0acOnw6NvIGVzcGVjaWFsIGRlIHR1Ym9zLg0KDQpDb25zdW1hbmRvIG8gZXNmb3LDp28gY29udMOtbnVvIGRhIG9yZ2FuaXphw6fDo28gcGFyYSBwcm9wb3JjaW9uYXIgdW0gZXNwZXTDoWN1bG8gY2FkYSB2ZXogbWFpcyBjb21wbGV0byBlIGludGVuc28gYW9zIGbDo3MgZGUgc3VyZiBlbSBQb3J0dWdhbCwgYSBsaXN0YSBkZSBjYW5kaWRhdG9zIGRlc3RlIGFubyBpbmNsdWkgdW1hIG5vdmEgY2F0ZWdvcmlhLCBpbsOpZGl0YSBuYSBoaXN0w7NyaWEgZG8gPHN0cm9uZz5BbGxpYW56IENhcMOtdHVsbyBQZXJmZWl0byBwb3dlcmVkIGJ5IEJpbGxhYm9uZzwvc3Ryb25nPiwgb25kZSBzZSBpbmNsdWVtIGdyYW5kZXMgbm9tZXMgZG8gc3VyZiBtdW5kaWFsLCB0b2RvcyBlbGVzIGludGVybmFjaW9uYWxtZW50ZSByZWNvbmhlY2lkb3MgcGVsYSBzdWEgaGFiaWxpZGFkZSBub3MgdHVib3MuIEFzc2ltLCDDoHMgdHLDqnMgY2F0ZWdvcmlhcyB0cmFkaWNpb25haXMgZG8gZXZlbnRvIChDb21wZXRpZG9yZXMsIEZyZWUgU3VyZmVycyBlIFNvdWwgU3VyZmVycyksIHJlc2VydmFkYXMgYW9zIG1lbGhvcmVzIHR1YmUgcmlkZXJzIG5hY2lvbmFpcywgc29tYS1zZSBhIGNhdGVnb3JpYSBTdXJmaXN0YXMgRXN0cmFuZ2Vpcm9zLCBvbmRlIG8gcMO6YmxpY28gw6kgY2hhbWFkbyBhIGVsZWdlciwgYSBwYXJ0aXIgZGUgdW1hIGxpc3RhIHByZWRlZmluaWRhLCBvcyA8c3Ryb25nPnRyw6pzIGF0bGV0YXMgaW50ZXJuYWNpb25haXM8L3N0cm9uZz4gcXVlIG1haXMgZGVzZWphIHZlciBlbSBhw6fDo28gbm8gZGlhIGRvIGV2ZW50by4NCkEgY29tcGV0acOnw6NvIHZhaSBhc3NpbSByZXVuaXIgcGVsYSBwcmltZWlyYSB2ZXogdW0gPHN0cm9uZz5ncnVwbyBtdWx0aW5hY2lvbmFsIGRlIHN1cmZpc3RhcyBkZSBwcmltZWlyw61zc2ltYSBsaW5oYTwvc3Ryb25nPiwgcXVlIGlyw6NvIGRpc3B1dGFyIG9zIGludGVuc29zIHR1Ym9zIGRlIENhcmNhdmVsb3Mgbm8gbWVsaG9yIGRpYSBkbyBJbnZlcm5vIOKAlCBlIMOpcyB0dSBxdWVtIGVzY29saGUgcXVlbSB2YWkgcGFyYSBkZW50cm8gZGUgw6FndWEhDQoNCk91dHJhIG5vdmlkYWRlIHBhcmEgYSBlZGnDp8OjbyBkZXN0ZSBhbm8gw6kgdW0gc2lnbmlmaWNhdGl2byBhdW1lbnRvIGRvIHByaXplIG1vbmV5IHRvdGFsLCBxdWUgZW0gMjAxNSBzZSBzaXR1YSBub3MgPHN0cm9uZz4xNSwwMDAgZXVyb3MuPC9zdHJvbmc+DQoNCkRlc3RhIGZvcm1hLCBhIG9yZ2FuaXphw6fDo28gZXNwZXJhIGVsZXZhciBvIG7DrXZlbCBkZSBzdXJmIGUgYSBjb21wZXRpdGl2aWRhZGUgZW50cmUgb3MgYXRsZXRhcywgcG90ZW5jaWFuZG8gbyBlc3BldMOhY3VsbyBhIHF1ZSBvIEFsbGlhbnogQ2Fww610dWxvIFBlcmZlaXRvIHBvd2VyZWQgYnkgQmlsbGFib25nIGrDoSBub3MgaGFiaXR1b3UgZSByZWZvcsOnYW5kbyBhIHByZW1pc3NhIHF1ZSBlc3RldmUgbmEgb3JpZ2VtIGRvIGV2ZW50bzo8c3Ryb25nPiBvcyBtZWxob3JlcyBzdXJmaXN0YXMgbmFzIG1lbGhvcmVzIG9uZGFzPC9zdHJvbmc+Lg0KDQpBIGNvbmZlcsOqbmNpYSBkZSBpbXByZW5zYSBkZSBhcHJlc2VudGHDp8OjbyBkbyA8c3Ryb25nPkFsbGlhbnogQ2Fww610dWxvIFBlcmZlaXRvIHBvd2VyZWQgYnkgQmlsbGFib25nPC9zdHJvbmc+IGRlY29ycmV1IGVzdGEgdGFyZGUgbm8gRmFyb2wgRGVzaWduIEhvdGVsLCBlbSBDYXNjYWlzLCBlIGNvbnRvdSBjb20gYXMgaW50ZXJ2ZW7Dp8O1ZXMgZGUgPHN0cm9uZz5SdWkgQ29zdGE8L3N0cm9uZz4sIHJlc3BvbnPDoXZlbCBwZWxhIG9yZ2FuaXphw6fDo28gZG8gZXZlbnRvLCA8c3Ryb25nPkNhcmxvcyBDYXJyZWlyYXMsIHByZXNpZGVudGUgZGEgQ8OibWFyYSBNdW5pY2lwYWwgZGUgQ2FzY2FpcywgSm9zw6kgRnJhbmNpc2NvIE5ldmVzLCBEaXJldG9yIENvb3JkZW5hZG9yIGRlIE1hcmtldCBNYW5hZ2VtZW50IGUgQ29tdW5pY2HDp8OjbyBkYSBBbGxpYW56LCBSb2RyaWdvIFBpbWVudMOjbywgRGlyZXRvciBkZSBNYXJrZXRpbmc8L3N0cm9uZz4=', '[encoded data, 6868 characters]', 1),
(227, 61, 0, '2015-01-08 23:38:28', 'original_id', '', 0, '1394', '', 0),
(228, 61, 0, '2015-01-08 23:38:28', 'categories', 'csv_base64', 1, '\"TWFpbiBTbGlkZXI=\",\"Tm90w61jaWFz\"', '', 0),
(229, 61, 0, '2015-01-08 23:38:28', 'category_ids', '', 0, '11,10', '', 0),
(230, 62, 0, '2015-01-12 17:07:39', 'title', 'base64', 1, 'Vm90YcOnw6NvIGRvIEFsbGlhbnogQ2Fww610dWxvIFBlcmZlaXRvIHBvd2VyZWQgYnkgQmlsbGFib25nIGFwcm94aW1hLXNlIGRvIGZpbQ==', 'QWxsaWFueiBQZXJmZWN0IENoYXB0ZXIgcG93ZXJlZCBieSBCaWxsYWJvbmcgcG9sbCBlbmRzIGluIGxlc3MgdGhhbiA0OCBob3Vycw==', 1),
(231, 62, 0, '2015-01-12 17:07:39', 'body', 'base64', 1, '[encoded data, 4644 characters]', '[encoded data, 5484 characters]', 1),
(232, 62, 0, '2015-01-12 17:07:39', 'original_id', '', 0, '1425', '', 1),
(233, 62, 0, '2015-01-12 17:07:39', 'categories', 'csv_base64', 1, '\"TWFpbiBTbGlkZXI=\",\"Tm90w61jaWFz\"', '', 1),
(234, 62, 0, '2015-01-12 17:07:39', 'category_ids', '', 0, '11,10', '', 1),
(235, 63, 0, '2015-01-12 17:12:02', 'title', 'base64', 1, 'Vm90YcOnw6NvIGRvIEFsbGlhbnogQ2Fww610dWxvIFBlcmZlaXRvIHBvd2VyZWQgYnkgQmlsbGFib25nIGFwcm94aW1hLXNlIGRvIGZpbQ==', 'QWxsaWFueiBQZXJmZWN0IENoYXB0ZXIgcG93ZXJlZCBieSBCaWxsYWJvbmcgcG9sbCBlbmRzIGluIGxlc3MgdGhhbiA0OCBob3Vycw==', 1);
INSERT INTO `wp_icl_translate` (`tid`, `job_id`, `content_id`, `timestamp`, `field_type`, `field_format`, `field_translate`, `field_data`, `field_data_translated`, `field_finished`) VALUES
(236, 63, 0, '2015-01-12 17:12:02', 'body', 'base64', 1, '[encoded data, 4748 characters]', '[encoded data, 5484 characters]', 0),
(237, 63, 0, '2015-01-12 17:12:02', 'original_id', '', 0, '1425', '', 0),
(238, 63, 0, '2015-01-12 17:12:02', 'categories', 'csv_base64', 1, '\"Tm90w61jaWFz\"', '', 1),
(239, 63, 0, '2015-01-12 17:12:02', 'category_ids', '', 0, '10', '', 0),
(240, 64, 0, '2015-01-13 17:19:01', 'title', 'base64', 1, 'U1VSRlRFUlJBIHByZW1laWEgbWVsaG9yIHbDrWRlbyBlIGZvdG9ncmFmaWEgIGRvIEFsbGlhbnogQ2Fww610dWxvIFBlcmZlaXRvIHBvd2VyZWQgYnkgQmlsbGFib25n', 'U1VSRlRFUlJBIGhvc3RzIEFsbGlhbnogUGVyZmVjdCBDaGFwdGVyICBwb3dlcmVkIGJ5IEJpbGxhYm9uZyB2aWRlbyBhbmQgcGhvdG8gY29udGVzdA==', 1),
(241, 64, 0, '2015-01-13 17:19:01', 'body', 'base64', 1, '[encoded data, 6364 characters]', '[encoded data, 5376 characters]', 1),
(242, 64, 0, '2015-01-13 17:19:01', 'original_id', '', 0, '1439', '', 1),
(243, 64, 0, '2015-01-13 17:19:01', 'categories', 'csv_base64', 1, '\"Tm90w61jaWFz\"', '', 1),
(244, 64, 0, '2015-01-13 17:19:01', 'category_ids', '', 0, '10', '', 1),
(245, 65, 0, '2015-01-13 17:30:19', 'title', 'base64', 1, 'U1VSRlRFUlJBIHByZW1laWEgbWVsaG9yIHbDrWRlbyBlIGZvdG9ncmFmaWEgIGRvIEFsbGlhbnogQ2Fww610dWxvIFBlcmZlaXRvIHBvd2VyZWQgYnkgQmlsbGFib25n', 'U1VSRlRFUlJBIGhvc3RzIEFsbGlhbnogUGVyZmVjdCBDaGFwdGVyICBwb3dlcmVkIGJ5IEJpbGxhYm9uZyB2aWRlbyBhbmQgcGhvdG8gY29udGVzdA==', 1),
(246, 65, 0, '2015-01-13 17:30:19', 'body', 'base64', 1, '[encoded data, 6624 characters]', '[encoded data, 5636 characters]', 1),
(247, 65, 0, '2015-01-13 17:30:19', 'original_id', '', 0, '1439', '', 1),
(248, 65, 0, '2015-01-13 17:30:19', 'categories', 'csv_base64', 1, '\"Tm90w61jaWFz\"', '', 1),
(249, 65, 0, '2015-01-13 17:30:19', 'category_ids', '', 0, '10', '', 1),
(250, 66, 0, '2015-01-13 23:00:18', 'title', 'base64', 1, 'Vm90YcOnw7VlcyB0ZXJtaW5hcmFtIQ==', 'Vm90aW5nIGhhcyBlbmRlZA==', 1),
(251, 66, 0, '2015-01-13 23:00:18', 'body', 'base64', 1, 'bm92aWRhZGVzIGVtIGJyZXZlIQ==', 'bmV3cyBzb29uLi4u', 1),
(252, 66, 0, '2015-01-13 23:00:18', 'original_id', '', 0, '1450', '', 1),
(253, 66, 0, '2015-01-13 23:00:18', 'categories', 'csv_base64', 1, '\"TWFpbiBTbGlkZXI=\",\"Tm90w61jaWFz\"', '', 1),
(254, 66, 0, '2015-01-13 23:00:18', 'category_ids', '', 0, '11,10', '', 1),
(255, 67, 0, '2015-01-14 00:00:07', 'title', 'base64', 1, 'Vm90YcOnw6Nv', 'Vm90ZQ==', 1),
(256, 67, 0, '2015-01-14 00:00:07', 'body', 'base64', 1, 'QXMgdm90YcOnw7VlcyB0ZXJtaW5hcmFtIQ==', 'Vm90ZSBoYXMgZW5kZWQuIE5ld3Mgc29vbiENCg0KPGltZyBjbGFzcz0iYWxpZ25ub25lIHNpemUtbGFyZ2Ugd3AtaW1hZ2UtMTQ1MiIgc3JjPSJodHRwOi8vY2FwaXR1bG9wZXJmZWl0by5jb20vd3AtY29udGVudC91cGxvYWRzLzIwMTUvMDEvdm90YWNvZXMtYWNhYmFyYW0tNzAweDQxNi5qcGciIGFsdD0idm90YWNvZXMtYWNhYmFyYW0iIHdpZHRoPSI3MDAiIGhlaWdodD0iNDE2IiAvPg==', 1),
(257, 67, 0, '2015-01-14 00:00:07', 'original_id', '', 0, '522', '', 1),
(258, 68, 0, '2015-01-14 00:06:44', 'title', 'base64', 1, 'Vm90YcOnw6Nv', 'Vm90ZQ==', 1),
(259, 68, 0, '2015-01-14 00:06:44', 'body', 'base64', 1, 'QXMgdm90YcOnw7VlcyB0ZXJtaW5hcmFtIQ0KDQo8c3Ryb25nPkFyaXR6IEFyYW5idXJ1LCBQZWRybyBTY29vYnksIFJpY2FyZG8gZG9zIFNhbnRvcyBlIE5hdGhhbiBIZWRnZSAod2lsZGNhcmQpIGVuZnJlbnRhbSBzdXJmaXN0YXMgZGEgY2FzYSA8L3N0cm9uZz4NCg0KVsOqIGEgbGlzdGEgY29tcGxldGEgPGEgdGl0bGU9IkFwdXJhZG9zIDE2IGZpbmFsaXN0YXMgcXVlIHbDo28gcGFydGljaXBhciBubyBBbGxpYW56IENhcMOtdHVsbyBQZXJmZWl0byBwb3dlcmVkIGJ5IEJpbGxhYm9uZyIgaHJlZj0iaHR0cDovL2NhcGl0dWxvcGVyZmVpdG8uY29tL2FwdXJhZG9zLTE2LWZpbmFsaXN0YXMtcXVlLXZhby1wYXJ0aWNpcGFyLW5vLWFsbGlhbnotY2FwaXR1bG8tcGVyZmVpdG8tcG93ZXJlZC1iaWxsYWJvbmcvIj5hcXVpPC9hPg0KDQo8YSB0aXRsZT0iQXB1cmFkb3MgMTYgZmluYWxpc3RhcyBxdWUgdsOjbyBwYXJ0aWNpcGFyIG5vIEFsbGlhbnogQ2Fww610dWxvIFBlcmZlaXRvIHBvd2VyZWQgYnkgQmlsbGFib25nIiBocmVmPSJodHRwOi8vY2FwaXR1bG9wZXJmZWl0by5jb20vYXB1cmFkb3MtMTYtZmluYWxpc3Rhcy1xdWUtdmFvLXBhcnRpY2lwYXItbm8tYWxsaWFuei1jYXBpdHVsby1wZXJmZWl0by1wb3dlcmVkLWJpbGxhYm9uZy8iPjxpbWcgY2xhc3M9ImFsaWdubm9uZSBzaXplLWxhcmdlIHdwLWltYWdlLTE0NzEiIHNyYz0iaHR0cDovL2NhcGl0dWxvcGVyZmVpdG8uY29tL3dwLWNvbnRlbnQvdXBsb2Fkcy8yMDE1LzAxL0NQMTVfMTZBdGxldGFzRXNjb2xoaWRvcy03MDB4MjYwLmpwZyIgYWx0PSJDUDE1XzE2QXRsZXRhc0VzY29saGlkb3MiIHdpZHRoPSI3MDAiIGhlaWdodD0iMjYwIiAvPjwvYT4NCg0KJm5ic3A7DQoNCiZuYnNwOw==', 'Vm90ZSBoYXMgZW5kZWQuDQoNCkNoZWNrIG91dCB0aGUgMTYgY2hvc2VuIG9uZXMgPGEgdGl0bGU9IkFyaXR6IEFyYW5idXJ1LCBQZWRybyBTY29vYnkgYW5kIFJpY2FyZG8gZG9zIFNhbnRvcyAgbWFrZSB0aGUgY3V0IGludG8gQWxsaWFueiBQZXJmZWN0IENoYXB0ZXIgcG93ZXJlZCBieSBCaWxsYWJvbmciIGhyZWY9Imh0dHA6Ly9jYXBpdHVsb3BlcmZlaXRvLmNvbS9hcml0ei1hcmFuYnVydS1wZWRyby1zY29vYnktcmljYXJkby1kb3Mtc2FudG9zLW1ha2UtY3V0LWFsbGlhbnotcGVyZmVjdC1jaGFwdGVyLXBvd2VyZWQtYmlsbGFib25nLz9sYW5nPWVuIj5oZXJlPC9hPg0KDQo8YSB0aXRsZT0iQXJpdHogQXJhbmJ1cnUsIFBlZHJvIFNjb29ieSBhbmQgUmljYXJkbyBkb3MgU2FudG9zICBtYWtlIHRoZSBjdXQgaW50byBBbGxpYW56IFBlcmZlY3QgQ2hhcHRlciBwb3dlcmVkIGJ5IEJpbGxhYm9uZyIgaHJlZj0iaHR0cDovL2NhcGl0dWxvcGVyZmVpdG8uY29tL2FyaXR6LWFyYW5idXJ1LXBlZHJvLXNjb29ieS1yaWNhcmRvLWRvcy1zYW50b3MtbWFrZS1jdXQtYWxsaWFuei1wZXJmZWN0LWNoYXB0ZXItcG93ZXJlZC1iaWxsYWJvbmcvP2xhbmc9ZW4iPjxpbWcgY2xhc3M9ImFsaWdubm9uZSBzaXplLWxhcmdlIHdwLWltYWdlLTE0NzIiIHNyYz0iaHR0cDovL2NhcGl0dWxvcGVyZmVpdG8uY29tL3dwLWNvbnRlbnQvdXBsb2Fkcy8yMDE1LzAxL0NQMTVfMTZBdGxldGFzRXNjb2xoaWRvcy03MDB4MjYwLmpwZyIgYWx0PSJDUDE1XzE2QXRsZXRhc0VzY29saGlkb3MiIHdpZHRoPSI3MDAiIGhlaWdodD0iMjYwIiAvPjwvYT4=', 1),
(260, 68, 0, '2015-01-14 00:06:44', 'original_id', '', 0, '522', '', 1),
(261, 69, 0, '2015-01-14 12:05:41', 'title', 'base64', 1, 'U2FpYmEgb3MgcmVzdWx0YWRvcyBob2plIG5vIEZ1ZWwgVFYgMjJo', 'RmluZCBvdXQgd2hvJ3MgaW4gdG9kYXkgMjJoIEZ1ZWwgVFYgUG9ydHVnYWw=', 1),
(262, 69, 0, '2015-01-14 12:05:41', 'body', 'base64', 1, 'b3MgcmVzdWx0YWRvcyBzZXLDo28gYW51bmNpYWRvcyA8c3Ryb25nPmVtIHByaW1laXJhIG3Do28gPC9zdHJvbmc+aG9qZSAocXVhcnRhLWZlaXJhKSBubyBjYW5hbCA8c3Ryb25nPkZVRUwgVFYgLSBQb3J0dWdhbDwvc3Ryb25nPg0KDQo8aW1nIGNsYXNzPSJhbGlnbm5vbmUgc2l6ZS1sYXJnZSB3cC1pbWFnZS0xMjA0IiBzcmM9Imh0dHA6Ly9jYXBpdHVsb3BlcmZlaXRvLmNvbS93cC1jb250ZW50L3VwbG9hZHMvMjAxNS8wMS9pbWdfOTU1MC03MDB4MzIyLmpwZyIgYWx0PSJJTUdfOTU1MCIgd2lkdGg9IjcwMCIgaGVpZ2h0PSIzMjIiIC8+', 'dGhlIHJlc3VsdHMgd2lsbCBiZSBicm9hZGNhc3RlZCBsaXZlIGF0IFBvcnR1Z3Vlc2UgRnVlbCBUViBDaGFubmVsIGFuZCBwb3N0ZWQgaGVyZS4NCg0KPGltZyBjbGFzcz0iYWxpZ25ub25lIHNpemUtbGFyZ2Ugd3AtaW1hZ2UtMTE2NSIgc3JjPSJodHRwOi8vY2FwaXR1bG9wZXJmZWl0by5jb20vd3AtY29udGVudC91cGxvYWRzLzIwMTUvMDEvaW1nXzkwNTQtNzAweDQ2Ni5qcGciIGFsdD0iSU1HXzkwNTQiIHdpZHRoPSI3MDAiIGhlaWdodD0iNDY2IiAvPg==', 1),
(263, 69, 0, '2015-01-14 12:05:41', 'original_id', '', 0, '1450', '', 1),
(264, 69, 0, '2015-01-14 12:05:41', 'categories', 'csv_base64', 1, '\"TWFpbiBTbGlkZXI=\",\"Tm90w61jaWFz\"', '', 1),
(265, 69, 0, '2015-01-14 12:05:41', 'category_ids', '', 0, '11,10', '', 1),
(266, 70, 0, '2015-01-14 23:20:26', 'title', 'base64', 1, 'QXB1cmFkb3MgMTYgZmluYWxpc3RhcyBxdWUgdsOjbyBwYXJ0aWNpcGFyIG5vIEFsbGlhbnogQ2Fww610dWxvIFBlcmZlaXRvIHBvd2VyZWQgYnkgQmlsbGFib25n', 'QXJpdHogQXJhbmJ1cnUsIFBlZHJvIFNjb29ieSBhbmQgUmljYXJkbyBkb3MgU2FudG9zICBtYWtlIHRoZSBjdXQgaW50byBBbGxpYW56IFBlcmZlY3QgQ2hhcHRlciBwb3dlcmVkIGJ5IEJpbGxhYm9uZw==', 1);
INSERT INTO `wp_icl_translate` (`tid`, `job_id`, `content_id`, `timestamp`, `field_type`, `field_format`, `field_translate`, `field_data`, `field_data_translated`, `field_finished`) VALUES
(267, 70, 0, '2015-01-14 23:20:26', 'body', 'base64', 1, '[encoded data, 11836 characters]', '[encoded data, 9508 characters]', 1),
(268, 70, 0, '2015-01-14 23:20:26', 'original_id', '', 0, '1470', '', 1),
(269, 70, 0, '2015-01-14 23:20:26', 'categories', 'csv_base64', 1, '\"TWFpbiBTbGlkZXI=\",\"Tm90w61jaWFz\"', '', 1),
(270, 70, 0, '2015-01-14 23:20:26', 'category_ids', '', 0, '11,10', '', 1),
(271, 71, 0, '2015-01-14 23:21:22', 'title', 'base64', 1, 'U2FpYmEgb3MgcmVzdWx0YWRvcyBob2plIG5vIEZ1ZWwgVFYgMjJo', 'RmluZCBvdXQgd2hvJ3MgaW4gdG9kYXkgMjJoIEZ1ZWwgVFYgUG9ydHVnYWw=', 1),
(272, 71, 0, '2015-01-14 23:21:22', 'body', 'base64', 1, 'b3MgcmVzdWx0YWRvcyBzZXLDo28gYW51bmNpYWRvcyA8c3Ryb25nPmVtIHByaW1laXJhIG3Do28gPC9zdHJvbmc+aG9qZSAocXVhcnRhLWZlaXJhKSBubyBjYW5hbCA8c3Ryb25nPkZVRUwgVFYgLSBQb3J0dWdhbDwvc3Ryb25nPg0KDQo8aW1nIGNsYXNzPSJhbGlnbm5vbmUgc2l6ZS1sYXJnZSB3cC1pbWFnZS0xMjA0IiBzcmM9Imh0dHA6Ly9jYXBpdHVsb3BlcmZlaXRvLmNvbS93cC1jb250ZW50L3VwbG9hZHMvMjAxNS8wMS9pbWdfOTU1MC03MDB4MzIyLmpwZyIgYWx0PSJJTUdfOTU1MCIgd2lkdGg9IjcwMCIgaGVpZ2h0PSIzMjIiIC8+', 'dGhlIHJlc3VsdHMgd2lsbCBiZSBicm9hZGNhc3RlZCBsaXZlIGF0IFBvcnR1Z3Vlc2UgRnVlbCBUViBDaGFubmVsIGFuZCBwb3N0ZWQgaGVyZS4NCg0KPGltZyBjbGFzcz0iYWxpZ25ub25lIHNpemUtbGFyZ2Ugd3AtaW1hZ2UtMTE2NSIgc3JjPSJodHRwOi8vY2FwaXR1bG9wZXJmZWl0by5jb20vd3AtY29udGVudC91cGxvYWRzLzIwMTUvMDEvaW1nXzkwNTQtNzAweDQ2Ni5qcGciIGFsdD0iSU1HXzkwNTQiIHdpZHRoPSI3MDAiIGhlaWdodD0iNDY2IiAvPg==', 1),
(273, 71, 0, '2015-01-14 23:21:22', 'original_id', '', 0, '1450', '', 0),
(274, 71, 0, '2015-01-14 23:21:22', 'categories', 'csv_base64', 1, '\"Tm90w61jaWFz\"', '', 0),
(275, 71, 0, '2015-01-14 23:21:22', 'category_ids', '', 0, '10', '', 0),
(276, 72, 0, '2015-01-15 10:38:04', 'title', 'base64', 1, 'QXB1cmFkb3MgMTYgZmluYWxpc3RhcyBxdWUgdsOjbyBwYXJ0aWNpcGFyIG5vIEFsbGlhbnogQ2Fww610dWxvIFBlcmZlaXRvIHBvd2VyZWQgYnkgQmlsbGFib25n', 'QXJpdHogQXJhbmJ1cnUsIFBlZHJvIFNjb29ieSBhbmQgUmljYXJkbyBkb3MgU2FudG9zICBtYWtlIHRoZSBjdXQgaW50byBBbGxpYW56IFBlcmZlY3QgQ2hhcHRlciBwb3dlcmVkIGJ5IEJpbGxhYm9uZw==', 1),
(277, 72, 0, '2015-01-15 10:38:04', 'body', 'base64', 1, '[encoded data, 11816 characters]', '[encoded data, 9508 characters]', 0),
(278, 72, 0, '2015-01-15 10:38:04', 'original_id', '', 0, '1470', '', 0),
(279, 72, 0, '2015-01-15 10:38:04', 'categories', 'csv_base64', 1, '\"TWFpbiBTbGlkZXI=\",\"Tm90w61jaWFz\"', '', 1),
(280, 72, 0, '2015-01-15 10:38:04', 'category_ids', '', 0, '11,10', '', 0),
(281, 73, 0, '2015-01-21 17:59:02', 'title', 'base64', 1, 'UmljYXJkbyBkb3MgU2FudG9zIG7Do28gcmVzaXN0ZSBhIGNpcnVyZ2lhcw==', 'QnJ1bm8gU2FudG9zIHRvIHJlcGxhY2UgUmljYXJkbyBkb3MgU2FudG9z', 1);
INSERT INTO `wp_icl_translate` (`tid`, `job_id`, `content_id`, `timestamp`, `field_type`, `field_format`, `field_translate`, `field_data`, `field_data_translated`, `field_finished`) VALUES
(282, 73, 0, '2015-01-21 17:59:02', 'body', 'base64', 1, '[encoded data, 4204 characters]', '[encoded data, 4608 characters]', 1),
(283, 73, 0, '2015-01-21 17:59:02', 'original_id', '', 0, '1481', '', 1),
(284, 73, 0, '2015-01-21 17:59:02', 'categories', 'csv_base64', 1, '\"TWFpbiBTbGlkZXI=\",\"Tm90w61jaWFz\"', '', 1),
(285, 73, 0, '2015-01-21 17:59:02', 'category_ids', '', 0, '11,10', '', 1),
(286, 74, 0, '2015-01-22 18:50:27', 'title', 'base64', 1, 'TWlndWVsIEJsYW5jbyBwYXJhIG8gQWxsaWFueiBDYXDDrXR1bG8gUGVyZmVpdG8gcG93ZXJlZCBieSBCaWxsYWJvbmc=', 'TWlndWVsIEJsYW5jbyB2aWRlbyBwcm9maWxlIGZvciBBbGxpYW56IENhcMOtdHVsbyBQZXJmZWl0byBwb3dlcmVkIGJ5IEJpbGxhYm9uZw==', 1),
(287, 74, 0, '2015-01-22 18:50:27', 'body', 'base64', 1, 'PGlmcmFtZSB3aWR0aD0iMTAwJSIgaGVpZ2h0PSI0NjAiIHNyYz0iLy93d3cueW91dHViZS5jb20vZW1iZWQvYzI2a3Q0TUtzVjgiIGZyYW1lYm9yZGVyPSIwIiBhbGxvd2Z1bGxzY3JlZW4+PC9pZnJhbWU+', 'PGlmcmFtZSB3aWR0aD0iMTAwJSIgaGVpZ2h0PSI0NjAiIHNyYz0iLy93d3cueW91dHViZS5jb20vZW1iZWQvYzI2a3Q0TUtzVjgiIGZyYW1lYm9yZGVyPSIwIiBhbGxvd2Z1bGxzY3JlZW4+PC9pZnJhbWU+', 1),
(288, 74, 0, '2015-01-22 18:50:27', 'original_id', '', 0, '1488', '', 1),
(289, 74, 0, '2015-01-22 18:50:27', 'categories', 'csv_base64', 1, '\"TWFpbiBTbGlkZXI=\",\"Tm90w61jaWFz\"', '', 1),
(290, 74, 0, '2015-01-22 18:50:27', 'category_ids', '', 0, '11,10', '', 1),
(291, 75, 0, '2015-01-22 18:52:52', 'title', 'base64', 1, 'TWlndWVsIEJsYW5jbyBwYXJhIG8gQWxsaWFueiBDYXDDrXR1bG8gUGVyZmVpdG8gcG93ZXJlZCBieSBCaWxsYWJvbmc=', 'TWlndWVsIEJsYW5jbyB2aWRlbyBwcm9maWxlIGZvciBBbGxpYW56IENhcMOtdHVsbyBQZXJmZWl0byBwb3dlcmVkIGJ5IEJpbGxhYm9uZw==', 1),
(292, 75, 0, '2015-01-22 18:52:52', 'body', 'base64', 1, 'PGlmcmFtZSB3aWR0aD0iMTAwJSIgaGVpZ2h0PSI0NjAiIHNyYz0iLy93d3cueW91dHViZS5jb20vZW1iZWQvNU5SVWVyUkt0a3MiIGZyYW1lYm9yZGVyPSIwIiBhbGxvd2Z1bGxzY3JlZW4+PC9pZnJhbWU+', 'PGlmcmFtZSB3aWR0aD0iMTAwJSIgaGVpZ2h0PSI0NjAiIHNyYz0iLy93d3cueW91dHViZS5jb20vZW1iZWQvNU5SVWVyUkt0a3MiIGZyYW1lYm9yZGVyPSIwIiBhbGxvd2Z1bGxzY3JlZW4+PC9pZnJhbWU+', 1),
(293, 75, 0, '2015-01-22 18:52:52', 'original_id', '', 0, '1488', '', 1),
(294, 75, 0, '2015-01-22 18:52:52', 'categories', 'csv_base64', 1, '\"TWFpbiBTbGlkZXI=\",\"Tm90w61jaWFz\"', '', 1),
(295, 75, 0, '2015-01-22 18:52:52', 'category_ids', '', 0, '11,10', '', 1),
(296, 76, 0, '2015-01-23 11:41:21', 'title', 'base64', 1, 'Sm/Do28gR3VlZGVzIHBhcmEgbyBBbGxpYW56IENhcMOtdHVsbyBQZXJmZWl0byBwb3dlcmVkIGJ5IEJpbGxhYm9uZw==', 'Sm/Do28gR3VlZGVzIHZpZGVvIGZvciBBbGxpYW56IENhcMOtdHVsbyBQZXJmZWl0byBwb3dlcmVkIGJ5IEJpbGxhYm9uZw==', 1),
(297, 76, 0, '2015-01-23 11:41:21', 'body', 'base64', 1, 'PGlmcmFtZSB3aWR0aD0iMTAwJSIgaGVpZ2h0PSI0NjAiIHNyYz0iLy93d3cueW91dHViZS5jb20vZW1iZWQvZU13el9MZ2Y3OVkiIGZyYW1lYm9yZGVyPSIwIiBhbGxvd2Z1bGxzY3JlZW4+PC9pZnJhbWU+', 'PGlmcmFtZSB3aWR0aD0iMTAwJSIgaGVpZ2h0PSI0NjAiIHNyYz0iLy93d3cueW91dHViZS5jb20vZW1iZWQvOTQyRDFfUTdxdFEiIGZyYW1lYm9yZGVyPSIwIiBhbGxvd2Z1bGxzY3JlZW4+PC9pZnJhbWU+', 1),
(298, 76, 0, '2015-01-23 11:41:21', 'original_id', '', 0, '1497', '', 1),
(299, 76, 0, '2015-01-23 11:41:21', 'categories', 'csv_base64', 1, '\"TWFpbiBTbGlkZXI=\",\"Tm90w61jaWFz\"', '', 1),
(300, 76, 0, '2015-01-23 11:41:21', 'category_ids', '', 0, '11,10', '', 1),
(301, 77, 0, '2015-01-26 18:13:26', 'title', 'base64', 1, 'Sm9zw6kgRmVycmVpcmEgcGFyYSBvIEFsbGlhbnogQ2Fww610dWxvIFBlcmZlaXRvIHBvd2VyZWQgYnkgQmlsbGFib25n', 'Sm9zw6kgRmVycmVpcmEgZm9yIHRoZSBBbGxpYW56IENhcMOtdHVsbyBQZXJmZWl0byBwb3dlcmVkIGJ5IEJpbGxhYm9uZw==', 1),
(302, 77, 0, '2015-01-26 18:13:26', 'body', 'base64', 1, 'PGlmcmFtZSB3aWR0aD0iMTAwJSIgaGVpZ2h0PSI0NjAiIHNyYz0iLy93d3cueW91dHViZS5jb20vZW1iZWQvZU1ySXlXR0NMcVkiIGZyYW1lYm9yZGVyPSIwIiBhbGxvd2Z1bGxzY3JlZW4+PC9pZnJhbWU+', 'PGlmcmFtZSB3aWR0aD0iMTAwJSIgaGVpZ2h0PSI0NjAiIHNyYz0iLy93d3cueW91dHViZS5jb20vZW1iZWQvcjJqSTdEeEE3UEEiIGZyYW1lYm9yZGVyPSIwIiBhbGxvd2Z1bGxzY3JlZW4+PC9pZnJhbWU+', 1),
(303, 77, 0, '2015-01-26 18:13:26', 'original_id', '', 0, '1503', '', 1),
(304, 77, 0, '2015-01-26 18:13:26', 'categories', 'csv_base64', 1, '\"TWFpbiBTbGlkZXI=\",\"Tm90w61jaWFz\"', '', 1),
(305, 77, 0, '2015-01-26 18:13:26', 'category_ids', '', 0, '11,10', '', 1),
(306, 78, 0, '2015-01-28 14:12:59', 'title', 'base64', 1, 'UnViZW4gR29uemFsZXogcGFyYSBvIEFsbGlhbnogQ2Fww610dWxvIFBlcmZlaXRvIHBvd2VyZWQgYnkgQmlsbGFib25n', 'UnViZW4gR29uemFsZXogZm9yIHRoZSBBbGxpYW56IFBlcmZlY3QgQ2hhcHRlciBwb3dlcmVkIGJ5IEJpbGxhYm9uZw==', 1),
(307, 78, 0, '2015-01-28 14:12:59', 'body', 'base64', 1, 'PGlmcmFtZSB3aWR0aD0iMTAwJSIgaGVpZ2h0PSI0NjAiIHNyYz0iLy93d3cueW91dHViZS5jb20vZW1iZWQvT0kwVE1IN281MnMiIGZyYW1lYm9yZGVyPSIwIiBhbGxvd2Z1bGxzY3JlZW4+PC9pZnJhbWU+', 'PGlmcmFtZSB3aWR0aD0iMTAwJSIgaGVpZ2h0PSI0NjAiIHNyYz0iLy93d3cueW91dHViZS5jb20vZW1iZWQvQjNLeC1fNnkzMVEiIGZyYW1lYm9yZGVyPSIwIiBhbGxvd2Z1bGxzY3JlZW4+PC9pZnJhbWU+', 1),
(308, 78, 0, '2015-01-28 14:12:59', 'original_id', '', 0, '1509', '', 1),
(309, 78, 0, '2015-01-28 14:12:59', 'categories', 'csv_base64', 1, '\"TWFpbiBTbGlkZXI=\",\"Tm90w61jaWFz\"', '', 1),
(310, 78, 0, '2015-01-28 14:12:59', 'category_ids', '', 0, '11,10', '', 1),
(311, 79, 0, '2015-02-02 15:03:52', 'title', 'base64', 1, 'QWxleGFuZHJlIEZlcnJlaXJhIHBhcmEgbyBBbGxpYW56IFBlcmZlY3QgQ2hhcHRlciBwb3dlcmVkIGJ5IEJpbGxhYm9uZw==', 'QWxleGFuZHJlIEZlcnJlaXJhIGZvciB0aGUgQWxsaWFueiBQZXJmZWN0IENoYXB0ZXIgcG93ZXJlZCBieSBCaWxsYWJvbmc=', 1),
(312, 79, 0, '2015-02-02 15:03:52', 'body', 'base64', 1, 'PGlmcmFtZSB3aWR0aD0xMDAlIiBoZWlnaHQ9IjQ2MCIgc3JjPSJodHRwczovL3d3dy55b3V0dWJlLmNvbS9lbWJlZC9xOTVPUWZlaGZwQSIgZnJhbWVib3JkZXI9IjAiIGFsbG93ZnVsbHNjcmVlbj48L2lmcmFtZT4=', 'PGlmcmFtZSB3aWR0aD0iMTAwJSIgaGVpZ2h0PSI0NjAiIHNyYz0iaHR0cHM6Ly93d3cueW91dHViZS5jb20vZW1iZWQvcTk1T1FmZWhmcEEiIGZyYW1lYm9yZGVyPSIwIiBhbGxvd2Z1bGxzY3JlZW4+PC9pZnJhbWU+', 1),
(313, 79, 0, '2015-02-02 15:03:52', 'original_id', '', 0, '1516', '', 1),
(314, 79, 0, '2015-02-02 15:03:52', 'categories', 'csv_base64', 1, '\"TWFpbiBTbGlkZXI=\",\"Tm90w61jaWFz\"', '', 1),
(315, 79, 0, '2015-02-02 15:03:52', 'category_ids', '', 0, '11,10', '', 1),
(316, 80, 0, '2015-02-02 15:04:26', 'title', 'base64', 1, 'QWxleGFuZHJlIEZlcnJlaXJhIHBhcmEgbyBBbGxpYW56IENhcMOtdHVsbyBQZXJmZWl0byBwb3dlcmVkIGJ5IEJpbGxhYm9uZw==', 'QWxleGFuZHJlIEZlcnJlaXJhIGZvciB0aGUgQWxsaWFueiBQZXJmZWN0IENoYXB0ZXIgcG93ZXJlZCBieSBCaWxsYWJvbmc=', 1),
(317, 80, 0, '2015-02-02 15:04:26', 'body', 'base64', 1, 'PGlmcmFtZSB3aWR0aD0iMTAwJSIgaGVpZ2h0PSI0NjAiIHNyYz0iaHR0cHM6Ly93d3cueW91dHViZS5jb20vZW1iZWQvTDZnNDRCc0MzSGMiIGZyYW1lYm9yZGVyPSIwIiBhbGxvd2Z1bGxzY3JlZW4+PC9pZnJhbWU+', 'PGlmcmFtZSB3aWR0aD0iMTAwJSIgaGVpZ2h0PSI0NjAiIHNyYz0iaHR0cHM6Ly93d3cueW91dHViZS5jb20vZW1iZWQvcTk1T1FmZWhmcEEiIGZyYW1lYm9yZGVyPSIwIiBhbGxvd2Z1bGxzY3JlZW4+PC9pZnJhbWU+', 0),
(318, 80, 0, '2015-02-02 15:04:26', 'original_id', '', 0, '1516', '', 0),
(319, 80, 0, '2015-02-02 15:04:26', 'categories', 'csv_base64', 1, '\"TWFpbiBTbGlkZXI=\",\"Tm90w61jaWFz\"', '', 1),
(320, 80, 0, '2015-02-02 15:04:26', 'category_ids', '', 0, '11,10', '', 0),
(321, 81, 0, '2015-02-03 11:00:44', 'title', 'base64', 1, 'QWxsaWFueiBDYXDDrXR1bG8gUGVyZmVpdG8gcG93ZXJlZCBieSBCaWxsYWJvbmcgIHByZXN0YSBob21lbmFnZW0gYSBSaWNhcmRvIGRvcyBTYW50b3M=', 'QWxsaWFueiBQZXJmZWN0IENoYXB0ZXIgcG93ZXJlZCBieSBCaWxsYWJvbmc6ICBQYXlpbmcgdHJpYnV0ZSB0byBSaWNhcmRvIGRvcyBTYW50b3M=', 1),
(322, 81, 0, '2015-02-03 11:00:44', 'body', 'base64', 1, '[encoded data, 6240 characters]', '[encoded data, 5096 characters]', 1),
(323, 81, 0, '2015-02-03 11:00:44', 'original_id', '', 0, '1525', '', 1),
(324, 81, 0, '2015-02-03 11:00:44', 'categories', 'csv_base64', 1, '\"TWFpbiBTbGlkZXI=\",\"Tm90w61jaWFz\"', '', 1),
(325, 81, 0, '2015-02-03 11:00:44', 'category_ids', '', 0, '11,10', '', 1),
(326, 82, 0, '2015-02-05 11:29:33', 'title', 'base64', 1, 'TmljIFZvbiBSdXBwIHBhcmEgbyBBbGxpYW56IENhcMOtdHVsbyBQZXJmZWl0byBwb3dlcmVkIGJ5IEJpbGxhYm9uZw==', 'TmljIFZvbiBSdXBwIGZvciB0aGUgQWxsaWFueiBQZXJmZWN0IENoYXB0ZXIgcG93ZXJlZCBieSBCaWxsYWJvbmc=', 1),
(327, 82, 0, '2015-02-05 11:29:33', 'body', 'base64', 1, 'PGlmcmFtZSB3aWR0aD0iMTAwJSIgaGVpZ2h0PSIzNjAiIHNyYz0iaHR0cHM6Ly93d3cueW91dHViZS5jb20vZW1iZWQvbUsyT3NXeHRZaVkiIGZyYW1lYm9yZGVyPSIwIiBhbGxvd2Z1bGxzY3JlZW4+PC9pZnJhbWU+', 'PGlmcmFtZSB3aWR0aD0iMTAwJSIgaGVpZ2h0PSI0NjAiIHNyYz0iaHR0cHM6Ly93d3cueW91dHViZS5jb20vZW1iZWQvbGQ1eHZpOFFSTTQiIGZyYW1lYm9yZGVyPSIwIiBhbGxvd2Z1bGxzY3JlZW4+PC9pZnJhbWU+', 1),
(328, 82, 0, '2015-02-05 11:29:33', 'original_id', '', 0, '1536', '', 1),
(329, 82, 0, '2015-02-05 11:29:33', 'categories', 'csv_base64', 1, '\"TWFpbiBTbGlkZXI=\",\"Tm90w61jaWFz\"', '', 1),
(330, 82, 0, '2015-02-05 11:29:33', 'category_ids', '', 0, '11,10', '', 1),
(331, 83, 0, '2015-02-05 12:06:54', 'title', 'base64', 1, 'Vm9uWmlwcGVyIHByb2N1cmEgYSBjZWxlYnJhw6fDo28gcGVyZmVpdGE=', 'Vm9uWmlwcGVyIGF3YXJkIGZvciBCZXN0IENsYWlt', 1),
(332, 83, 0, '2015-02-05 12:06:54', 'body', 'base64', 1, '[encoded data, 5296 characters]', '[encoded data, 5308 characters]', 1),
(333, 83, 0, '2015-02-05 12:06:54', 'original_id', '', 0, '1542', '', 1),
(334, 83, 0, '2015-02-05 12:06:54', 'categories', 'csv_base64', 1, '\"TWFpbiBTbGlkZXI=\",\"Tm90w61jaWFz\"', '', 1),
(335, 83, 0, '2015-02-05 12:06:54', 'category_ids', '', 0, '11,10', '', 1),
(336, 84, 0, '2015-02-05 12:10:15', 'title', 'base64', 1, 'Vm9uWmlwcGVyIHByb2N1cmEgYSBjZWxlYnJhw6fDo28gcGVyZmVpdGE=', 'Vm9uWmlwcGVyIGF3YXJkIGZvciBCZXN0IENsYWlt', 1);
INSERT INTO `wp_icl_translate` (`tid`, `job_id`, `content_id`, `timestamp`, `field_type`, `field_format`, `field_translate`, `field_data`, `field_data_translated`, `field_finished`) VALUES
(337, 84, 0, '2015-02-05 12:10:15', 'body', 'base64', 1, '[encoded data, 5456 characters]', '[encoded data, 5308 characters]', 1),
(338, 84, 0, '2015-02-05 12:10:15', 'original_id', '', 0, '1542', '', 1),
(339, 84, 0, '2015-02-05 12:10:15', 'categories', 'csv_base64', 1, '\"TWFpbiBTbGlkZXI=\",\"Tm90w61jaWFz\"', '', 1),
(340, 84, 0, '2015-02-05 12:10:15', 'category_ids', '', 0, '11,10', '', 1),
(341, 85, 0, '2015-02-10 10:20:40', 'title', 'base64', 1, 'QXJpdHogQXJhbmJ1cnUgcGFyYSBvIEFsbGlhbnogQ2Fww610dWxvIFBlcmZlaXRvIHBvd2VyZWQgYnkgQmlsbGFib25n', 'QXJpdHogQXJhbmJ1cnUgZm9yIHRoZSBBbGxpYW56IFBlcmZlY3QgQ2hhcHRlciBwb3dlcmVkIGJ5IEJpbGxhYm9uZw==', 1),
(342, 85, 0, '2015-02-10 10:20:40', 'body', 'base64', 1, 'PGlmcmFtZSB3aWR0aD0iMTAwJSIgaGVpZ2h0PSI0NjAiIHNyYz0iaHR0cHM6Ly93d3cueW91dHViZS5jb20vZW1iZWQvRFZRWnU4aWdjcnciIGZyYW1lYm9yZGVyPSIwIiBhbGxvd2Z1bGxzY3JlZW4+PC9pZnJhbWU+', 'PGlmcmFtZSB3aWR0aD0iMTAwJSIgaGVpZ2h0PSI0NjAiIHNyYz0iaHR0cHM6Ly93d3cueW91dHViZS5jb20vZW1iZWQveDY5OHYxZ0VGUDQiIGZyYW1lYm9yZGVyPSIwIiBhbGxvd2Z1bGxzY3JlZW4+PC9pZnJhbWU+', 1),
(343, 85, 0, '2015-02-10 10:20:40', 'original_id', '', 0, '1555', '', 1),
(344, 85, 0, '2015-02-10 10:20:40', 'categories', 'csv_base64', 1, '\"TWFpbiBTbGlkZXI=\",\"Tm90w61jaWFz\"', '', 1),
(345, 85, 0, '2015-02-10 10:20:40', 'category_ids', '', 0, '11,10', '', 1),
(346, 86, 0, '2015-02-10 10:23:32', 'title', 'base64', 1, 'Um9kcmlnbyBIZXLDqWRpYSBwYXJhIG8gQWxsaWFueiBDYXDDrXR1bG8gUGVyZmVpdG8gcG93ZXJlZCBieSBCaWxsYWJvbmc=', 'Um9kcmlnbyBIZXLDqWRpYSBmb3IgdGhlIEFsbGlhbnogUGVyZmVjdCBDaGFwdGVyIHBvd2VyZWQgYnkgQmlsbGFib25n', 1),
(347, 86, 0, '2015-02-10 10:23:32', 'body', 'base64', 1, 'PGlmcmFtZSB3aWR0aD0iMTAwJSIgaGVpZ2h0PSI0NjAiIHNyYz0iaHR0cHM6Ly93d3cueW91dHViZS5jb20vZW1iZWQveEV1TGxYVWNUTGsiIGZyYW1lYm9yZGVyPSIwIiBhbGxvd2Z1bGxzY3JlZW4+PC9pZnJhbWU+', 'PGlmcmFtZSB3aWR0aD0iMTAwJSIgaGVpZ2h0PSI0NjAiIHNyYz0iaHR0cHM6Ly93d3cueW91dHViZS5jb20vZW1iZWQvYVZRZlEwMzY4MGsiIGZyYW1lYm9yZGVyPSIwIiBhbGxvd2Z1bGxzY3JlZW4+PC9pZnJhbWU+', 1),
(348, 86, 0, '2015-02-10 10:23:32', 'original_id', '', 0, '1561', '', 1),
(349, 86, 0, '2015-02-10 10:23:32', 'categories', 'csv_base64', 1, '\"TWFpbiBTbGlkZXI=\",\"Tm90w61jaWFz\"', '', 1),
(350, 86, 0, '2015-02-10 10:23:32', 'category_ids', '', 0, '11,10', '', 1),
(351, 87, 0, '2015-02-11 12:58:09', 'title', 'base64', 1, 'TWFybG9uIExpcGtlIHBhcmEgbyBBbGxpYW56IENhcMOtdHVsbyBQZXJmZWl0byBwb3dlcmVkIGJ5IEJpbGxhYm9uZw==', 'TWFybG9uIExpcGtlIGZvciB0aGUgQWxsaWFueiBQZXJmZWN0IENoYXB0ZXIgcG93ZXJlZCBieSBCaWxsYWJvbmc=', 1),
(352, 87, 0, '2015-02-11 12:58:09', 'body', 'base64', 1, 'PGlmcmFtZSB3aWR0aD0iMTAwJSIgaGVpZ2h0PSI0NjAiIHNyYz0iaHR0cHM6Ly93d3cueW91dHViZS5jb20vZW1iZWQvUmNyZGFFUmtCZUEiIGZyYW1lYm9yZGVyPSIwIiBhbGxvd2Z1bGxzY3JlZW4+PC9pZnJhbWU+', 'PGlmcmFtZSB3aWR0aD0iMTAwJSIgaGVpZ2h0PSI0NjAiIHNyYz0iaHR0cHM6Ly93d3cueW91dHViZS5jb20vZW1iZWQvTHhtZTZTdUx1TFkiIGZyYW1lYm9yZGVyPSIwIiBhbGxvd2Z1bGxzY3JlZW4+PC9pZnJhbWU+', 1),
(353, 87, 0, '2015-02-11 12:58:09', 'original_id', '', 0, '1567', '', 1),
(354, 87, 0, '2015-02-11 12:58:09', 'categories', 'csv_base64', 1, '\"TWFpbiBTbGlkZXI=\",\"Tm90w61jaWFz\"', '', 1),
(355, 87, 0, '2015-02-11 12:58:09', 'category_ids', '', 0, '11,10', '', 1),
(356, 88, 0, '2015-02-13 14:13:37', 'title', 'base64', 1, 'VGlhZ28gUGlyZXMgcGFyYSBvIEFsbGlhbnogQ2Fww610dWxvIFBlcmZlaXRvIHBvd2VyZWQgYnkgQmlsbGFib25n', 'VGlhZ28gcGlyZXMgZm9yIHRoZSBBbGxpYW56IFBlcmZlY3QgQ2hhcHRlciBwb3dlcmVkIGJ5IEJpbGxhYm9uZw==', 1),
(357, 88, 0, '2015-02-13 14:13:37', 'body', 'base64', 1, 'PGlmcmFtZSB3aWR0aD0iMTAwJSIgaGVpZ2h0PSI0NjAiIHNyYz0iaHR0cHM6Ly93d3cueW91dHViZS5jb20vZW1iZWQvZ19rcUNlM1J5aU0iIGZyYW1lYm9yZGVyPSIwIiBhbGxvd2Z1bGxzY3JlZW4+PC9pZnJhbWU+', 'PGlmcmFtZSB3aWR0aD0iMTAwJSIgaGVpZ2h0PSI0NjAiIHNyYz0iaHR0cHM6Ly93d3cueW91dHViZS5jb20vZW1iZWQvRXRsQ1BvQVpNU0UiIGZyYW1lYm9yZGVyPSIwIiBhbGxvd2Z1bGxzY3JlZW4+PC9pZnJhbWU+', 1),
(358, 88, 0, '2015-02-13 14:13:37', 'original_id', '', 0, '1573', '', 1),
(359, 88, 0, '2015-02-13 14:13:37', 'categories', 'csv_base64', 1, '\"TWFpbiBTbGlkZXI=\",\"Tm90w61jaWFz\"', '', 1),
(360, 88, 0, '2015-02-13 14:13:37', 'category_ids', '', 0, '11,10', '', 1),
(361, 89, 0, '2015-02-16 14:30:36', 'title', 'base64', 1, 'QnJ1bm8gU2FudG9zIHBhcmEgbyBBbGxpYW56IENhcMOtdHVsbyBQZXJmZWl0byBwb3dlcmVkIGJ5IEJpbGxhYm9uZw==', 'QnJ1bm8gU2FudG9zIGZvciB0aGUgQWxsaWFueiBQZXJmZWN0IENoYXB0ZXIgcG93ZXJlZCBieSBCaWxsYWJvbmc=', 1),
(362, 89, 0, '2015-02-16 14:30:36', 'body', 'base64', 1, 'PGlmcmFtZSB3aWR0aD0iMTAwJSIgaGVpZ2h0PSI0NjAiIHNyYz0iaHR0cHM6Ly93d3cueW91dHViZS5jb20vZW1iZWQvQkpzdkptMm1XTFkiIGZyYW1lYm9yZGVyPSIwIiBhbGxvd2Z1bGxzY3JlZW4+PC9pZnJhbWU+', 'PGlmcmFtZSB3aWR0aD0iMTAwJSIgaGVpZ2h0PSI0NjAiIHNyYz0iaHR0cHM6Ly93d3cueW91dHViZS5jb20vZW1iZWQvMDdzNFF4eUUxUlUiIGZyYW1lYm9yZGVyPSIwIiBhbGxvd2Z1bGxzY3JlZW4+PC9pZnJhbWU+', 1),
(363, 89, 0, '2015-02-16 14:30:36', 'original_id', '', 0, '1581', '', 1),
(364, 89, 0, '2015-02-16 14:30:36', 'categories', 'csv_base64', 1, '\"TWFpbiBTbGlkZXI=\",\"Tm90w61jaWFz\"', '', 1),
(365, 89, 0, '2015-02-16 14:30:36', 'category_ids', '', 0, '11,10', '', 1),
(366, 90, 0, '2015-02-17 17:53:33', 'title', 'base64', 1, 'RnJhbmNpc2NvIEFsdmVzIHBhcmEgbyBBbGxpYW56IENhcMOtdHVsbyBQZXJmZWl0byBwb3dlcmVkIGJ5IEJpbGxhYm9uZw==', 'RnJhbmNpc2NvIEFsdmVzIGZvciB0aGUgQWxsaWFueiBQZXJmZWN0IENoYXB0ZXIgcG93ZXJlZCBieSBCaWxsYWJvbmc=', 1),
(367, 90, 0, '2015-02-17 17:53:33', 'body', 'base64', 1, 'PGlmcmFtZSB3aWR0aD0iMTAwJSIgaGVpZ2h0PSI0NjAiIHNyYz0iaHR0cHM6Ly93d3cueW91dHViZS5jb20vZW1iZWQvRk1SeFZlc2lrSnciIGZyYW1lYm9yZGVyPSIwIiBhbGxvd2Z1bGxzY3JlZW4+PC9pZnJhbWU+', 'PGlmcmFtZSB3aWR0aD0iMTAwJSIgaGVpZ2h0PSI0NjAiIHNyYz0iaHR0cHM6Ly93d3cueW91dHViZS5jb20vZW1iZWQvcnNNeVFVeTZ6WUEiIGZyYW1lYm9yZGVyPSIwIiBhbGxvd2Z1bGxzY3JlZW4+PC9pZnJhbWU+', 1),
(368, 90, 0, '2015-02-17 17:53:33', 'original_id', '', 0, '1587', '', 1),
(369, 90, 0, '2015-02-17 17:53:33', 'categories', 'csv_base64', 1, '\"TWFpbiBTbGlkZXI=\",\"Tm90w61jaWFz\"', '', 1),
(370, 90, 0, '2015-02-17 17:53:33', 'category_ids', '', 0, '11,10', '', 1),
(371, 91, 0, '2015-02-17 17:56:26', 'title', 'base64', 1, 'VmFzY28gcmliZWlybyBwYXJhIG8gQWxsaWFueiBDYXDDrXR1bG8gUGVyZmVpdG8gcG93ZXJlZCBieSBCaWxsYWJvbmc=', 'VmFzY28gUmliZWlybyBmb3IgdGhlIEFsbGlhbnogUGVyZmVjdCBDaGFwdGVyIHBvd2VyZWQgYnkgQmlsbGFib25n', 1),
(372, 91, 0, '2015-02-17 17:56:26', 'body', 'base64', 1, 'PGlmcmFtZSB3aWR0aD0iMTAwJSIgaGVpZ2h0PSI0NjAiIHNyYz0iaHR0cHM6Ly93d3cueW91dHViZS5jb20vZW1iZWQvNzNUc05ycnpvaWsiIGZyYW1lYm9yZGVyPSIwIiBhbGxvd2Z1bGxzY3JlZW4+PC9pZnJhbWU+', 'PGlmcmFtZSB3aWR0aD0iMTAwJSIgaGVpZ2h0PSIzNjAiIHNyYz0iaHR0cHM6Ly93d3cueW91dHViZS5jb20vZW1iZWQvY3dfN0kxR0t6dWMiIGZyYW1lYm9yZGVyPSIwIiBhbGxvd2Z1bGxzY3JlZW4+PC9pZnJhbWU+', 1),
(373, 91, 0, '2015-02-17 17:56:26', 'original_id', '', 0, '1593', '', 1),
(374, 91, 0, '2015-02-17 17:56:26', 'categories', 'csv_base64', 1, '\"TWFpbiBTbGlkZXI=\",\"Tm90w61jaWFz\"', '', 1),
(375, 91, 0, '2015-02-17 17:56:26', 'category_ids', '', 0, '11,10', '', 1),
(376, 92, 0, '2015-02-17 18:19:55', 'title', 'base64', 1, 'U2V4dGEtZmVpcmEgw6kgZGlhIGRlIEFsbGlhbnogQ2Fww610dWxvIFBlcmZlaXRvIHBvd2VyZWQgYnkgQmlsbGFib25n', 'UGVyZmVjdCBDaGFwdGVyIE9OIGZvciBGcmlkYXk=', 1),
(377, 92, 0, '2015-02-17 18:19:55', 'body', 'base64', 1, '[encoded data, 6128 characters]', '[encoded data, 5648 characters]', 1),
(378, 92, 0, '2015-02-17 18:19:55', 'original_id', '', 0, '1600', '', 1),
(379, 92, 0, '2015-02-17 18:19:55', 'categories', 'csv_base64', 1, '\"TWFpbiBTbGlkZXI=\",\"Tm90w61jaWFz\"', '', 1),
(380, 92, 0, '2015-02-17 18:19:55', 'category_ids', '', 0, '11,10', '', 1),
(381, 93, 0, '2015-02-17 18:24:57', 'title', 'base64', 1, 'U2V4dGEtZmVpcmEgw6kgZGlhIGRlIEFsbGlhbnogQ2Fww610dWxvIFBlcmZlaXRvIHBvd2VyZWQgYnkgQmlsbGFib25n', 'UGVyZmVjdCBDaGFwdGVyIE9OIGZvciBGcmlkYXk=', 1),
(382, 93, 0, '2015-02-17 18:24:57', 'body', 'base64', 1, '[encoded data, 6168 characters]', '[encoded data, 5648 characters]', 0),
(383, 93, 0, '2015-02-17 18:24:57', 'original_id', '', 0, '1600', '', 0),
(384, 93, 0, '2015-02-17 18:24:57', 'categories', 'csv_base64', 1, '\"TWFpbiBTbGlkZXI=\",\"Tm90w61jaWFz\"', '', 1),
(385, 93, 0, '2015-02-17 18:24:57', 'category_ids', '', 0, '11,10', '', 0),
(386, 94, 0, '2015-02-18 12:30:55', 'title', 'base64', 1, 'TmF0aGFuIEhlZGdlIHBhcmEgbyBBbGxpYW56IENhcMOtdHVsbyBQZXJmZWl0byBwb3dlcmVkIGJ5IEJpbGxhYm9uZw==', 'TmF0aGFuIEhlZGdlIGZvciB0aGUgQWxsaWFueiBQZXJmZWN0IENoYXB0ZXIgcG93ZXJlZCBieSBCaWxsYWJvbmc=', 1),
(387, 94, 0, '2015-02-18 12:30:55', 'body', 'base64', 1, 'PGlmcmFtZSB3aWR0aD0iMTAwJSIgaGVpZ2h0PSIzNjAiIHNyYz0iaHR0cHM6Ly93d3cueW91dHViZS5jb20vZW1iZWQvSDlnV0lsaTMzRGsiIGZyYW1lYm9yZGVyPSIwIiBhbGxvd2Z1bGxzY3JlZW4+PC9pZnJhbWU+', 'PGlmcmFtZSB3aWR0aD0iMTAwJSIgaGVpZ2h0PSI0NjAiIHNyYz0iaHR0cHM6Ly93d3cueW91dHViZS5jb20vZW1iZWQvSDkwM0F1WFdoMUEiIGZyYW1lYm9yZGVyPSIwIiBhbGxvd2Z1bGxzY3JlZW4+PC9pZnJhbWU+', 1),
(388, 94, 0, '2015-02-18 12:30:55', 'original_id', '', 0, '1615', '', 1),
(389, 94, 0, '2015-02-18 12:30:55', 'categories', 'csv_base64', 1, '\"TWFpbiBTbGlkZXI=\",\"Tm90w61jaWFz\"', '', 1),
(390, 94, 0, '2015-02-18 12:30:55', 'category_ids', '', 0, '11,10', '', 1),
(391, 95, 0, '2015-02-18 12:31:18', 'title', 'base64', 1, 'TmF0aGFuIEhlZGdlIHBhcmEgbyBBbGxpYW56IENhcMOtdHVsbyBQZXJmZWl0byBwb3dlcmVkIGJ5IEJpbGxhYm9uZw==', 'TmF0aGFuIEhlZGdlIGZvciB0aGUgQWxsaWFueiBQZXJmZWN0IENoYXB0ZXIgcG93ZXJlZCBieSBCaWxsYWJvbmc=', 1),
(392, 95, 0, '2015-02-18 12:31:18', 'body', 'base64', 1, 'PGlmcmFtZSB3aWR0aD0iMTAwJSIgaGVpZ2h0PSI0NjAiIHNyYz0iaHR0cHM6Ly93d3cueW91dHViZS5jb20vZW1iZWQvSDlnV0lsaTMzRGsiIGZyYW1lYm9yZGVyPSIwIiBhbGxvd2Z1bGxzY3JlZW4+PC9pZnJhbWU+', 'PGlmcmFtZSB3aWR0aD0iMTAwJSIgaGVpZ2h0PSI0NjAiIHNyYz0iaHR0cHM6Ly93d3cueW91dHViZS5jb20vZW1iZWQvSDkwM0F1WFdoMUEiIGZyYW1lYm9yZGVyPSIwIiBhbGxvd2Z1bGxzY3JlZW4+PC9pZnJhbWU+', 0),
(393, 95, 0, '2015-02-18 12:31:18', 'original_id', '', 0, '1615', '', 0),
(394, 95, 0, '2015-02-18 12:31:18', 'categories', 'csv_base64', 1, '\"TWFpbiBTbGlkZXI=\",\"Tm90w61jaWFz\"', '', 1),
(395, 95, 0, '2015-02-18 12:31:18', 'category_ids', '', 0, '11,10', '', 0),
(396, 96, 0, '2015-02-18 14:47:26', 'title', 'base64', 1, 'QWxsaWFueiwgS2lhLCBOaXhvbiBlIFZvblppcHBlciBwcmVtZWlhbSBwcm90YWdvbmlzdGFzIGRvcyBtZWxob3JlcyBtb21lbnRvcw==', 'U3BlY2lhbCBhd2FyZHMgaGlnaGxpZ2h0IHRoZSBtb3N0IGVwaWMgbW9tZW50cw==', 1);
INSERT INTO `wp_icl_translate` (`tid`, `job_id`, `content_id`, `timestamp`, `field_type`, `field_format`, `field_translate`, `field_data`, `field_data_translated`, `field_finished`) VALUES
(397, 96, 0, '2015-02-18 14:47:26', 'body', 'base64', 1, '[encoded data, 13104 characters]', '[encoded data, 7332 characters]', 1),
(398, 96, 0, '2015-02-18 14:47:26', 'original_id', '', 0, '1623', '', 1),
(399, 96, 0, '2015-02-18 14:47:26', 'categories', 'csv_base64', 1, '\"Tm90w61jaWFz\"', '', 1),
(400, 96, 0, '2015-02-18 14:47:26', 'category_ids', '', 0, '10', '', 1),
(401, 97, 0, '2015-02-19 11:11:22', 'title', 'base64', 1, 'S29wa2UsIEJvdGVsaG8sIEplcnZpcywgTG9wZXogZSBOb3plcyBzdWJzdGl0dWVtIGF0bGV0YXMgZW0gY29tcGV0acOnw6NvIG5hIEF1c3Ryw6FsaWE=', 'Q29yeSBMb3BleiB0byByZXBsYWNlIEFyaXR6IEFyYW5idXJ1', 1),
(402, 97, 0, '2015-02-19 11:11:22', 'body', 'base64', 1, '[encoded data, 9580 characters]', '[encoded data, 4264 characters]', 1),
(403, 97, 0, '2015-02-19 11:11:22', 'original_id', '', 0, '1630', '', 1),
(404, 97, 0, '2015-02-19 11:11:22', 'categories', 'csv_base64', 1, '\"Tm90w61jaWFz\"', '', 1),
(405, 97, 0, '2015-02-19 11:11:22', 'category_ids', '', 0, '10', '', 1),
(406, 98, 0, '2015-02-19 11:12:23', 'title', 'base64', 1, 'S29wa2UsIEJvdGVsaG8sIEplcnZpcywgTG9wZXogZSBOb3plcyBzdWJzdGl0dWVtIGF0bGV0YXMgZW0gY29tcGV0acOnw6NvIG5hIEF1c3Ryw6FsaWE=', 'Q29yeSBMb3BleiB0byByZXBsYWNlIEFyaXR6IEFyYW5idXJ1', 1),
(407, 98, 0, '2015-02-19 11:12:23', 'body', 'base64', 1, '[encoded data, 9572 characters]', '[encoded data, 4264 characters]', 1),
(408, 98, 0, '2015-02-19 11:12:23', 'original_id', '', 0, '1630', '', 1),
(409, 98, 0, '2015-02-19 11:12:23', 'categories', 'csv_base64', 1, '\"TWFpbiBTbGlkZXI=\",\"Tm90w61jaWFz\"', '', 1),
(410, 98, 0, '2015-02-19 11:12:23', 'category_ids', '', 0, '11,10', '', 1),
(411, 99, 0, '2015-02-19 22:06:18', 'title', 'base64', 1, 'UmVzdWx0YWRvcw==', 'UmVzdWx0cw==', 1);
